This is the mail archive of the
gcc-testresults@gcc.gnu.org
mailing list for the GCC project.
Results for 2.96 20000410 (experimental) testsuite on rs6000-ibm-aix4.2.1.0
- To: gcc-testresults at gcc dot gnu dot org
- Subject: Results for 2.96 20000410 (experimental) testsuite on rs6000-ibm-aix4.2.1.0
- From: "David W. Schuler" <schuld at btv dot ibm dot com>
- Date: Fri, 14 Apr 2000 12:40:47 -0400
Native configuration is rs6000-ibm-aix4.2.1.0
=== libstdc++ tests ===
Running target unix
=== libstdc++ Summary ===
# of expected passes 30
=== gcc tests ===
Running target unix
FAIL: gcc.c-torture/compile/981001-2.c, -O3 -fomit-frame-pointer
FAIL: gcc.c-torture/compile/981001-2.c, -O3 -g
FAIL: gcc.c-torture/execute/20000225-1.c execution, -O2
FAIL: gcc.c-torture/execute/20000225-1.c execution, -O3 -fomit-frame-pointer
FAIL: gcc.c-torture/execute/20000225-1.c execution, -O3 -fomit-frame-pointer -funroll-loops
FAIL: gcc.c-torture/execute/20000225-1.c execution, -O3 -fomit-frame-pointer -funroll-all-loops -finline-functions
FAIL: gcc.c-torture/execute/20000225-1.c execution, -O3 -g
FAIL: gcc.c-torture/execute/20000225-1.c execution, -Os
FAIL: gcc.c-torture/execute/991221-1.c execution, -O1
FAIL: gcc.c-torture/execute/991221-1.c execution, -O2
FAIL: gcc.c-torture/execute/991221-1.c execution, -O3 -fomit-frame-pointer
FAIL: gcc.c-torture/execute/991221-1.c execution, -O3 -g
FAIL: gcc.c-torture/execute/991221-1.c execution, -Os
XPASS: gcc.c-torture/execute/memcheck/blkarg.c execution, -O0
XPASS: gcc.c-torture/execute/memcheck/blkarg.c execution, -O1
XPASS: gcc.c-torture/execute/memcheck/blkarg.c execution, -O2
XPASS: gcc.c-torture/execute/memcheck/blkarg.c execution, -O3 -fomit-frame-pointer
XPASS: gcc.c-torture/execute/memcheck/blkarg.c execution, -O3 -g
XPASS: gcc.c-torture/execute/memcheck/blkarg.c execution, -Os
FAIL: gcc.c-torture/special/eeprof-1.c execution, -O0
FAIL: gcc.c-torture/special/eeprof-1.c execution, -O1
FAIL: gcc.c-torture/special/eeprof-1.c execution, -O2
FAIL: gcc.c-torture/special/eeprof-1.c execution, -O3 -fomit-frame-pointer
FAIL: gcc.c-torture/special/eeprof-1.c execution, -O3 -g
FAIL: gcc.c-torture/special/eeprof-1.c execution, -Os
FAIL: gcc.dg/compare2.c case 10 (test for bogus messages, line 29)
FAIL: gcc.dg/compare2.c case 12 (test for bogus messages, line 33)
FAIL: alias-1.c
FAIL: wkali-1.c
FAIL: gcc.misc-tests/mg.c
=== gcc Summary ===
# of expected passes 9606
# of unexpected failures 24
# of unexpected successes 6
# of expected failures 25
# of unsupported tests 36
/usr/local/x86srvr1/WORKSPACE4/schuld/egcs-aix421/gcc/xgcc version 2.96 20000410 (experimental)
=== g++ tests ===
Running target unix
FAIL: g++.ext/attrib5.C (test for excess errors)
FAIL: g++.jason/thunk2.C (test for excess errors)
FAIL: g++.law/profile1.C (test for excess errors)
FAIL: g++.mike/eh30.C (test for excess errors)
FAIL: g++.mike/p4750.C (test for excess errors)
FAIL: g++.oliva/template7.C caused compiler crash
FAIL: g++.oliva/thunk1.C caused compiler crash
FAIL: g++.other/ptrmem6.C (test for excess errors)
FAIL: g++.pt/crash44.C (test for excess errors)
XPASS: g++.pt/decl2.C ICE - (test for errors, line 8)
FAIL: g++.pt/instantiate4.C (test for excess errors)
FAIL: g++.pt/instantiate6.C (test for excess errors)
FAIL: g++.pt/local6.C (test for excess errors)
FAIL: g++.pt/mi1.C (test for excess errors)
FAIL: g++.pt/repo1.C (test for excess errors)
FAIL: g++.pt/repo2.C (test for excess errors)
FAIL: g++.pt/spec3.C (test for excess errors)
FAIL: g++.pt/static10.C ANSI C++ forbids in-class initialization of non-const static member `x' (test for errors, line 15)
FAIL: g++.pt/static3.C (test for excess errors)
FAIL: g++.pt/static6.C (test for excess errors)
FAIL: g++.pt/virtual1.C (test for excess errors)
FAIL: g++.pt/virtual4.C (test for excess errors)
FAIL: g++.robertl/eb106.C (test for excess errors)
=== g++ Summary ===
# of expected passes 5784
# of unexpected failures 22
# of unexpected successes 1
# of expected failures 96
# of untested testcases 18
/usr/local/x86srvr1/WORKSPACE4/schuld/egcs-aix421/gcc/testsuite/../g++ version 2.96 20000410 (experimental)
=== g77 tests ===
Running target unix
FAIL: g77.f-torture/execute/19990325-0.f compilation, -O0
FAIL: g77.f-torture/execute/19990325-0.f compilation, -O1
FAIL: g77.f-torture/execute/19990325-0.f compilation, -O2
FAIL: g77.f-torture/execute/19990325-0.f compilation, -O2 -fomit-frame-pointer -finline-functions
FAIL: g77.f-torture/execute/19990325-0.f compilation, -Os
FAIL: g77.f-torture/execute/19990325-1.f compilation, -O0
FAIL: g77.f-torture/execute/19990325-1.f compilation, -O1
FAIL: g77.f-torture/execute/19990325-1.f compilation, -O2
FAIL: g77.f-torture/execute/19990325-1.f compilation, -O2 -fomit-frame-pointer -finline-functions
FAIL: g77.f-torture/execute/19990325-1.f compilation, -Os
=== g77 Summary ===
# of expected passes 644
# of unexpected failures 10
# of untested testcases 10
=== objc tests ===
Running target unix
FAIL: objc/execute/bf-1.m compilation, -O
FAIL: objc/execute/bf-10.m compilation, -O
FAIL: objc/execute/bf-11.m compilation, -O
FAIL: objc/execute/bf-12.m compilation, -O
FAIL: objc/execute/bf-13.m compilation, -O
FAIL: objc/execute/bf-14.m compilation, -O
FAIL: objc/execute/bf-15.m compilation, -O
FAIL: objc/execute/bf-16.m compilation, -O
FAIL: objc/execute/bf-17.m compilation, -O
FAIL: objc/execute/bf-18.m compilation, -O
FAIL: objc/execute/bf-19.m compilation, -O
FAIL: objc/execute/bf-2.m compilation, -O
FAIL: objc/execute/bf-3.m compilation, -O
FAIL: objc/execute/bf-4.m compilation, -O
FAIL: objc/execute/bf-5.m compilation, -O
FAIL: objc/execute/bf-6.m compilation, -O
FAIL: objc/execute/bf-7.m compilation, -O
FAIL: objc/execute/bf-8.m compilation, -O
FAIL: objc/execute/bf-9.m compilation, -O
=== objc Summary ===
# of unexpected failures 19
# of untested testcases 19
/usr/local/x86srvr1/WORKSPACE4/schuld/egcs-aix421/gcc/xgcc version 2.96 20000410 (experimental)
Compiler version: 2.96 20000410 (experimental)
Platform: rs6000-ibm-aix4.2.1.0
configure flags: --with-gcc-version-trigger=/usr/local/src/EGCS/egcs-20000410/gcc/version.c --host=rs6000-ibm-aix4.2.1.0 --prefix=/afs/btv.ibm.com/data/n37v/software/gnu-aix42/egcs --norecursion
Counting all warnings,
there are 166 warnings in stage3 of this bootstrap.
Number of warnings per file:
25 ../../egcs/gcc/combine.c
16 ../../egcs/gcc/config/rs6000/rs6000.c
14 ../../../egcs/gcc/f/global.c
10 ../../../egcs/gcc/f/storag.c
9 ../../egcs/gcc/expr.c
8 ../../../egcs/gcc/f/lex.c
8 ../../../egcs/gcc/f/equiv.c
6 ../../egcs/gcc/cse.c
6 ../../../egcs/gcc/f/expr.c
5 ../../egcs/gcc/dwarf2out.c
4 ../../../egcs/gcc/f/ste.c
3 ../../egcs/gcc/reload1.c
3 ../../egcs/gcc/regmove.c
3 ../../egcs/gcc/loop.c
2 str-ot.j
2 str-1t.j
2 insn-emit.c
2 ../../egcs/gcc/varasm.c
2 ../../egcs/gcc/simplify-rtx.c
2 ../../egcs/gcc/regrename.c
2 ../../egcs/gcc/function.c
2 ../../egcs/gcc/fold-const.c
2 ../../egcs/gcc/collect2.c
2 ../../egcs/gcc/calls.c
2 ../../egcs/gcc/alias.c
2 ../../../egcs/gcc/f/symbol.c
2 ../../../egcs/gcc/f/std.c
2 ../../../egcs/gcc/f/com.c
2 ../../../egcs/gcc/f/bad.c
1 str-op.j
1 str-nq.j
1 str-io.j
1 str-fo.j
1 str-2t.j
1 ./parse.y
1 ../../egcs/gcc/xcoffout.c
1 ../../egcs/gcc/gcse.c
1 ../../egcs/gcc/flow.c
1 ../../egcs/gcc/final.c
1 ../../egcs/gcc/expmed.c
1 ../../egcs/gcc/dbxout.c
1 ../../../egcs/gcc/java/jcf-write.c
1 ../../../egcs/gcc/cp/rtti.c
1 ../../../egcs/gcc/cp/cfns.h
1 ../../../egcs/gcc/ch/grant.c
Number of warning types:
61 comparison between signed and unsigned
52 Use of ANSI string concatenation
14 signed and unsigned type in conditional expression
14 long switch expression not converted to int in ANSI C
9 ??? might be used uninitialized in this function
4 ??? format, ??? arg (arg ???)
3 initialization discards qualifiers from pointer target type
2 passing arg ??? of ??? discards qualifiers from pointer target type
2 implicit declaration of function ???
2 assignment discards qualifiers from pointer target type
1 unused parameter ???
1 passing arg ??? of ??? from incompatible pointer type
1 ??? defined but not used