This is the mail archive of the
gcc-testresults@gcc.gnu.org
mailing list for the GCC project.
Results for 2.95.3 19991030 (prerelease) testsuite on hppa1.1-hp-hpux10.20
- To: dave at hiauly1 dot hia dot nrc dot ca, gcc-testresults at gcc dot gnu dot org
- Subject: Results for 2.95.3 19991030 (prerelease) testsuite on hppa1.1-hp-hpux10.20
- From: John David Anglin <dave at hiauly1 dot hia dot nrc dot ca>
- Date: Wed, 5 Apr 2000 13:34:37 -0400 (EDT)
Native configuration is hppa1.1-hp-hpux10.20
=== libio tests ===
Running target unix/-threads
=== libio Summary for unix/-threads ===
# of expected passes 40
Running target unix
=== libio Summary for unix ===
# of expected passes 40
=== libio Summary ===
# of expected passes 80
=== libstdc++ tests ===
Running target unix/-threads
=== libstdc++ Summary for unix/-threads ===
# of expected passes 30
Running target unix
=== libstdc++ Summary for unix ===
# of expected passes 30
=== libstdc++ Summary ===
# of expected passes 60
=== gcc tests ===
Running target unix/-threads
FAIL: gcc.c-torture/execute/980716-1.c execution, -O0
FAIL: gcc.c-torture/execute/strct-stdarg-1.c execution, -O0
FAIL: gcc.c-torture/execute/strct-stdarg-1.c execution, -O1
FAIL: gcc.c-torture/execute/strct-stdarg-1.c execution, -O2
FAIL: gcc.c-torture/execute/strct-stdarg-1.c execution, -O3 -fomit-frame-pointer
FAIL: gcc.c-torture/execute/strct-stdarg-1.c execution, -O3 -fomit-frame-pointer -funroll-loops
FAIL: gcc.c-torture/execute/strct-stdarg-1.c execution, -O3 -fomit-frame-pointer -funroll-all-loops -finline-functions
FAIL: gcc.c-torture/execute/strct-stdarg-1.c execution, -O3 -g
FAIL: gcc.c-torture/execute/strct-stdarg-1.c execution, -Os
FAIL: gcc.c-torture/execute/ieee/fp-cmp-1.c execution, -O0
FAIL: gcc.c-torture/execute/ieee/mzero2.c execution, -O1
FAIL: gcc.c-torture/execute/ieee/mzero2.c execution, -O2
FAIL: gcc.c-torture/execute/ieee/mzero2.c execution, -O3 -fomit-frame-pointer
FAIL: gcc.c-torture/execute/ieee/mzero2.c execution, -O3 -g
FAIL: gcc.c-torture/execute/ieee/mzero2.c execution, -Os
FAIL: gcc.dg/990119-1.c execution test
FAIL: gcc.dg/cast-qual-1.c discarding `const' warning (test for bogus messages, line 11)
FAIL: gcc.dg/cast-qual-1.c discarding `const' warning (test for warnings, line 17)
FAIL: gcc.dg/compare1.c (test for excess errors)
FAIL: gcc.dg/special/alias-1.c (test for excess errors)
FAIL: gcc.dg/special/wkali-1.c (test for excess errors)
=== gcc Summary for unix/-threads ===
# of expected passes 8023
# of unexpected failures 21
# of expected failures 31
# of unresolved testcases 3
# of unsupported tests 24
Running target unix
FAIL: gcc.c-torture/execute/980716-1.c execution, -O0
FAIL: gcc.c-torture/execute/strct-stdarg-1.c execution, -O0
FAIL: gcc.c-torture/execute/strct-stdarg-1.c execution, -O1
FAIL: gcc.c-torture/execute/strct-stdarg-1.c execution, -O2
FAIL: gcc.c-torture/execute/strct-stdarg-1.c execution, -O3 -fomit-frame-pointer
FAIL: gcc.c-torture/execute/strct-stdarg-1.c execution, -O3 -fomit-frame-pointer -funroll-loops
FAIL: gcc.c-torture/execute/strct-stdarg-1.c execution, -O3 -fomit-frame-pointer -funroll-all-loops -finline-functions
FAIL: gcc.c-torture/execute/strct-stdarg-1.c execution, -O3 -g
FAIL: gcc.c-torture/execute/strct-stdarg-1.c execution, -Os
FAIL: gcc.c-torture/execute/ieee/fp-cmp-1.c execution, -O0
FAIL: gcc.c-torture/execute/ieee/mzero2.c execution, -O1
FAIL: gcc.c-torture/execute/ieee/mzero2.c execution, -O2
FAIL: gcc.c-torture/execute/ieee/mzero2.c execution, -O3 -fomit-frame-pointer
FAIL: gcc.c-torture/execute/ieee/mzero2.c execution, -O3 -g
FAIL: gcc.c-torture/execute/ieee/mzero2.c execution, -Os
FAIL: gcc.dg/990119-1.c execution test
FAIL: gcc.dg/cast-qual-1.c discarding `const' warning (test for bogus messages, line 11)
FAIL: gcc.dg/cast-qual-1.c discarding `const' warning (test for warnings, line 17)
FAIL: gcc.dg/compare1.c (test for excess errors)
FAIL: gcc.dg/special/alias-1.c (test for excess errors)
FAIL: gcc.dg/special/wkali-1.c (test for excess errors)
=== gcc Summary for unix ===
# of expected passes 8023
# of unexpected failures 21
# of expected failures 31
# of unresolved testcases 3
# of unsupported tests 24
=== gcc Summary ===
# of expected passes 16046
# of unexpected failures 42
# of expected failures 62
# of unresolved testcases 6
# of unsupported tests 48
/xxx/gnu/gcc-2.95.3/objdir/gcc/xgcc version 2.95.3 19991030 (prerelease)
=== g++ tests ===
Running target unix/-threads
FAIL: g++.brendan/eh1.C Execution test
FAIL: g++.eh/cleanup1.C Execution test
FAIL: g++.eh/flow1.C Execution test
FAIL: g++.eh/new1.C Execution test
FAIL: g++.eh/new2.C Execution test
FAIL: g++.eh/pdel1.C Execution test
FAIL: g++.eh/pdel2.C Execution test
FAIL: g++.eh/ptr1.C Execution test
FAIL: g++.eh/rethrow1.C Execution test
FAIL: g++.eh/rethrow2.C Execution test
FAIL: g++.eh/rethrow3.C Execution test
FAIL: g++.eh/rethrow4.C Execution test
FAIL: g++.eh/rethrow5.C Execution test
FAIL: g++.eh/spec1.C Execution test
FAIL: g++.eh/spec2.C Execution test
FAIL: g++.eh/spec3.C Execution test
FAIL: g++.eh/tmpl1.C Execution test
FAIL: g++.eh/unwind1.C Execution test
FAIL: g++.ext/attrib5.C (test for excess errors)
FAIL: g++.gb/sig01.C (test for excess errors)
FAIL: g++.gb/sig02.C (test for excess errors)
FAIL: g++.gb/sig03.C (test for excess errors)
FAIL: g++.gb/sig04.C (test for excess errors)
FAIL: g++.gb/sig05.C (test for excess errors)
FAIL: g++.gb/sig06.C (test for excess errors)
FAIL: g++.gb/sig07.C (test for excess errors)
FAIL: g++.gb/sig08.C (test for excess errors)
FAIL: g++.gb/sig09.C (test for excess errors)
FAIL: g++.gb/sig10.C (test for excess errors)
FAIL: g++.gb/sig11.C (test for excess errors)
FAIL: g++.gb/sig12.C (test for excess errors)
FAIL: g++.gb/sig13.C (test for excess errors)
FAIL: g++.gb/sig14.C (test for excess errors)
FAIL: g++.gb/sig15.C (test for excess errors)
FAIL: g++.gb/sig16.C (test for excess errors)
FAIL: g++.gb/sig17.C (test for excess errors)
FAIL: g++.gb/sig18.C (test for excess errors)
FAIL: g++.gb/sig19.C (test for excess errors)
FAIL: g++.gb/sig20.C (test for excess errors)
FAIL: g++.gb/sig21.C (test for excess errors)
FAIL: g++.gb/sig22.C (test for excess errors)
FAIL: g++.gb/sig23.C (test for excess errors)
FAIL: g++.gb/sig24.C (test for excess errors)
FAIL: g++.gb/sig25.C (test for excess errors)
FAIL: g++.gb/sig26.C (test for excess errors)
FAIL: g++.gb/sig27.C (test for excess errors)
FAIL: g++.gb/sig28.C (test for excess errors)
FAIL: g++.gb/sig29.C (test for excess errors)
FAIL: g++.gb/sig30.C (test for excess errors)
FAIL: g++.gb/sig31.C (test for excess errors)
FAIL: g++.martin/new1.C Execution test
FAIL: g++.mike/dyncast1.C Execution test
FAIL: g++.mike/dyncast2.C Execution test
FAIL: g++.mike/eh10.C Execution test
FAIL: g++.mike/eh12.C Execution test
FAIL: g++.mike/eh14.C Execution test
FAIL: g++.mike/eh16.C Execution test
FAIL: g++.mike/eh17.C Execution test
FAIL: g++.mike/eh18.C Execution test
FAIL: g++.mike/eh2.C Execution test
FAIL: g++.mike/eh21.C Execution test
FAIL: g++.mike/eh23.C Execution test
FAIL: g++.mike/eh24.C Execution test
FAIL: g++.mike/eh25.C Execution test
FAIL: g++.mike/eh26.C Execution test
FAIL: g++.mike/eh27.C Execution test
FAIL: g++.mike/eh28.C Execution test
FAIL: g++.mike/eh29.C Execution test
FAIL: g++.mike/eh3.C Execution test
FAIL: g++.mike/eh31.C Execution test
XPASS: g++.mike/eh33.C (test for excess errors)
FAIL: g++.mike/eh34.C Execution test
FAIL: g++.mike/eh35.C Execution test
FAIL: g++.mike/eh36.C Execution test
FAIL: g++.mike/eh37.C Execution test
FAIL: g++.mike/eh38.C Execution test
FAIL: g++.mike/eh39.C Execution test
FAIL: g++.mike/eh40.C Execution test
FAIL: g++.mike/eh41.C Execution test
FAIL: g++.mike/eh42.C Execution test
FAIL: g++.mike/eh44.C Execution test
FAIL: g++.mike/eh49.C Execution test
FAIL: g++.mike/eh5.C Execution test
XPASS: g++.mike/eh50.C (test for excess errors)
FAIL: g++.mike/eh51.C Execution test
FAIL: g++.mike/eh55.C Execution test
FAIL: g++.mike/eh6.C Execution test
FAIL: g++.mike/eh8.C Execution test
FAIL: g++.mike/p7912.C Execution test
FAIL: g++.mike/p9706.C Execution test
FAIL: g++.other/array1.C Execution test
FAIL: g++.other/init7.C Execution test
XPASS: g++.pt/instantiate6.C (test for excess errors)
FAIL: g++.pt/static6.C (test for excess errors)
FAIL: g++.robertl/eb131.C candidate (test for errors, line 13)
FAIL: g++.robertl/eb31.C Execution test
FAIL: g++.robertl/eb50.C Execution test
FAIL: g++.robertl/eb66.C Execution test
FAIL: g++.robertl/eb88.C Execution test
=== g++ Summary for unix/-threads ===
# of expected passes 5049
# of unexpected failures 96
# of unexpected successes 3
# of expected failures 82
# of untested testcases 11
Running target unix
FAIL: g++.brendan/eh1.C Execution test
FAIL: g++.eh/cleanup1.C Execution test
FAIL: g++.eh/flow1.C Execution test
FAIL: g++.eh/new1.C Execution test
FAIL: g++.eh/new2.C Execution test
FAIL: g++.eh/pdel1.C Execution test
FAIL: g++.eh/pdel2.C Execution test
FAIL: g++.eh/ptr1.C Execution test
FAIL: g++.eh/rethrow1.C Execution test
FAIL: g++.eh/rethrow2.C Execution test
FAIL: g++.eh/rethrow3.C Execution test
FAIL: g++.eh/rethrow4.C Execution test
FAIL: g++.eh/rethrow5.C Execution test
FAIL: g++.eh/spec1.C Execution test
FAIL: g++.eh/spec2.C Execution test
FAIL: g++.eh/spec3.C Execution test
FAIL: g++.eh/tmpl1.C Execution test
FAIL: g++.eh/unwind1.C Execution test
FAIL: g++.ext/attrib5.C (test for excess errors)
FAIL: g++.gb/sig01.C (test for excess errors)
FAIL: g++.gb/sig02.C (test for excess errors)
FAIL: g++.gb/sig03.C (test for excess errors)
FAIL: g++.gb/sig04.C (test for excess errors)
FAIL: g++.gb/sig05.C (test for excess errors)
FAIL: g++.gb/sig06.C (test for excess errors)
FAIL: g++.gb/sig07.C (test for excess errors)
FAIL: g++.gb/sig08.C (test for excess errors)
FAIL: g++.gb/sig09.C (test for excess errors)
FAIL: g++.gb/sig10.C (test for excess errors)
FAIL: g++.gb/sig11.C (test for excess errors)
FAIL: g++.gb/sig12.C (test for excess errors)
FAIL: g++.gb/sig13.C (test for excess errors)
FAIL: g++.gb/sig14.C (test for excess errors)
FAIL: g++.gb/sig15.C (test for excess errors)
FAIL: g++.gb/sig16.C (test for excess errors)
FAIL: g++.gb/sig17.C (test for excess errors)
FAIL: g++.gb/sig18.C (test for excess errors)
FAIL: g++.gb/sig19.C (test for excess errors)
FAIL: g++.gb/sig20.C (test for excess errors)
FAIL: g++.gb/sig21.C (test for excess errors)
FAIL: g++.gb/sig22.C (test for excess errors)
FAIL: g++.gb/sig23.C (test for excess errors)
FAIL: g++.gb/sig24.C (test for excess errors)
FAIL: g++.gb/sig25.C (test for excess errors)
FAIL: g++.gb/sig26.C (test for excess errors)
FAIL: g++.gb/sig27.C (test for excess errors)
FAIL: g++.gb/sig28.C (test for excess errors)
FAIL: g++.gb/sig29.C (test for excess errors)
FAIL: g++.gb/sig30.C (test for excess errors)
FAIL: g++.gb/sig31.C (test for excess errors)
FAIL: g++.martin/new1.C Execution test
FAIL: g++.mike/dyncast1.C Execution test
FAIL: g++.mike/dyncast2.C Execution test
FAIL: g++.mike/eh10.C Execution test
FAIL: g++.mike/eh12.C Execution test
FAIL: g++.mike/eh14.C Execution test
FAIL: g++.mike/eh16.C Execution test
FAIL: g++.mike/eh17.C Execution test
FAIL: g++.mike/eh18.C Execution test
FAIL: g++.mike/eh2.C Execution test
FAIL: g++.mike/eh21.C Execution test
FAIL: g++.mike/eh23.C Execution test
FAIL: g++.mike/eh24.C Execution test
FAIL: g++.mike/eh25.C Execution test
FAIL: g++.mike/eh26.C Execution test
FAIL: g++.mike/eh27.C Execution test
FAIL: g++.mike/eh28.C Execution test
FAIL: g++.mike/eh29.C Execution test
FAIL: g++.mike/eh3.C Execution test
FAIL: g++.mike/eh31.C Execution test
XPASS: g++.mike/eh33.C (test for excess errors)
FAIL: g++.mike/eh34.C Execution test
FAIL: g++.mike/eh35.C Execution test
FAIL: g++.mike/eh36.C Execution test
FAIL: g++.mike/eh37.C Execution test
FAIL: g++.mike/eh38.C Execution test
FAIL: g++.mike/eh39.C Execution test
FAIL: g++.mike/eh40.C Execution test
FAIL: g++.mike/eh41.C Execution test
FAIL: g++.mike/eh42.C Execution test
FAIL: g++.mike/eh44.C Execution test
FAIL: g++.mike/eh49.C Execution test
FAIL: g++.mike/eh5.C Execution test
XPASS: g++.mike/eh50.C (test for excess errors)
FAIL: g++.mike/eh51.C Execution test
FAIL: g++.mike/eh55.C Execution test
FAIL: g++.mike/eh6.C Execution test
FAIL: g++.mike/eh8.C Execution test
FAIL: g++.mike/p7912.C Execution test
FAIL: g++.mike/p9706.C Execution test
FAIL: g++.other/array1.C Execution test
FAIL: g++.other/init7.C Execution test
XPASS: g++.pt/instantiate6.C (test for excess errors)
FAIL: g++.pt/static6.C (test for excess errors)
FAIL: g++.robertl/eb131.C candidate (test for errors, line 13)
FAIL: g++.robertl/eb31.C Execution test
FAIL: g++.robertl/eb50.C Execution test
FAIL: g++.robertl/eb66.C Execution test
FAIL: g++.robertl/eb88.C Execution test
=== g++ Summary for unix ===
# of expected passes 5049
# of unexpected failures 96
# of unexpected successes 3
# of expected failures 82
# of untested testcases 11
=== g++ Summary ===
# of expected passes 10098
# of unexpected failures 192
# of unexpected successes 6
# of expected failures 164
# of untested testcases 22
/xxx/gnu/gcc-2.95.3/objdir/gcc/testsuite/../xgcc version 2.95.3 19991030 (prerelease)
=== g77 tests ===
Running target unix/-threads
=== g77 Summary for unix/-threads ===
# of expected passes 602
Running target unix
=== g77 Summary for unix ===
# of expected passes 602
=== g77 Summary ===
# of expected passes 1204
=== objc tests ===
Running target unix/-threads
=== objc Summary for unix/-threads ===
# of expected passes 38
Running target unix
=== objc Summary for unix ===
# of expected passes 38
=== objc Summary ===
# of expected passes 76
/xxx/gnu/gcc-2.95.3/objdir/gcc/xgcc version 2.95.3 19991030 (prerelease)
Compiler version: 2.95.3 19991030 (prerelease)
Platform: hppa1.1-hp-hpux10.20
configure flags: --with-gcc-version-trigger=/xxx/gnu/gcc-2.95.3/gcc/version.c --host=hppa1.1-hp-hpux10.20 --with-gnu-as --enable-shared --norecursion
BOOT_CFLAGS="-O3 -W -Wall"
CFLAGS="-O3 -W -Wall"