This is the mail archive of the
gcc-testresults@gcc.gnu.org
mailing list for the GCC project.
Results for 2.96 20000113 (experimental) testsuite on armv4l-unknown-linux-gnu (arm-thumb branch)
- To: GCC Test Results <gcc-testresults at gcc dot gnu dot org>
- Subject: Results for 2.96 20000113 (experimental) testsuite on armv4l-unknown-linux-gnu (arm-thumb branch)
- From: Scott Bambrough <scottb at netwinder dot org>
- Date: Thu, 09 Mar 2000 09:41:25 -0500
- CC: Nick Clifton <nickc at cygnus dot com>, Phil Blundell <pb at futuretv dot com>, Richard Earnshaw <richard dot earnshaw at arm dot com>
- Organization: Rebel.com
Native configuration is armv4l-unknown-linux-gnu
=== libio tests ===
Running target unix
=== libio Summary ===
# of expected passes 40
=== libstdc++ tests ===
Running target unix
FAIL: tlist.cc -O compilation
FAIL: tstring.cc execution
FAIL: tstring.cc -O compilation
=== libstdc++ Summary ===
# of expected passes 22
# of unexpected failures 3
# of expected failures 5
=== gcc tests ===
Running target unix
FAIL: gcc.c-torture/compile/20000105-1.c, -O1
FAIL: gcc.c-torture/compile/920611-2.c, -O3 -g
FAIL: gcc.c-torture/compile/920617-2.c, -O3 -g
FAIL: gcc.c-torture/compile/920809-1.c, -O3 -g
FAIL: gcc.c-torture/compile/930117-1.c, -O3 -g
FAIL: gcc.c-torture/compile/980504-1.c, -O3 -g
FAIL: gcc.c-torture/compile/990203-1.c, -O3 -g
FAIL: gcc.c-torture/compile/991213-3.c, -O0
FAIL: gcc.c-torture/compile/991213-3.c, -O1
FAIL: gcc.c-torture/compile/991213-3.c, -O2
FAIL: gcc.c-torture/compile/991213-3.c, -O3 -fomit-frame-pointer
FAIL: gcc.c-torture/compile/991213-3.c, -O3 -g
FAIL: gcc.c-torture/compile/991213-3.c, -Os
FAIL: gcc.c-torture/compile/991229-3.c, -O3 -fomit-frame-pointer
-funroll-loops
FAIL: gcc.c-torture/compile/991229-3.c, -O3 -fomit-frame-pointer
-funroll-all-loops -finline-functions
FAIL: gcc.c-torture/execute/920501-6.c compilation, -O3 -g
FAIL: gcc.c-torture/execute/921117-1.c compilation, -O3 -g
FAIL: gcc.c-torture/execute/921124-1.c compilation, -O3 -g
FAIL: gcc.c-torture/execute/980608-1.c compilation, -O3 -g
FAIL: gcc.c-torture/execute/980716-1.c compilation, -O3 -g
FAIL: gcc.c-torture/execute/991118-1.c compilation, -O3 -g
FAIL: gcc.c-torture/execute/991202-3.c execution, -O0
FAIL: gcc.c-torture/execute/991202-3.c execution, -O1
FAIL: gcc.c-torture/execute/991202-3.c execution, -O2
FAIL: gcc.c-torture/execute/991202-3.c execution, -O3 -fomit-frame-pointer
FAIL: gcc.c-torture/execute/991202-3.c execution, -O3 -g
FAIL: gcc.c-torture/execute/991202-3.c execution, -Os
FAIL: gcc.c-torture/execute/991216-1.c compilation, -O3 -g
FAIL: gcc.c-torture/execute/991221-1.c execution, -O1
FAIL: gcc.c-torture/execute/991221-1.c execution, -O2
FAIL: gcc.c-torture/execute/991221-1.c execution, -O3 -fomit-frame-pointer
FAIL: gcc.c-torture/execute/991221-1.c execution, -O3 -g
FAIL: gcc.c-torture/execute/991221-1.c execution, -Os
FAIL: gcc.c-torture/execute/bf64-1.c compilation, -O3 -g
FAIL: gcc.c-torture/execute/complex-2.c compilation, -O3 -g
FAIL: gcc.c-torture/execute/va-arg-11.c compilation, -O3 -g
FAIL: gcc.c-torture/execute/ieee/920810-1.c compilation, -O3 -g
FAIL: gcc.c-torture/execute/ieee/mzero2.c compilation, -O3 -g
XPASS: gcc.c-torture/execute/memcheck/blkarg.c execution, -O0
XPASS: gcc.c-torture/execute/memcheck/blkarg.c execution, -O1
XPASS: gcc.c-torture/execute/memcheck/blkarg.c execution, -O2
XPASS: gcc.c-torture/execute/memcheck/blkarg.c execution, -Os
FAIL: gcc.c-torture/unsorted/DFcmp.c, -O3 -g
FAIL: gcc.c-torture/unsorted/HIcmp.c, -O3 -g
FAIL: gcc.c-torture/unsorted/HIset.c, -O3 -g
FAIL: gcc.c-torture/unsorted/QIcmp.c, -O3 -g
FAIL: gcc.c-torture/unsorted/QIset.c, -O3 -g
FAIL: gcc.c-torture/unsorted/SFset.c, -O3 -g
FAIL: gcc.c-torture/unsorted/SIcmp.c, -O3 -g
FAIL: gcc.c-torture/unsorted/SIset.c, -O3 -g
FAIL: gcc.c-torture/unsorted/UHIcmp.c, -O3 -g
FAIL: gcc.c-torture/unsorted/UQIcmp.c, -O3 -g
FAIL: gcc.c-torture/unsorted/USIcmp.c, -O3 -g
FAIL: gcc.c-torture/unsorted/cp.c, -O3 -g
FAIL: gcc.c-torture/unsorted/dbl_parm.c, -O3 -g
FAIL: gcc.c-torture/unsorted/float.c, -O3 -g
FAIL: gcc.c-torture/unsorted/hibug.c, -O3 -g
FAIL: gcc.c-torture/unsorted/opout.c, -O3 -g
FAIL: gcc.c-torture/unsorted/pp.c, -O3 -g
FAIL: gcc.c-torture/unsorted/pret-arg.c, -O3 -g
FAIL: gcc.dg/20000111-1.c (test for excess errors)
=== gcc Summary ===
# of expected passes 8943
# of unexpected failures 57
# of unexpected successes 4
# of expected failures 28
# of unresolved testcases 12
# of unsupported tests 32
/home/scottb/cvstree/gcc-build/gcc/xgcc version 2.96 20000113 (experimental)
=== g++ tests ===
Running target unix
FAIL: g++.eh/fntry1.C Execution test
FAIL: g++.eh/vbase1.C Execution test
FAIL: g++.jason/cast3.C (test for excess errors)
FAIL: g++.law/profile1.C caused compiler crash
FAIL: g++.mike/eh16.C Execution test
FAIL: g++.mike/eh17.C Execution test
FAIL: g++.mike/p6004.C (test for excess errors)
=== g++ Summary ===
# of expected passes 5663
# of unexpected failures 7
# of expected failures 98
# of untested testcases 18
/home/scottb/cvstree/gcc-build/gcc/testsuite/../xgcc version 2.96 20000113
(experimental)
=== g77 tests ===
Running target unix
=== g77 Summary ===
# of expected passes 664
=== objc tests ===
Running target unix
FAIL: objc/execute/bf-1.m compilation, -O
FAIL: objc/execute/bf-10.m compilation, -O
FAIL: objc/execute/bf-11.m compilation, -O
FAIL: objc/execute/bf-12.m compilation, -O
FAIL: objc/execute/bf-13.m compilation, -O
FAIL: objc/execute/bf-14.m compilation, -O
FAIL: objc/execute/bf-15.m compilation, -O
FAIL: objc/execute/bf-16.m compilation, -O
FAIL: objc/execute/bf-17.m compilation, -O
FAIL: objc/execute/bf-18.m compilation, -O
FAIL: objc/execute/bf-19.m compilation, -O
FAIL: objc/execute/bf-2.m compilation, -O
FAIL: objc/execute/bf-3.m compilation, -O
FAIL: objc/execute/bf-4.m compilation, -O
FAIL: objc/execute/bf-5.m compilation, -O
FAIL: objc/execute/bf-6.m compilation, -O
FAIL: objc/execute/bf-7.m compilation, -O
FAIL: objc/execute/bf-8.m compilation, -O
FAIL: objc/execute/bf-9.m compilation, -O
=== objc Summary ===
# of unexpected failures 19
# of untested testcases 19
/home/scottb/cvstree/gcc-build/gcc/xgcc version 2.96 20000113 (experimental)
Compiler version: 2.96 20000113 (experimental)
Platform: armv4l-unknown-linux-gnu
configure flags:
--with-gcc-version-trigger=/home/scottb/cvstree/gcc-armthumb/gcc/version.c
--host=armv4l-unknown-linux-gnu
--prefix=/usr --with-cpu=strongarm --enable-shared --norecursion
--
Scott Bambrough - Software Engineer
REBEL.COM http://www.rebel.com
NetWinder http://www.netwinder.org