This is the mail archive of the
gcc-testresults@gcc.gnu.org
mailing list for the GCC project.
Results for haifa-enabled 2.96 20000306 (experimental) testsuite on mips-sgi-irix6.5
- To: "'gcc-testresults at gcc dot gnu dot org'" <gcc-testresults at gcc dot gnu dot org>
- Subject: Results for haifa-enabled 2.96 20000306 (experimental) testsuite on mips-sgi-irix6.5
- From: "Billinghurst, David (CRTS)" <David dot Billinghurst at riotinto dot com dot au>
- Date: Tue, 7 Mar 2000 09:37:27 -0000
With patch http://gcc.gnu.org/ml/gcc-patches/2000-03/msg00203.html
Chill still will not bootstrap due to ICE in ch/lex.c
http://gcc.gnu.org/ml/gcc-bugs/2000-02/msg00595.html
Native configuration is mips-sgi-irix6.5
=== objc tests ===
Running target unix/-mabi=64
FAIL: objc/execute/bf-10.m execution, -O
FAIL: objc/execute/bf-16.m execution, -O
FAIL: objc/execute/bf-17.m execution, -O
=== objc Summary ===
# of expected passes 35
# of unexpected failures 3
/exd4/billingd/obj/egcs-20000306-parallel/gcc/xgcc version 2.96 20000306
(experimental)
=== gcc tests ===
Running target unix/-mabi=64
FAIL: gcc.c-torture/compile/920928-3.c, -O3 -g
FAIL: gcc.c-torture/compile/990928-1.c, -O3 -g
FAIL: gcc.c-torture/compile/20000105-1.c, -O0
FAIL: gcc.c-torture/compile/20000105-1.c, -O1
FAIL: gcc.c-torture/compile/930503-2.c, -O3 -g
FAIL: gcc.c-torture/compile/950921-1.c, -O3 -g
FAIL: gcc.c-torture/compile/941111-1.c, -O3 -g
FAIL: gcc.c-torture/compile/930530-1.c, -O3 -g
FAIL: gcc.c-torture/compile/920410-1.c, -O3 -g
FAIL: gcc.c-torture/compile/900116-1.c, -O0
FAIL: gcc.c-torture/compile/900116-1.c, -O1
FAIL: gcc.c-torture/compile/900116-1.c, -O2
FAIL: gcc.c-torture/compile/900116-1.c, -O3 -fomit-frame-pointer
FAIL: gcc.c-torture/compile/900116-1.c, -O3 -fomit-frame-pointer
-funroll-loops
FAIL: gcc.c-torture/compile/900116-1.c, -O3 -fomit-frame-pointer
-funroll-all-loops -finline-functions
FAIL: gcc.c-torture/compile/900116-1.c, -O3 -g
FAIL: gcc.c-torture/compile/900116-1.c, -Os
FAIL: gcc.c-torture/compile/991026-1.c, -O3 -g
FAIL: gcc.c-torture/compile/920501-16.c, -O3 -g
FAIL: gcc.c-torture/execute/20000225-1.c execution, -O2
FAIL: gcc.c-torture/execute/20000225-1.c execution, -O3
-fomit-frame-pointer
FAIL: gcc.c-torture/execute/20000225-1.c execution, -O3
-fomit-frame-pointer -funroll-loops
FAIL: gcc.c-torture/execute/20000225-1.c execution, -O3
-fomit-frame-pointer -funroll-all-loops -finline-functions
FAIL: gcc.c-torture/execute/20000225-1.c execution, -O3 -g
FAIL: gcc.c-torture/execute/20000225-1.c execution, -Os
FAIL: gcc.c-torture/execute/921016-1.c compilation, -O3 -g
FAIL: gcc.c-torture/execute/930930-2.c compilation, -O3 -g
FAIL: gcc.c-torture/execute/950607-1.c compilation, -O3 -g
FAIL: gcc.c-torture/execute/980223.c compilation, -O0
FAIL: gcc.c-torture/execute/980223.c compilation, -O1
FAIL: gcc.c-torture/execute/980223.c compilation, -O2
FAIL: gcc.c-torture/execute/980223.c compilation, -O3 -fomit-frame-pointer
FAIL: gcc.c-torture/execute/980223.c compilation, -O3 -g
FAIL: gcc.c-torture/execute/980223.c compilation, -Os
FAIL: gcc.c-torture/execute/980506-2.c compilation, -O3 -g
FAIL: gcc.c-torture/execute/990531-1.c compilation, -O3 -g
FAIL: gcc.c-torture/execute/991014-1.c compilation, -O0
FAIL: gcc.c-torture/execute/991014-1.c compilation, -O1
FAIL: gcc.c-torture/execute/991014-1.c compilation, -O2
FAIL: gcc.c-torture/execute/991014-1.c compilation, -O3
-fomit-frame-pointer
FAIL: gcc.c-torture/execute/991014-1.c compilation, -O3 -g
FAIL: gcc.c-torture/execute/991014-1.c compilation, -Os
FAIL: gcc.c-torture/execute/991202-3.c execution, -O0
FAIL: gcc.c-torture/execute/991202-3.c execution, -O1
FAIL: gcc.c-torture/execute/991202-3.c execution, -O2
FAIL: gcc.c-torture/execute/991202-3.c execution, -O3 -fomit-frame-pointer
FAIL: gcc.c-torture/execute/991202-3.c execution, -O3 -g
FAIL: gcc.c-torture/execute/991202-3.c execution, -Os
FAIL: gcc.c-torture/execute/991228-1.c compilation, -O3 -g
FAIL: gcc.c-torture/execute/bf-sign-1.c compilation, -O3 -g
FAIL: gcc.c-torture/execute/ieee/930529-1.c compilation, -O3 -g
FAIL: gcc.c-torture/execute/ieee/fp-cmp-4.c compilation, -O0
FAIL: gcc.c-torture/execute/ieee/fp-cmp-4.c compilation, -O1
FAIL: gcc.c-torture/execute/ieee/fp-cmp-4.c compilation, -O2
FAIL: gcc.c-torture/execute/ieee/fp-cmp-4.c compilation, -O3
-fomit-frame-pointer
FAIL: gcc.c-torture/execute/ieee/fp-cmp-4.c compilation, -O3
-fomit-frame-pointer -funroll-loops
FAIL: gcc.c-torture/execute/ieee/fp-cmp-4.c compilation, -O3
-fomit-frame-pointer -funroll-all-loops -finline-functions
FAIL: gcc.c-torture/execute/ieee/fp-cmp-4.c compilation, -O3 -g
FAIL: gcc.c-torture/execute/ieee/fp-cmp-4.c compilation, -Os
FAIL: gcc.c-torture/execute/ieee/minuszero.c compilation, -O3 -g
XPASS: gcc.c-torture/execute/memcheck/blkarg.c execution, -O0
XPASS: gcc.c-torture/execute/memcheck/blkarg.c execution, -O1
XPASS: gcc.c-torture/execute/memcheck/blkarg.c execution, -O2
XPASS: gcc.c-torture/execute/memcheck/blkarg.c execution, -Os
FAIL: gcc.c-torture/noncompile/931203-1.c
FAIL: gcc.c-torture/noncompile/931203-1.c
FAIL: gcc.c-torture/noncompile/931203-1.c
FAIL: gcc.c-torture/noncompile/931203-1.c
FAIL: gcc.c-torture/noncompile/931203-1.c
FAIL: gcc.c-torture/noncompile/931203-1.c
FAIL: gcc.c-torture/noncompile/931203-1.c
FAIL: gcc.c-torture/noncompile/931203-1.c
FAIL: gcc.c-torture/noncompile/940510-1.c
FAIL: gcc.c-torture/noncompile/940510-1.c
FAIL: gcc.c-torture/noncompile/940510-1.c
FAIL: gcc.c-torture/noncompile/940510-1.c
FAIL: gcc.c-torture/noncompile/940510-1.c
FAIL: gcc.c-torture/noncompile/940510-1.c
FAIL: gcc.c-torture/noncompile/940510-1.c
FAIL: gcc.c-torture/noncompile/940510-1.c
FAIL: gcc.dg/struct-ret-2.c (test for excess errors)
FAIL: alias-1.c
FAIL: wkali-1.c
FAIL: wkali-2b.o
=== gcc Summary ===
# of expected passes 9175
# of unexpected failures 80
# of unexpected successes 4
# of expected failures 27
# of unresolved testcases 29
# of unsupported tests 33
/exd4/billingd/obj/egcs-20000306-parallel/gcc/xgcc version 2.96 20000306
(experimental)
=== g77 tests ===
Running target unix/-mabi=64
FAIL: g77.f-torture/compile/980419-2.f, -O0
FAIL: g77.f-torture/compile/980419-2.f, -O1
FAIL: g77.f-torture/compile/980419-2.f, -O2
FAIL: g77.f-torture/compile/980419-2.f, -O2 -fomit-frame-pointer
-finline-functions
FAIL: g77.f-torture/compile/980419-2.f, -O2 -fomit-frame-pointer
-finline-functions -funroll-loops
FAIL: g77.f-torture/compile/980419-2.f, -O2 -fomit-frame-pointer
-finline-functions -funroll-all-loops
FAIL: g77.f-torture/compile/980419-2.f, -Os
FAIL: g77.f-torture/execute/19990325-0.f compilation, -O0
FAIL: g77.f-torture/execute/19990325-0.f compilation, -O1
FAIL: g77.f-torture/execute/19990325-0.f compilation, -O2
FAIL: g77.f-torture/execute/19990325-0.f compilation, -O2
-fomit-frame-pointer -finline-functions
FAIL: g77.f-torture/execute/19990325-0.f compilation, -Os
FAIL: g77.f-torture/execute/19990325-1.f compilation, -O0
FAIL: g77.f-torture/execute/19990325-1.f compilation, -O1
FAIL: g77.f-torture/execute/19990325-1.f compilation, -O2
FAIL: g77.f-torture/execute/19990325-1.f compilation, -O2
-fomit-frame-pointer -finline-functions
FAIL: g77.f-torture/execute/19990325-1.f compilation, -Os
FAIL: g77.f-torture/execute/970816-3.f execution, -O0
FAIL: g77.f-torture/execute/970816-3.f execution, -O1
FAIL: g77.f-torture/execute/970816-3.f execution, -O2
FAIL: g77.f-torture/execute/970816-3.f execution, -O2 -fomit-frame-pointer
-finline-functions
FAIL: g77.f-torture/execute/970816-3.f execution, -Os
FAIL: g77.f-torture/execute/971102-1.f execution, -O0
FAIL: g77.f-torture/execute/971102-1.f execution, -O1
FAIL: g77.f-torture/execute/971102-1.f execution, -O2
FAIL: g77.f-torture/execute/971102-1.f execution, -O2 -fomit-frame-pointer
-finline-functions
FAIL: g77.f-torture/execute/971102-1.f execution, -O2 -fomit-frame-pointer
-finline-functions -funroll-loops
FAIL: g77.f-torture/execute/971102-1.f execution, -O2 -fomit-frame-pointer
-finline-functions -funroll-all-loops
FAIL: g77.f-torture/execute/971102-1.f execution, -Os
FAIL: g77.f-torture/execute/io0.f execution, -O0
FAIL: g77.f-torture/execute/io0.f execution, -O1
FAIL: g77.f-torture/execute/io0.f execution, -O2
FAIL: g77.f-torture/execute/io0.f execution, -O2 -fomit-frame-pointer
-finline-functions
FAIL: g77.f-torture/execute/io0.f execution, -Os
FAIL: g77.f-torture/execute/io1.f compilation, -O0
FAIL: g77.f-torture/execute/io1.f execution, -O1
FAIL: g77.f-torture/execute/io1.f execution, -O2
FAIL: g77.f-torture/execute/io1.f execution, -O2 -fomit-frame-pointer
-finline-functions
FAIL: g77.f-torture/execute/io1.f execution, -Os
FAIL: g77.f-torture/execute/u77-test.f compilation, -O0
FAIL: g77.f-torture/execute/u77-test.f compilation, -O1
FAIL: g77.f-torture/execute/u77-test.f compilation, -O2
FAIL: g77.f-torture/execute/u77-test.f compilation, -O2
-fomit-frame-pointer -finline-functions
FAIL: g77.f-torture/execute/u77-test.f compilation, -O2
-fomit-frame-pointer -finline-functions -funroll-loops
FAIL: g77.f-torture/execute/u77-test.f compilation, -O2
-fomit-frame-pointer -finline-functions -funroll-all-loops
FAIL: g77.f-torture/execute/u77-test.f compilation, -Os
=== g77 Summary ===
# of expected passes 600
# of unexpected failures 46
# of untested testcases 18
=== g++ tests ===
Running target unix/-mabi=64
FAIL: g++.dg/special/conpr-1.C execution test
FAIL: g++.dg/special/conpr-2.C execution test
FAIL: g++.dg/special/conpr-3.C execution test
FAIL: g++.dg/special/conpr-3.C execution test
FAIL: g++.ext/initp1.C Execution test
FAIL: g++.jason/thunk1.C caused compiler crash
FAIL: g++.jason/thunk2.C caused compiler crash
FAIL: g++.mike/net20.C caused compiler crash
FAIL: g++.oliva/template7.C caused compiler crash
=== g++ Summary ===
# of expected passes 5763
# of unexpected failures 9
# of expected failures 93
# of untested testcases 18
/exd4/billingd/obj/egcs-20000306-parallel/gcc/testsuite/../g++ version 2.96
20000306 (experimental)
=== libstdc++ tests ===
Running target unix/-mabi=64
=== libstdc++ Summary ===
# of expected passes 30
=== libio tests ===
Running target unix/-mabi=64
=== libio Summary ===
# of expected passes 40
Compiler version: haifa-enabled 2.96 20000306 (experimental)
Platform: mips-sgi-irix6.5
configure flags:
--with-gcc-version-trigger=/exd4/billingd/src/egcs-20000306/gcc/version.c
--host=mips-sgi-irix6.5 --enable-shared --enable-haifa --enable-pthreads
--prefix=/exd4/billingd/tmp/egcs-20000306 --norecursion