This is the mail archive of the
gcc-testresults@gcc.gnu.org
mailing list for the GCC project.
Results for 2.96 20000303 (experimental) testsuite on alphaev6-unknown-linux-gnu
- To: gcc-testresults at gcc dot gnu dot org
- Subject: Results for 2.96 20000303 (experimental) testsuite on alphaev6-unknown-linux-gnu
- From: Brad Lucier <lucier at popov dot math dot purdue dot edu>
- Date: Sat, 4 Mar 2000 11:24:42 -0500
Native configuration is alphaev6-unknown-linux-gnu
=== libio tests ===
Running target unix
=== libio Summary ===
# of expected passes 40
=== libstdc++ tests ===
Running target unix
=== libstdc++ Summary ===
# of expected passes 30
=== gcc tests ===
Running target unix
FAIL: gcc.c-torture/compile/20000105-1.c, -O0
FAIL: gcc.c-torture/compile/20000105-1.c, -O1
FAIL: gcc.c-torture/execute/20000224-1.c execution, -O0
FAIL: gcc.c-torture/execute/20000224-1.c execution, -O1
FAIL: gcc.c-torture/execute/20000224-1.c execution, -O2
FAIL: gcc.c-torture/execute/20000224-1.c execution, -O3 -fomit-frame-pointer
FAIL: gcc.c-torture/execute/20000224-1.c execution, -O3 -fomit-frame-pointer -funroll-loops
FAIL: gcc.c-torture/execute/20000224-1.c execution, -O3 -fomit-frame-pointer -funroll-all-loops -finline-functions
FAIL: gcc.c-torture/execute/20000224-1.c execution, -O3 -g
FAIL: gcc.c-torture/execute/20000224-1.c execution, -Os
FAIL: gcc.c-torture/execute/930529-1.c execution, -O3 -fomit-frame-pointer
FAIL: gcc.c-torture/execute/930529-1.c execution, -O3 -fomit-frame-pointer -funroll-loops
FAIL: gcc.c-torture/execute/930529-1.c execution, -O3 -fomit-frame-pointer -funroll-all-loops -finline-functions
FAIL: gcc.c-torture/execute/930529-1.c execution, -O3 -g
FAIL: gcc.c-torture/execute/991202-3.c execution, -O0
FAIL: gcc.c-torture/execute/991202-3.c execution, -O1
FAIL: gcc.c-torture/execute/991202-3.c execution, -O2
FAIL: gcc.c-torture/execute/991202-3.c execution, -O3 -fomit-frame-pointer
FAIL: gcc.c-torture/execute/991202-3.c execution, -O3 -g
FAIL: gcc.c-torture/execute/991202-3.c execution, -Os
FAIL: gcc.c-torture/execute/ieee/rbug.c execution, -O0
FAIL: gcc.c-torture/execute/ieee/rbug.c execution, -O1
FAIL: gcc.c-torture/execute/ieee/rbug.c execution, -O2
FAIL: gcc.c-torture/execute/ieee/rbug.c execution, -O3 -fomit-frame-pointer
FAIL: gcc.c-torture/execute/ieee/rbug.c execution, -O3 -g
FAIL: gcc.c-torture/execute/ieee/rbug.c execution, -Os
XPASS: gcc.c-torture/execute/memcheck/blkarg.c execution, -O0
XPASS: gcc.c-torture/execute/memcheck/blkarg.c execution, -O1
XPASS: gcc.c-torture/execute/memcheck/blkarg.c execution, -O2
XPASS: gcc.c-torture/execute/memcheck/blkarg.c execution, -Os
FAIL: gcc.c-torture/noncompile/940510-1.c
FAIL: gcc.c-torture/noncompile/940510-1.c
FAIL: gcc.c-torture/noncompile/940510-1.c
FAIL: gcc.c-torture/noncompile/940510-1.c
FAIL: gcc.c-torture/noncompile/940510-1.c
FAIL: gcc.c-torture/noncompile/940510-1.c
FAIL: gcc.c-torture/noncompile/940510-1.c
FAIL: gcc.c-torture/noncompile/940510-1.c
=== gcc Summary ===
# of expected passes 9255
# of unexpected failures 34
# of unexpected successes 4
# of expected failures 27
# of unsupported tests 31
/export/u11/lucier/programs/egcs/objdir/gcc/xgcc version 2.96 20000303 (experimental)
=== g++ tests ===
Running target unix
FAIL: g++.pt/memtemp89.C caused compiler crash
=== g++ Summary ===
# of expected passes 5730
# of unexpected failures 1
# of expected failures 91
# of untested testcases 18
/export/u11/lucier/programs/egcs/objdir/gcc/testsuite/../g++ version 2.96 20000303 (experimental)
=== g77 tests ===
Running target unix
FAIL: g77.f-torture/execute/19981119-0.f compilation, -O0
FAIL: g77.f-torture/execute/19990325-0.f compilation, -O0
FAIL: g77.f-torture/execute/19990325-0.f compilation, -O1
FAIL: g77.f-torture/execute/19990325-0.f compilation, -O2
FAIL: g77.f-torture/execute/19990325-0.f compilation, -O2 -fomit-frame-pointer -finline-functions
FAIL: g77.f-torture/execute/19990325-0.f compilation, -Os
FAIL: g77.f-torture/execute/19990325-1.f compilation, -O0
FAIL: g77.f-torture/execute/19990325-1.f compilation, -O1
FAIL: g77.f-torture/execute/19990325-1.f compilation, -O2
FAIL: g77.f-torture/execute/19990325-1.f compilation, -O2 -fomit-frame-pointer -finline-functions
FAIL: g77.f-torture/execute/19990325-1.f compilation, -Os
=== g77 Summary ===
# of expected passes 642
# of unexpected failures 11
# of untested testcases 11
=== objc tests ===
Running target unix
FAIL: objc/execute/bf-10.m execution, -O
FAIL: objc/execute/bf-16.m execution, -O
FAIL: objc/execute/bf-17.m execution, -O
=== objc Summary ===
# of expected passes 35
# of unexpected failures 3
/export/u11/lucier/programs/egcs/objdir/gcc/xgcc version 2.96 20000303 (experimental)
Compiler version: 2.96 20000303 (experimental)
Platform: alphaev6-unknown-linux-gnu
configure flags: --with-gcc-version-trigger=/export/u11/lucier/programs/egcs/gcc/version.c --host=alphaev6-unknown-linux-gnu --prefix=/export/u10/egcs-test --norecursion
Counting all warnings,
there are 72 warnings in stage3 of this bootstrap.
Number of warnings per file:
14 ../../../gcc/f/global.c
10 ../../../gcc/f/storag.c
8 ../../../gcc/f/lex.c
8 ../../../gcc/f/equiv.c
6 ../../../gcc/f/expr.c
4 ../../../gcc/f/ste.c
2 str-ot.j
2 str-1t.j
2 ../../../gcc/f/symbol.c
2 ../../../gcc/f/std.c
2 ../../../gcc/f/com.c
2 ../../../gcc/f/bad.c
1 str-op.j
1 str-nq.j
1 str-io.j
1 str-fo.j
1 str-2t.j
1 ../../gcc/gcc.c
1 ../../gcc/fold-const.c
1 ../../gcc/final.c
1 ../../../gcc/java/decl.c
1 ../../../gcc/cp/typeck.c
Number of warning types:
53 Use of ANSI string concatenation
14 `long' switch expression not converted to `int' in ANSI C
1 unused parameter `???'
1 signed and unsigned type in conditional expression
1 implicit declaration of function `???'
1 comparison between signed and unsigned
1 `???' might be used uninitialized in this function