This is the mail archive of the
gcc-testresults@gcc.gnu.org
mailing list for the GCC project.
Results for 2.96 20000221 testsuite on mips-sgi-irix6.5
- To: gcc-testresults at gcc dot gnu dot org
- Subject: Results for 2.96 20000221 testsuite on mips-sgi-irix6.5
- From: N8TM at aol dot com
- Date: Tue, 22 Feb 2000 17:00:17 EST
This is my last run on the O2000, as I'm now looking for employment.
Tim Prince tprince@computer.org
Native configuration is mips-sgi-irix6.5
=== objc tests ===
Running target unix
=== objc Summary ===
# of expected passes 38
/wrk1/aerotherm/dawes/src/gnu/egcs-20000117/i6/gcc/xgcc version 2.96 20000221 (experimental)
=== gcc tests ===
Running target unix
FAIL: gcc.c-torture/compile/991229-3.c, -O3 -fomit-frame-pointer -funroll-loops
FAIL: gcc.c-torture/compile/991229-3.c, -O3 -fomit-frame-pointer -funroll-all-loops -finline-functions
FAIL: gcc.c-torture/compile/931018-1.c, -O3 -g
FAIL: gcc.c-torture/compile/920928-3.c, -O3 -g
FAIL: gcc.c-torture/compile/990928-1.c, -O3 -g
FAIL: gcc.c-torture/compile/20000105-1.c, -O0
FAIL: gcc.c-torture/compile/20000105-1.c, -O1
FAIL: gcc.c-torture/compile/930503-2.c, -O3 -g
FAIL: gcc.c-torture/compile/950921-1.c, -O3 -g
FAIL: gcc.c-torture/compile/941111-1.c, -O3 -g
FAIL: gcc.c-torture/compile/930611-1.c, -O3 -g
FAIL: gcc.c-torture/compile/930530-1.c, -O3 -g
FAIL: gcc.c-torture/compile/920410-1.c, -O3 -g
FAIL: gcc.c-torture/compile/900116-1.c, -O0
FAIL: gcc.c-torture/compile/900116-1.c, -O1
FAIL: gcc.c-torture/compile/900116-1.c, -O2
FAIL: gcc.c-torture/compile/900116-1.c, -O3 -fomit-frame-pointer
FAIL: gcc.c-torture/compile/900116-1.c, -O3 -fomit-frame-pointer -funroll-loops
FAIL: gcc.c-torture/compile/900116-1.c, -O3 -fomit-frame-pointer -funroll-all-loops -finline-functions
FAIL: gcc.c-torture/compile/900116-1.c, -O3 -g
FAIL: gcc.c-torture/compile/900116-1.c, -Os
FAIL: gcc.c-torture/compile/991026-1.c, -O3 -g
FAIL: gcc.c-torture/execute/921016-1.c compilation, -O3 -g
FAIL: gcc.c-torture/execute/930930-2.c compilation, -O3 -g
FAIL: gcc.c-torture/execute/950607-1.c compilation, -O3 -g
FAIL: gcc.c-torture/execute/980223.c compilation, -O0
FAIL: gcc.c-torture/execute/980223.c compilation, -O1
FAIL: gcc.c-torture/execute/980223.c compilation, -O2
FAIL: gcc.c-torture/execute/980223.c compilation, -O3 -fomit-frame-pointer
FAIL: gcc.c-torture/execute/980223.c compilation, -O3 -g
FAIL: gcc.c-torture/execute/980223.c compilation, -Os
FAIL: gcc.c-torture/execute/990531-1.c compilation, -O3 -g
FAIL: gcc.c-torture/execute/991202-3.c execution, -O0
FAIL: gcc.c-torture/execute/991202-3.c execution, -O1
FAIL: gcc.c-torture/execute/991202-3.c execution, -O2
FAIL: gcc.c-torture/execute/991202-3.c execution, -O3 -fomit-frame-pointer
FAIL: gcc.c-torture/execute/991202-3.c execution, -O3 -g
FAIL: gcc.c-torture/execute/991202-3.c execution, -Os
FAIL: gcc.c-torture/execute/991221-1.c execution, -O1
FAIL: gcc.c-torture/execute/991221-1.c execution, -O2
FAIL: gcc.c-torture/execute/991221-1.c execution, -O3 -fomit-frame-pointer
FAIL: gcc.c-torture/execute/991221-1.c execution, -O3 -g
FAIL: gcc.c-torture/execute/991221-1.c execution, -Os
FAIL: gcc.c-torture/execute/991228-1.c compilation, -O3 -g
FAIL: gcc.c-torture/execute/bf-sign-1.c compilation, -O3 -g
FAIL: gcc.c-torture/execute/ieee/930529-1.c compilation, -O3 -g
FAIL: gcc.c-torture/execute/ieee/fp-cmp-4.c compilation, -O0
FAIL: gcc.c-torture/execute/ieee/fp-cmp-4.c compilation, -O1
FAIL: gcc.c-torture/execute/ieee/fp-cmp-4.c compilation, -O2
FAIL: gcc.c-torture/execute/ieee/fp-cmp-4.c compilation, -O3 -fomit-frame-pointer
FAIL: gcc.c-torture/execute/ieee/fp-cmp-4.c compilation, -O3 -fomit-frame-pointer -funroll-loops
FAIL: gcc.c-torture/execute/ieee/fp-cmp-4.c compilation, -O3 -fomit-frame-pointer -funroll-all-loops -finline-functions
FAIL: gcc.c-torture/execute/ieee/fp-cmp-4.c compilation, -O3 -g
FAIL: gcc.c-torture/execute/ieee/fp-cmp-4.c compilation, -Os
FAIL: gcc.c-torture/execute/ieee/minuszero.c compilation, -O3 -g
XPASS: gcc.c-torture/execute/memcheck/blkarg.c execution, -O0
XPASS: gcc.c-torture/execute/memcheck/blkarg.c execution, -O1
XPASS: gcc.c-torture/execute/memcheck/blkarg.c execution, -O2
XPASS: gcc.c-torture/execute/memcheck/blkarg.c execution, -Os
FAIL: gcc.c-torture/noncompile/931203-1.c
FAIL: gcc.c-torture/noncompile/931203-1.c
FAIL: gcc.c-torture/noncompile/931203-1.c
FAIL: gcc.c-torture/noncompile/931203-1.c
FAIL: gcc.c-torture/noncompile/931203-1.c
FAIL: gcc.c-torture/noncompile/931203-1.c
FAIL: gcc.c-torture/noncompile/931203-1.c
FAIL: gcc.c-torture/noncompile/931203-1.c
FAIL: gcc.dg/struct-ret-2.c (test for excess errors)
FAIL: alias-1.c
FAIL: wkali-1.c
FAIL: wkali-2b.o
=== gcc Summary ===
# of expected passes 9076
# of unexpected failures 67
# of unexpected successes 4
# of expected failures 27
# of unresolved testcases 22
# of unsupported tests 33
/wrk1/aerotherm/dawes/src/gnu/egcs-20000117/i6/gcc/xgcc version 2.96 20000221 (experimental)
=== g77 tests ===
Running target unix
=== g77 Summary ===
# of expected passes 664
=== g++ tests ===
Running target unix
FAIL: g++.dg/special/conpr-1.C execution test
FAIL: g++.dg/special/conpr-2.C execution test
FAIL: g++.dg/special/conpr-3.C execution test
FAIL: g++.dg/special/conpr-3.C execution test
FAIL: g++.ext/initp1.C Execution test
FAIL: g++.jason/thunk1.C caused compiler crash
FAIL: g++.jason/thunk2.C caused compiler crash
FAIL: g++.mike/net20.C caused compiler crash
FAIL: g++.oliva/template7.C caused compiler crash
FAIL: g++.pt/memtemp89.C (test for excess errors)
=== g++ Summary ===
# of expected passes 5691
# of unexpected failures 10
# of expected failures 97
# of untested testcases 18
/wrk1/aerotherm/dawes/src/gnu/egcs-20000117/i6/gcc/testsuite/../g++ version 2.96 20000221 (experimental)
=== libstdc++ tests ===
Running target unix
=== libstdc++ Summary ===
# of expected passes 30
=== libio tests ===
Running target unix
=== libio Summary ===
# of expected passes 40
Compiler version: 2.96 20000221 (experimental)
Platform: mips-sgi-irix6.5
configure flags: --with-gcc-version-trigger=/wrk1/aerotherm/dawes/src/gnu/egcs-20000117/gcc/version.c --host=mips-sgi-irix6.5 --prefix=/wrk1/aerotherm/dawes/src/gnu/803 --norecursion
EOF
Mail -s "Results for 2.96 20000221 (experimental) testsuite on mips-sgi-irix6.5" gcc-testresults@gcc.gnu.org &&