This is the mail archive of the
gcc-testresults@gcc.gnu.org
mailing list for the GCC project.
Results for 2.96 20000214 (experimental) testsuite on alphaev56-dec-osf4.0d
- To: gcc-testresults at gcc dot gnu dot org
- Subject: Results for 2.96 20000214 (experimental) testsuite on alphaev56-dec-osf4.0d
- From: Alexandre Oliva <oliva at lsd dot ic dot unicamp dot br>
- Date: Tue, 15 Feb 2000 14:17:52 -0200
Native configuration is alphaev56-dec-osf4.0d
=== g++ tests ===
Running target unix
FAIL: g++.ext/attrib5.C (test for excess errors)
FAIL: g++.jason/thunk2.C (test for excess errors)
FAIL: g++.oliva/template7.C caused compiler crash
FAIL: g++.oliva/thunk1.C (test for excess errors)
FAIL: g++.other/syntax1.C (test for excess errors)
FAIL: g++.other/syntax2.C (test for excess errors)
FAIL: g++.pt/static3.C (test for excess errors)
FAIL: g++.pt/static6.C (test for excess errors)
=== g++ Summary ===
# of expected passes 5692
# of unexpected failures 8
# of expected failures 96
# of untested testcases 18
/usr/local/tmp/egcs/gcc/testsuite/../g++ version 2.96 20000214 (experimental)
=== g77 tests ===
Running target unix
=== g77 Summary ===
# of expected passes 664
=== gcc tests ===
Running target unix
FAIL: gcc.c-torture/compile/20000105-1.c, -O0
FAIL: gcc.c-torture/compile/20000105-1.c, -O1
FAIL: gcc.c-torture/execute/930529-1.c execution, -O3 -fomit-frame-pointer
FAIL: gcc.c-torture/execute/930529-1.c execution, -O3 -fomit-frame-pointer -funroll-loops
FAIL: gcc.c-torture/execute/930529-1.c execution, -O3 -fomit-frame-pointer -funroll-all-loops -finline-functions
FAIL: gcc.c-torture/execute/930529-1.c execution, -O3 -g
FAIL: gcc.c-torture/execute/991202-3.c execution, -O0
FAIL: gcc.c-torture/execute/991202-3.c execution, -O1
FAIL: gcc.c-torture/execute/991202-3.c execution, -O2
FAIL: gcc.c-torture/execute/991202-3.c execution, -O3 -fomit-frame-pointer
FAIL: gcc.c-torture/execute/991202-3.c execution, -O3 -g
FAIL: gcc.c-torture/execute/991202-3.c execution, -Os
FAIL: gcc.c-torture/execute/ieee/fp-cmp-2.c execution, -O0
FAIL: gcc.c-torture/execute/ieee/fp-cmp-2.c execution, -O1
FAIL: gcc.c-torture/execute/ieee/fp-cmp-2.c execution, -O2
FAIL: gcc.c-torture/execute/ieee/fp-cmp-2.c execution, -O3 -fomit-frame-pointer
FAIL: gcc.c-torture/execute/ieee/fp-cmp-2.c execution, -O3 -fomit-frame-pointer -funroll-loops
FAIL: gcc.c-torture/execute/ieee/fp-cmp-2.c execution, -O3 -fomit-frame-pointer -funroll-all-loops -finline-functions
FAIL: gcc.c-torture/execute/ieee/fp-cmp-2.c execution, -O3 -g
FAIL: gcc.c-torture/execute/ieee/fp-cmp-2.c execution, -Os
FAIL: gcc.c-torture/execute/ieee/fp-cmp-4.c execution, -O0
FAIL: gcc.c-torture/execute/ieee/fp-cmp-4.c execution, -O1
FAIL: gcc.c-torture/execute/ieee/fp-cmp-4.c execution, -O2
FAIL: gcc.c-torture/execute/ieee/fp-cmp-4.c execution, -O3 -fomit-frame-pointer
FAIL: gcc.c-torture/execute/ieee/fp-cmp-4.c execution, -O3 -fomit-frame-pointer -funroll-loops
FAIL: gcc.c-torture/execute/ieee/fp-cmp-4.c execution, -O3 -fomit-frame-pointer -funroll-all-loops -finline-functions
FAIL: gcc.c-torture/execute/ieee/fp-cmp-4.c execution, -O3 -g
FAIL: gcc.c-torture/execute/ieee/fp-cmp-4.c execution, -Os
FAIL: gcc.c-torture/execute/ieee/mzero2.c execution, -O0
FAIL: gcc.c-torture/execute/ieee/mzero2.c execution, -O1
FAIL: gcc.c-torture/execute/ieee/mzero2.c execution, -O2
FAIL: gcc.c-torture/execute/ieee/mzero2.c execution, -O3 -fomit-frame-pointer
FAIL: gcc.c-torture/execute/ieee/mzero2.c execution, -O3 -g
FAIL: gcc.c-torture/execute/ieee/mzero2.c execution, -Os
XPASS: gcc.c-torture/execute/memcheck/blkarg.c execution, -O0
XPASS: gcc.c-torture/execute/memcheck/blkarg.c execution, -O1
XPASS: gcc.c-torture/execute/memcheck/blkarg.c execution, -O2
XPASS: gcc.c-torture/execute/memcheck/blkarg.c execution, -Os
FAIL: gcc.dg/special/weak-1.c (test for excess errors)
FAIL: gcc.dg/special/weak-2.c (test for excess errors)
FAIL: wkali-2a.o
=== gcc Summary ===
# of expected passes 9108
# of unexpected failures 37
# of unexpected successes 4
# of expected failures 27
# of unsupported tests 34
/usr/local/tmp/egcs/gcc/xgcc version 2.96 20000214 (experimental)
=== libg++ tests ===
Running target unix
=== libg++ Summary ===
# of expected passes 72
=== libio tests ===
Running target unix
=== libio Summary ===
# of expected passes 40
=== libstdc++ tests ===
Running target unix
=== libstdc++ Summary ===
# of expected passes 30
=== objc tests ===
Running target unix
FAIL: objc/execute/bf-10.m execution, -O
FAIL: objc/execute/bf-16.m execution, -O
FAIL: objc/execute/bf-17.m execution, -O
=== objc Summary ===
# of expected passes 35
# of unexpected failures 3
/usr/local/tmp/egcs/gcc/xgcc version 2.96 20000214 (experimental)
Compiler version: 2.96 20000214 (experimental)
Platform: alphaev56-dec-osf4.0d
BOOT_CFLAGS: -g -O9 -W -Wall
Counting all warnings,
there are 239 warnings in stage3 of this bootstrap.
Number of warnings per file:
40 /home/lsd/oliva/src/egcs/librx/rx.c
14 /home/lsd/oliva/src/egcs/gcc/f/global.c
12 /home/lsd/oliva/src/egcs/libiberty/floatformat.c
12 /home/lsd/oliva/src/egcs/gcc/java/lex.c
10 /home/lsd/oliva/src/egcs/gcc/f/storag.c
8 /home/lsd/oliva/src/egcs/librx/rx.h
8 /home/lsd/oliva/src/egcs/libiberty/pexecute.c
8 /home/lsd/oliva/src/egcs/libiberty/getopt.c
8 /home/lsd/oliva/src/egcs/libg++/src/AllocRing.cc
8 /home/lsd/oliva/src/egcs/gcc/f/lex.c
8 /home/lsd/oliva/src/egcs/gcc/f/equiv.c
6 /home/lsd/oliva/src/egcs/gcc/f/expr.c
6 /home/lsd/oliva/src/egcs/gcc/config/alpha/alpha.c
6 /home/lsd/oliva/src/egcs/gcc/bitmap.c
5 /home/lsd/oliva/src/egcs/gcc/mips-tfile.c
4 /home/lsd/oliva/src/egcs/libobjc/selector.c
4 /home/lsd/oliva/src/egcs/libobjc/objects.c
4 /home/lsd/oliva/src/egcs/libobjc/archive.c
4 /home/lsd/oliva/src/egcs/libiberty/xmemdup.c
4 /home/lsd/oliva/src/egcs/libiberty/hashtab.c
4 /home/lsd/oliva/src/egcs/libchill/waitbuffer.c
4 /home/lsd/oliva/src/egcs/libchill/sendbuffer.c
4 /home/lsd/oliva/src/egcs/libchill/delaycase.c
4 /home/lsd/oliva/src/egcs/libchill/concatstr.c
4 /home/lsd/oliva/src/egcs/gcc/f/ste.c
2 str-ot.j
2 str-1t.j
2 insn-recog.c
2 /home/lsd/oliva/src/egcs/libchill/printevent.c
2 /home/lsd/oliva/src/egcs/libchill/printbuffer.c
2 /home/lsd/oliva/src/egcs/libchill/memmove.c
2 /home/lsd/oliva/src/egcs/gcc/flow.c
2 /home/lsd/oliva/src/egcs/gcc/f/symbol.c
2 /home/lsd/oliva/src/egcs/gcc/f/std.c
2 /home/lsd/oliva/src/egcs/gcc/f/com.c
2 /home/lsd/oliva/src/egcs/gcc/f/bad.c
1 str-op.j
1 str-nq.j
1 str-io.j
1 str-fo.j
1 str-2t.j
1 /usr/include/ldfcn.h
1 /home/lsd/oliva/src/egcs/gcc/varasm.c
1 /home/lsd/oliva/src/egcs/gcc/unroll.c
1 /home/lsd/oliva/src/egcs/gcc/sbitmap.c
1 /home/lsd/oliva/src/egcs/gcc/reload1.c
1 /home/lsd/oliva/src/egcs/gcc/reload.c
1 /home/lsd/oliva/src/egcs/gcc/optabs.c
1 /home/lsd/oliva/src/egcs/gcc/java/gjavah.c
1 /home/lsd/oliva/src/egcs/gcc/function.c
1 /home/lsd/oliva/src/egcs/gcc/fold-const.c
1 /home/lsd/oliva/src/egcs/gcc/expmed.c
1 /home/lsd/oliva/src/egcs/gcc/cppinit.c
1 /home/lsd/oliva/src/egcs/gcc/cp/class.c
Number of warning types:
52 Use of ANSI string concatenation
42 type mismatch in implicit declaration for built-in function `???'
36 cast to pointer from integer of different size
19 `long' switch expression not converted to `int' in ANSI C
18 comparison between signed and unsigned
16 unused parameter `???'
12 variable `???' might be clobbered by `longjmp' or `vfork'
10 signed and unsigned type in conditional expression
8 comparison of distinct pointer types lacks a cast
8 `???' is not a pointer-to-object type
7 `???' might be used uninitialized in this function
4 cast from pointer to integer of different size
2 passing arg ??? of `???' discards qualifiers from pointer target type
1 passing arg ??? of `???' from incompatible pointer type
1 missing initializer
1 macro arg `???' would be stringified with -traditional.
1 assignment discards qualifiers from pointer target type
1 (near initialization for `???')