This is the mail archive of the
gcc-testresults@gcc.gnu.org
mailing list for the GCC project.
Results for 2.96 20000124 (experimental) testsuite on i586-pc-linux-gnu
- To: gcc-testresults at gcc dot gnu dot org
- Subject: Results for 2.96 20000124 (experimental) testsuite on i586-pc-linux-gnu
- From: Andris Pavenis <andris at hal dot astr dot lu dot lv>
- Date: Tue, 25 Jan 2000 10:46:40 +0200
Source: gcc mainline from CVS (last updated 2000 Jan 24 21:23 +0200)
System: Linux kernel 2.2.15pre4
glibc-2.1.2
binutils-2.9.1.0.25
Addons: libg++-2.8.1.3-19991124
Native configuration is i586-pc-linux-gnu
=== libio tests ===
Running target unix
=== libio Summary ===
# of expected passes 40
=== libstdc++ tests ===
Running target unix
=== libstdc++ Summary ===
# of expected passes 30
=== libg++ tests ===
Running target unix
=== libg++ Summary ===
# of expected passes 72
=== gcc tests ===
Running target unix
FAIL: gcc.c-torture/compile/labels-2.c, -O2
FAIL: gcc.c-torture/compile/labels-2.c, -O3 -fomit-frame-pointer
FAIL: gcc.c-torture/compile/labels-2.c, -O3 -g
FAIL: gcc.c-torture/compile/20000105-1.c, -O0
FAIL: gcc.c-torture/compile/20000105-1.c, -O1
FAIL: gcc.c-torture/execute/991202-3.c execution, -O0
FAIL: gcc.c-torture/execute/991202-3.c execution, -O1
FAIL: gcc.c-torture/execute/991202-3.c execution, -O2
FAIL: gcc.c-torture/execute/991202-3.c execution, -O3 -fomit-frame-pointer
FAIL: gcc.c-torture/execute/991202-3.c execution, -O3 -g
FAIL: gcc.c-torture/execute/991202-3.c execution, -Os
FAIL: gcc.c-torture/execute/991221-1.c execution, -O1
FAIL: gcc.c-torture/execute/991221-1.c execution, -O2
FAIL: gcc.c-torture/execute/991221-1.c execution, -O3 -fomit-frame-pointer
FAIL: gcc.c-torture/execute/991221-1.c execution, -O3 -g
FAIL: gcc.c-torture/execute/991221-1.c execution, -Os
XPASS: gcc.c-torture/execute/ieee/980619-1.c execution, -O1
XPASS: gcc.c-torture/execute/ieee/980619-1.c execution, -O2
XPASS: gcc.c-torture/execute/ieee/980619-1.c execution, -O3 -fomit-frame-pointer
XPASS: gcc.c-torture/execute/ieee/980619-1.c execution, -O3 -fomit-frame-pointer -funroll-loops
XPASS: gcc.c-torture/execute/ieee/980619-1.c execution, -O3 -fomit-frame-pointer -funroll-all-loops -finline-functions
XPASS: gcc.c-torture/execute/ieee/980619-1.c execution, -O3 -g
XPASS: gcc.c-torture/execute/ieee/980619-1.c execution, -Os
FAIL: gcc.dg/20000111-1.c (test for excess errors)
FAIL: gcc.dg/991214-1.c (test for excess errors)
FAIL: gcc.dg/special/weak-1.c execution test
=== gcc Summary ===
# of expected passes 9049
# of unexpected failures 19
# of unexpected successes 7
# of expected failures 32
# of unsupported tests 15
/disk2/cvs/egcs-curr/build/build.lnx/gcc/xgcc version 2.96 20000124 (experimental)
=== g++ tests ===
Running target unix
FAIL: g++.dg/special/conpr-1.C execution test
FAIL: g++.dg/special/conpr-2.C execution test
FAIL: g++.dg/special/conpr-3.C execution test
FAIL: g++.dg/special/conpr-3.C execution test
FAIL: g++.ext/initp1.C Execution test
=== g++ Summary ===
# of expected passes 5687
# of unexpected failures 5
# of expected failures 97
# of untested testcases 8
/disk2/cvs/egcs-curr/build/build.lnx/gcc/testsuite/../xgcc version 2.96 20000124 (experimental)
=== g77 tests ===
Running target unix
=== g77 Summary ===
# of expected passes 664
=== objc tests ===
Running target unix
FAIL: objc/execute/bf-1.m compilation, -O
FAIL: objc/execute/bf-10.m compilation, -O
FAIL: objc/execute/bf-11.m compilation, -O
FAIL: objc/execute/bf-12.m compilation, -O
FAIL: objc/execute/bf-13.m compilation, -O
FAIL: objc/execute/bf-14.m compilation, -O
FAIL: objc/execute/bf-15.m compilation, -O
FAIL: objc/execute/bf-16.m compilation, -O
FAIL: objc/execute/bf-17.m compilation, -O
FAIL: objc/execute/bf-18.m compilation, -O
FAIL: objc/execute/bf-19.m compilation, -O
FAIL: objc/execute/bf-2.m compilation, -O
FAIL: objc/execute/bf-3.m compilation, -O
FAIL: objc/execute/bf-4.m compilation, -O
FAIL: objc/execute/bf-5.m compilation, -O
FAIL: objc/execute/bf-6.m compilation, -O
FAIL: objc/execute/bf-7.m compilation, -O
FAIL: objc/execute/bf-8.m compilation, -O
FAIL: objc/execute/bf-9.m compilation, -O
=== objc Summary ===
# of unexpected failures 19
# of untested testcases 19
/disk2/cvs/egcs-curr/build/build.lnx/gcc/xgcc version 2.96 20000124 (experimental)
Compiler version: 2.96 20000124 (experimental)
Platform: i586-pc-linux-gnu
configure flags: --with-gcc-version-trigger=/disk2/cvs/egcs-curr/build/egcs-20000124/gcc/version.c --host=i586-pc-linux-gnu --prefix=/usr --enable-shared --with-gnu-ld --enable-threads --verbose --norecursion
Counting all warnings,
there are 236 warnings in stage3 of this bootstrap.
Number of warnings per file:
31 ../../egcs-20000121/gcc/libgcc2.c
17 ../../../egcs-20000121/gcc/cp/typeck.c
17 ../../../egcs-20000121/gcc/cp/search.c
14 ../../../egcs-20000121/gcc/f/global.c
12 cc1plus
12 ../../../egcs-20000121/gcc/java/lex.c
10 ../../../egcs-20000121/gcc/f/storag.c
8 ../../../egcs-20000121/gcc/f/lex.c
8 ../../../egcs-20000121/gcc/f/equiv.c
8 ../../../egcs-20000121/gcc/cp/class.c
6 ./parse.y
6 ../../egcs-20000121/gcc/bitmap.c
6 ../../../egcs-20000121/gcc/f/expr.c
5 ../../egcs-20000121/gcc/final.c
5 ../../../egcs-20000121/gcc/cp/decl.c
4 cexp.y
4 ../../egcs-20000121/gcc/config/i386/i386.c
4 ../../egcs-20000121/gcc/combine.c
4 ../../../egcs-20000121/gcc/f/target.c
4 ../../../egcs-20000121/gcc/f/ste.c
3 ../../egcs-20000121/gcc/dwarf2out.c
3 ../../egcs-20000121/gcc/cccp.c
3 ../../egcs-20000121/gcc/c-typeck.c
3 ../../../egcs-20000121/gcc/f/com.c
2 str-ot.j
2 str-1t.j
2 ../../egcs-20000121/gcc/function.c
2 ../../egcs-20000121/gcc/fold-const.c
2 ../../egcs-20000121/gcc/expr.c
2 ../../../egcs-20000121/gcc/f/symbol.c
2 ../../../egcs-20000121/gcc/f/std.c
2 ../../../egcs-20000121/gcc/f/bad.c
1 str-op.j
1 str-nq.j
1 str-io.j
1 str-fo.j
1 str-2t.j
1 ../../egcs-20000121/gcc/varasm.c
1 ../../egcs-20000121/gcc/unroll.c
1 ../../egcs-20000121/gcc/stor-layout.c
1 ../../egcs-20000121/gcc/stmt.c
1 ../../egcs-20000121/gcc/reload.c
1 ../../egcs-20000121/gcc/optabs.c
1 ../../egcs-20000121/gcc/gcov-io.h
1 ../../egcs-20000121/gcc/gcc.c
1 ../../egcs-20000121/gcc/frame.c
1 ../../egcs-20000121/gcc/dwarfout.c
1 ../../egcs-20000121/gcc/cp/exception.cc
1 ../../egcs-20000121/gcc/collect2.c
1 ../../../egcs-20000121/gcc/f/malloc.c
1 ../../../egcs-20000121/gcc/cp/tree.c
1 ../../../egcs-20000121/gcc/cp/rtti.c
1 ../../../egcs-20000121/gcc/cp/pt.c
1 ../../../egcs-20000121/gcc/cp/init.c
1 ../../../egcs-20000121/gcc/cp/error.c
Number of warning types:
95 Use of ANSI string concatenation
47 signed and unsigned type in conditional expression
20 `long' switch expression not converted to `int' in ANSI C
15 format not a string literal, argument types not checked
13 comparison between signed and unsigned
12 variable `???' might be clobbered by `longjmp' or `vfork'
12 `???' might be used uninitialized in this function
12 Ignoring command line option '-Wtraditional'
4 unused variable `???'
2 function `???' was previously declared within a block
1 passing arg ??? of `???' discards qualifiers from pointer target type
1 non-static declaration for `???' follows static
1 implicit declaration of function `???'
1 `???' defined but not used