This is the mail archive of the
gcc-testresults@gcc.gnu.org
mailing list for the GCC project.
Results for 2.96 20000110 (experimental) testsuite on rs6000-ibm-aix4.2.1.0
- To: gcc-testresults at gcc dot gnu dot org
- Subject: Results for 2.96 20000110 (experimental) testsuite on rs6000-ibm-aix4.2.1.0
- From: "David W. Schuler" <schuld at btv dot ibm dot com>
- Date: Wed, 12 Jan 2000 12:26:21 -0500
Native configuration is rs6000-ibm-aix4.2.1.0
=== libio tests ===
Running target unix
=== libio Summary ===
# of expected passes 40
=== libstdc++ tests ===
Running target unix
FAIL: tstring.cc -O execution
=== libstdc++ Summary ===
# of expected passes 28
# of unexpected failures 1
# of expected failures 1
=== gcc tests ===
Running target unix
FAIL: gcc.c-torture/compile/20000105-1.c, -O1
FAIL: gcc.c-torture/compile/981001-2.c, -O3 -fomit-frame-pointer
FAIL: gcc.c-torture/compile/981001-2.c, -O3 -g
FAIL: gcc.c-torture/compile/991229-3.c, -O3 -fomit-frame-pointer -funroll-loops
FAIL: gcc.c-torture/compile/991229-3.c, -O3 -fomit-frame-pointer -funroll-all-loops -finline-functions
FAIL: gcc.c-torture/execute/920501-8.c compilation, -O0
FAIL: gcc.c-torture/execute/920501-8.c compilation, -O1
FAIL: gcc.c-torture/execute/920501-8.c compilation, -O2
FAIL: gcc.c-torture/execute/920501-8.c compilation, -O3 -fomit-frame-pointer
FAIL: gcc.c-torture/execute/920501-8.c compilation, -O3 -g
FAIL: gcc.c-torture/execute/920501-8.c compilation, -Os
FAIL: gcc.c-torture/execute/920726-1.c compilation, -O0
FAIL: gcc.c-torture/execute/920726-1.c compilation, -O1
FAIL: gcc.c-torture/execute/920726-1.c compilation, -O2
FAIL: gcc.c-torture/execute/920726-1.c compilation, -O3 -fomit-frame-pointer
FAIL: gcc.c-torture/execute/920726-1.c compilation, -O3 -fomit-frame-pointer -funroll-loops
FAIL: gcc.c-torture/execute/920726-1.c compilation, -O3 -fomit-frame-pointer -funroll-all-loops -finline-functions
FAIL: gcc.c-torture/execute/920726-1.c compilation, -O3 -g
FAIL: gcc.c-torture/execute/920726-1.c compilation, -Os
FAIL: gcc.c-torture/execute/931004-12.c execution, -O0
FAIL: gcc.c-torture/execute/931004-12.c execution, -O1
FAIL: gcc.c-torture/execute/931004-12.c execution, -O2
FAIL: gcc.c-torture/execute/931004-12.c execution, -O3 -fomit-frame-pointer
FAIL: gcc.c-torture/execute/931004-12.c execution, -O3 -fomit-frame-pointer -funroll-loops
FAIL: gcc.c-torture/execute/931004-12.c execution, -O3 -fomit-frame-pointer -funroll-all-loops -finline-functions
FAIL: gcc.c-torture/execute/931004-12.c execution, -O3 -g
FAIL: gcc.c-torture/execute/931004-12.c execution, -Os
FAIL: gcc.c-torture/execute/991202-3.c execution, -O0
FAIL: gcc.c-torture/execute/991202-3.c execution, -O1
FAIL: gcc.c-torture/execute/991202-3.c execution, -O2
FAIL: gcc.c-torture/execute/991202-3.c execution, -O3 -fomit-frame-pointer
FAIL: gcc.c-torture/execute/991202-3.c execution, -O3 -g
FAIL: gcc.c-torture/execute/991202-3.c execution, -Os
FAIL: gcc.c-torture/execute/991221-1.c execution, -O1
FAIL: gcc.c-torture/execute/991221-1.c execution, -O2
FAIL: gcc.c-torture/execute/991221-1.c execution, -O3 -fomit-frame-pointer
FAIL: gcc.c-torture/execute/991221-1.c execution, -O3 -g
FAIL: gcc.c-torture/execute/991221-1.c execution, -Os
XPASS: gcc.c-torture/execute/memcheck/blkarg.c execution, -O0
XPASS: gcc.c-torture/execute/memcheck/blkarg.c execution, -O1
XPASS: gcc.c-torture/execute/memcheck/blkarg.c execution, -O2
XPASS: gcc.c-torture/execute/memcheck/blkarg.c execution, -O3 -fomit-frame-pointer
XPASS: gcc.c-torture/execute/memcheck/blkarg.c execution, -O3 -g
XPASS: gcc.c-torture/execute/memcheck/blkarg.c execution, -Os
FAIL: gcc.dg/cast-qual-1.c discarding `const' warning (test for bogus messages, line 11)
FAIL: gcc.dg/cast-qual-1.c discarding `const' warning (test for warnings, line 17)
FAIL: alias-1.c
FAIL: wkali-1.c
FAIL: gcc.misc-tests/mg.c
=== gcc Summary ===
# of expected passes 8918
# of unexpected failures 43
# of unexpected successes 6
# of expected failures 26
# of unresolved testcases 14
# of unsupported tests 35
/usr/local/x86srvr1/WORKSPACE5/schuld/EGCS/egcs-aix42/gcc/xgcc version 2.96 20000110 (experimental)
=== g++ tests ===
Running target unix
FAIL: g++.eh/fntry1.C Execution test
FAIL: g++.eh/vbase1.C Execution test
FAIL: g++.ext/attrib5.C (test for excess errors)
FAIL: g++.jason/cast3.C (test for excess errors)
FAIL: g++.jason/thunk2.C (test for excess errors)
FAIL: g++.law/profile1.C (test for excess errors)
FAIL: g++.mike/eh16.C Execution test
FAIL: g++.mike/eh17.C Execution test
FAIL: g++.mike/eh30.C (test for excess errors)
FAIL: g++.mike/p4750.C (test for excess errors)
FAIL: g++.pt/crash44.C (test for excess errors)
XPASS: g++.pt/decl2.C ICE - (test for errors, line 8)
FAIL: g++.pt/instantiate4.C (test for excess errors)
FAIL: g++.pt/instantiate6.C (test for excess errors)
FAIL: g++.pt/repo1.C (test for excess errors)
FAIL: g++.pt/repo2.C (test for excess errors)
FAIL: g++.pt/static10.C ANSI C++ forbids in-class initialization of non-const static member `x' (test for errors, line 15)
FAIL: g++.pt/static3.C (test for excess errors)
FAIL: g++.pt/static6.C (test for excess errors)
FAIL: g++.robertl/eb106.C (test for excess errors)
FAIL: g++.robertl/eb73.C (test for excess errors)
=== g++ Summary ===
# of expected passes 5649
# of unexpected failures 20
# of unexpected successes 1
# of expected failures 98
# of untested testcases 18
/usr/local/x86srvr1/WORKSPACE5/schuld/EGCS/egcs-aix42/gcc/testsuite/../xgcc version 2.96 20000110 (experimental)
=== g77 tests ===
Running target unix
=== g77 Summary ===
# of expected passes 654
=== objc tests ===
Running target unix
FAIL: objc/execute/bf-1.m compilation, -O
FAIL: objc/execute/bf-10.m compilation, -O
FAIL: objc/execute/bf-11.m compilation, -O
FAIL: objc/execute/bf-12.m compilation, -O
FAIL: objc/execute/bf-13.m compilation, -O
FAIL: objc/execute/bf-14.m compilation, -O
FAIL: objc/execute/bf-15.m compilation, -O
FAIL: objc/execute/bf-16.m compilation, -O
FAIL: objc/execute/bf-17.m compilation, -O
FAIL: objc/execute/bf-18.m compilation, -O
FAIL: objc/execute/bf-19.m compilation, -O
FAIL: objc/execute/bf-2.m compilation, -O
FAIL: objc/execute/bf-3.m compilation, -O
FAIL: objc/execute/bf-4.m compilation, -O
FAIL: objc/execute/bf-5.m compilation, -O
FAIL: objc/execute/bf-6.m compilation, -O
FAIL: objc/execute/bf-7.m compilation, -O
FAIL: objc/execute/bf-8.m compilation, -O
FAIL: objc/execute/bf-9.m compilation, -O
=== objc Summary ===
# of unexpected failures 19
# of untested testcases 19
/usr/local/x86srvr1/WORKSPACE5/schuld/EGCS/egcs-aix42/gcc/xgcc version 2.96 20000110 (experimental)
Compiler version: 2.96 20000110 (experimental)
Platform: rs6000-ibm-aix4.2.1.0
configure flags: --with-gcc-version-trigger=/usr/local/src/EGCS/egcs-20000110/gcc/version.c --host=rs6000-ibm-aix4.2.1.0 --prefix=/afs/btv.ibm.com/data/n37v/software/gnu-aix42/egcs --norecursion
Counting all warnings,
there are 280 warnings in stage3 of this bootstrap.
Number of warnings per file:
86 ../../egcs/gcc/toplev.c
20 ../../egcs/gcc/config/rs6000/rs6000.md
16 ../../../egcs/gcc/cp/search.c
14 ../../../egcs/gcc/f/global.c
12 ../../../egcs/gcc/java/lex.c
10 ../../../egcs/gcc/f/storag.c
8 ../../../egcs/gcc/f/lex.c
8 ../../../egcs/gcc/f/equiv.c
6 ./parse.y
6 ../../egcs/gcc/bitmap.c
6 ../../../egcs/gcc/f/expr.c
6 ../../../egcs/gcc/cp/class.c
5 ../../egcs/gcc/final.c
5 ../../egcs/gcc/expr.c
5 ../../../egcs/gcc/cp/decl.c
4 insn-emit.c
4 cexp.y
4 ../../egcs/gcc/varasm.c
4 ../../egcs/gcc/combine.c
4 ../../../egcs/gcc/f/ste.c
3 ../../egcs/gcc/config/rs6000/rs6000.c
3 ../../egcs/gcc/collect2.c
3 ../../egcs/gcc/cccp.c
3 ../../egcs/gcc/c-typeck.c
2 str-ot.j
2 str-1t.j
2 ../../egcs/gcc/fold-const.c
2 ../../egcs/gcc/builtins.c
2 ../../../egcs/gcc/f/symbol.c
2 ../../../egcs/gcc/f/std.c
2 ../../../egcs/gcc/f/com.c
2 ../../../egcs/gcc/f/bad.c
1 str-op.j
1 str-nq.j
1 str-io.j
1 str-fo.j
1 str-2t.j
1 insn-recog.c
1 ../../egcs/gcc/unroll.c
1 ../../egcs/gcc/stor-layout.c
1 ../../egcs/gcc/reload1.c
1 ../../egcs/gcc/reload.c
1 ../../egcs/gcc/regmove.c
1 ../../egcs/gcc/optabs.c
1 ../../egcs/gcc/gcov-io.h
1 ../../egcs/gcc/gcc.c
1 ../../egcs/gcc/dbxout.c
1 ../../egcs/gcc/cppinit.c
1 ../../../egcs/gcc/cp/tree.c
1 ../../../egcs/gcc/cp/pt.c
1 ../../../egcs/gcc/cp/error.c
Number of warning types:
57 Use of ANSI string concatenation
43 missing initializer
43 (near initialization for ???)
42 signed and unsigned type in conditional expression
18 comparison between signed and unsigned
15 format not a string literal, argument types not checked
14 long switch expression not converted to int in ANSI C
12 variable ??? might be clobbered by longjmp or vfork
9 source missing a mode?
5 operand 1 missing mode?
4 ??? might be used uninitialized in this function
3 right shift count >= width of type
2 implicit declaration of function ???
2 destination operand 0 allows non-lvalue
2 assignment discards qualifiers from pointer target type
1 unused variable ???
1 suggest parentheses around comparison in operand of &
1 passing arg ??? of ??? discards qualifiers from pointer target type
1 operand 5 missing mode?
1 operand 4 missing mode?
1 operand 3 missing mode?
1 operand 0 missing mode?
1 left shift count >= width of type
1 ??? defined but not used