This is the mail archive of the gcc-testresults@gcc.gnu.org mailing list for the GCC project.
Index Nav: | [Date Index] [Subject Index] [Author Index] [Thread Index] | |
---|---|---|
Message Nav: | [Date Prev] [Date Next] | [Thread Prev] [Thread Next] |
Native configuration is alpha-dec-osf4.0e
=== libio tests ===
Running target unix
=== libio Summary ===
# of expected passes 40
=== libstdc++ tests ===
Running target unix
FAIL: tstring.cc -O execution
=== libstdc++ Summary ===
# of expected passes 28
# of unexpected failures 1
# of expected failures 1
=== gcc tests ===
Running target unix
FAIL: gcc.c-torture/execute/930529-1.c execution, -O3 -fomit-frame-pointer
FAIL: gcc.c-torture/execute/930529-1.c execution, -O3 -fomit-frame-pointer -funroll-loops
FAIL: gcc.c-torture/execute/930529-1.c execution, -O3 -fomit-frame-pointer -funroll-all-loops -finline-functions
FAIL: gcc.c-torture/execute/930529-1.c execution, -O3 -g
FAIL: gcc.c-torture/execute/990811-1.c compilation, -O3 -fomit-frame-pointer
FAIL: gcc.c-torture/execute/990811-1.c compilation, -O3 -fomit-frame-pointer -funroll-loops
FAIL: gcc.c-torture/execute/990811-1.c compilation, -O3 -fomit-frame-pointer -funroll-all-loops -finline-functions
FAIL: gcc.c-torture/execute/990811-1.c compilation, -O3 -g
FAIL: gcc.c-torture/execute/991202-3.c execution, -O0
FAIL: gcc.c-torture/execute/991202-3.c execution, -O1
FAIL: gcc.c-torture/execute/991202-3.c execution, -O2
FAIL: gcc.c-torture/execute/991202-3.c execution, -O3 -fomit-frame-pointer
FAIL: gcc.c-torture/execute/991202-3.c execution, -O3 -g
FAIL: gcc.c-torture/execute/991202-3.c execution, -Os
FAIL: gcc.c-torture/execute/ieee/fp-cmp-2.c execution, -O0
FAIL: gcc.c-torture/execute/ieee/fp-cmp-2.c execution, -O1
FAIL: gcc.c-torture/execute/ieee/fp-cmp-2.c execution, -O2
FAIL: gcc.c-torture/execute/ieee/fp-cmp-2.c execution, -O3 -fomit-frame-pointer
FAIL: gcc.c-torture/execute/ieee/fp-cmp-2.c execution, -O3 -fomit-frame-pointer -funroll-loops
FAIL: gcc.c-torture/execute/ieee/fp-cmp-2.c execution, -O3 -fomit-frame-pointer -funroll-all-loops -finline-functions
FAIL: gcc.c-torture/execute/ieee/fp-cmp-2.c execution, -O3 -g
FAIL: gcc.c-torture/execute/ieee/fp-cmp-2.c execution, -Os
FAIL: gcc.c-torture/execute/ieee/mzero2.c execution, -O0
FAIL: gcc.c-torture/execute/ieee/mzero2.c execution, -O1
FAIL: gcc.c-torture/execute/ieee/mzero2.c execution, -O2
FAIL: gcc.c-torture/execute/ieee/mzero2.c execution, -O3 -fomit-frame-pointer
FAIL: gcc.c-torture/execute/ieee/mzero2.c execution, -O3 -g
FAIL: gcc.c-torture/execute/ieee/mzero2.c execution, -Os
XPASS: gcc.c-torture/execute/memcheck/blkarg.c execution, -O0
XPASS: gcc.c-torture/execute/memcheck/blkarg.c execution, -O1
XPASS: gcc.c-torture/execute/memcheck/blkarg.c execution, -O2
XPASS: gcc.c-torture/execute/memcheck/blkarg.c execution, -Os
FAIL: gcc.dg/cast-qual-1.c discarding \`const' warning (test for bogus messages, line 11)
FAIL: gcc.dg/cast-qual-1.c discarding \`const' warning (test for warnings, line 17)
FAIL: gcc.dg/compare1.c comparison between signed and unsigned (test for bogus messages, line 25)
=== gcc Summary ===
# of expected passes 8883
# of unexpected failures 31
# of unexpected successes 4
# of expected failures 28
# of unresolved testcases 7
# of unsupported tests 32
/user/rand/rdb/src/egcs-19991221.obj/gcc/xgcc version 2.96 19991221 (experimental)
=== g++ tests ===
Running target unix
FAIL: g++.ext/attrib5.C (test for excess errors)
FAIL: g++.jason/thunk2.C (test for excess errors)
FAIL: g++.oliva/template7.C caused compiler crash
FAIL: g++.oliva/thunk1.C (test for excess errors)
FAIL: g++.other/syntax1.C (test for excess errors)
FAIL: g++.other/syntax2.C (test for excess errors)
XPASS: g++.pt/instantiate6.C (test for excess errors)
FAIL: g++.pt/static6.C (test for excess errors)
=== g++ Summary ===
# of expected passes 5639
# of unexpected failures 7
# of unexpected successes 1
# of expected failures 98
# of untested testcases 18
/user/rand/rdb/src/egcs-19991221.obj/gcc/testsuite/../xgcc version 2.96 19991221 (experimental)
=== g77 tests ===
Running target unix
FAIL: g77.f-torture/compile/19990826-1.f, -O0
FAIL: g77.f-torture/compile/19990826-1.f, -O1
FAIL: g77.f-torture/compile/19990826-1.f, -O2
FAIL: g77.f-torture/compile/19990826-1.f, -O2 -fomit-frame-pointer -finline-functions
FAIL: g77.f-torture/compile/19990826-1.f, -Os
=== g77 Summary ===
# of expected passes 649
# of unexpected failures 5
=== objc tests ===
Running target unix
FAIL: objc/execute/bf-10.m execution, -O
FAIL: objc/execute/bf-16.m execution, -O
FAIL: objc/execute/bf-17.m execution, -O
=== objc Summary ===
# of expected passes 35
# of unexpected failures 3
/user/rand/rdb/src/egcs-19991221.obj/gcc/xgcc version 2.96 19991221 (experimental)
Compiler version: 2.96 19991221 (experimental)
Platform: alpha-dec-osf4.0e
configure flags: --with-gcc-version-trigger=/user/rand/rdb/src/egcs-19991221/gcc/version.c --host=alpha-dec-osf4.0e --norecursion
Counting all warnings,
there are 301 warnings in stage3 of this bootstrap.
Number of warnings per file:
103 ./parse.y
14 ../../../egcs-19991221/gcc/f/global.c
12 ../../../egcs-19991221/gcc/java/lex.c
10 ../../../egcs-19991221/gcc/f/storag.c
8 ../../../egcs-19991221/gcc/java/parse.h
8 ../../../egcs-19991221/gcc/f/lex.c
8 ../../../egcs-19991221/gcc/f/equiv.c
7 ../../egcs-19991221/gcc/mips-tfile.c
7 ../../egcs-19991221/gcc/final.c
6 ../../egcs-19991221/gcc/reload.c
5 ../../egcs-19991221/gcc/config/alpha/alpha.c
5 ../../../egcs-19991221/gcc/f/expr.c
4 cexp.y
4 ../../egcs-19991221/gcc/varasm.c
4 ../../egcs-19991221/gcc/unroll.c
4 ../../egcs-19991221/gcc/sdbout.c
4 ../../egcs-19991221/gcc/reload1.c
4 ../../egcs-19991221/gcc/regmove.c
4 ../../egcs-19991221/gcc/fold-const.c
4 ../../egcs-19991221/gcc/expr.c
4 ../../egcs-19991221/gcc/cse.c
4 ../../../egcs-19991221/gcc/f/ste.c
3 ../../egcs-19991221/gcc/toplev.c
3 ../../egcs-19991221/gcc/loop.c
3 ../../egcs-19991221/gcc/genopinit.c
3 ../../egcs-19991221/gcc/gcc.c
3 ../../egcs-19991221/gcc/collect2.c
3 ../../egcs-19991221/gcc/cccp.c
3 ../../egcs-19991221/gcc/c-typeck.c
2 str-ot.j
2 str-1t.j
2 insn-recog.c
2 ../../egcs-19991221/gcc/optabs.c
2 ../../egcs-19991221/gcc/local-alloc.c
2 ../../egcs-19991221/gcc/function.c
2 ../../egcs-19991221/gcc/flow.c
2 ../../../egcs-19991221/gcc/f/symbol.c
2 ../../../egcs-19991221/gcc/f/std.c
2 ../../../egcs-19991221/gcc/f/com.c
2 ../../../egcs-19991221/gcc/f/bad.c
1 str-op.j
1 str-nq.j
1 str-io.j
1 str-fo.j
1 str-2t.j
1 include/ldfcn.h
1 ../../egcs-19991221/gcc/tree.c
1 ../../egcs-19991221/gcc/stupid.c
1 ../../egcs-19991221/gcc/stor-layout.c
1 ../../egcs-19991221/gcc/scan-decls.c
1 ../../egcs-19991221/gcc/regclass.c
1 ../../egcs-19991221/gcc/hash.c
1 ../../egcs-19991221/gcc/ggc-page.c
1 ../../egcs-19991221/gcc/gcov-io.h
1 ../../egcs-19991221/gcc/emit-rtl.c
1 ../../egcs-19991221/gcc/diagnostic.c
1 ../../egcs-19991221/gcc/cppinit.c
1 ../../egcs-19991221/gcc/calls.c
1 ../../../egcs-19991221/gcc/java/jv-scan.c
1 ../../../egcs-19991221/gcc/java/jcf-parse.c
1 ../../../egcs-19991221/gcc/java/javaop.def
1 ../../../egcs-19991221/gcc/java/expr.c
1 ../../../egcs-19991221/gcc/cp/tree.c
1 ../../../egcs-19991221/gcc/cp/error.c
1 ../../../egcs-19991221/gcc/cp/decl.c
Number of warning types:
156 Use of ANSI string concatenation
28 \`???' might be used uninitialized in this function
24 comparison between signed and unsigned
20 \`long' switch expression not converted to \`int' in ANSI C
16 unused parameter \`???'
16 format not a string literal, argument types not checked
12 variable \`???' might be clobbered by \`longjmp' or \`vfork'
9 macro arg \`???' would be stringified with -traditional.
5 \`???' declared \`static' but never defined
4 implicit declaration of function \`???'
2 unused variable \`???'
2 format argument is not a pointer (arg ???)
1 passing arg ??? of \`???' from incompatible pointer type
1 passing arg ??? of \`???' discards qualifiers from pointer target type
1 missing initializer
1 assignment from incompatible pointer type
1 assignment discards qualifiers from pointer target type
1 \`???' defined but not used
1 (near initialization for \`???')
Index Nav: | [Date Index] [Subject Index] [Author Index] [Thread Index] | |
---|---|---|
Message Nav: | [Date Prev] [Date Next] | [Thread Prev] [Thread Next] |