This is the mail archive of the
gcc-testresults@gcc.gnu.org
mailing list for the GCC project.
Results for 2.96 19991217 (experimental) testsuite on i586-pc-linux-gnu
- To: gcc-testresults at gcc dot gnu dot org
- Subject: Results for 2.96 19991217 (experimental) testsuite on i586-pc-linux-gnu
- From: Andris Pavenis <andris at hal dot astr dot lu dot lv>
- Date: Sat, 18 Dec 1999 11:51:34 +0200
System: Linux kernel 2.2.13
glibc-2.1.2
binutils-2.9.1.0.25
Native configuration is i586-pc-linux-gnu
=== libio tests ===
Running target unix
=== libio Summary ===
# of expected passes 40
=== libstdc++ tests ===
Running target unix
FAIL: tcomplex.cc execution
FAIL: tcomplex.cc -O output
=== libstdc++ Summary ===
# of expected passes 27
# of unexpected failures 2
# of expected failures 1
=== gcc tests ===
Running target unix
FAIL: gcc.c-torture/execute/991112-1.c execution, -O3 -fomit-frame-pointer
FAIL: gcc.c-torture/execute/991112-1.c execution, -O3 -g
FAIL: gcc.c-torture/execute/991202-3.c execution, -O0
FAIL: gcc.c-torture/execute/991202-3.c execution, -O1
FAIL: gcc.c-torture/execute/991202-3.c execution, -O2
FAIL: gcc.c-torture/execute/991202-3.c execution, -O3 -fomit-frame-pointer
FAIL: gcc.c-torture/execute/991202-3.c execution, -O3 -g
FAIL: gcc.c-torture/execute/991202-3.c execution, -Os
FAIL: gcc.c-torture/execute/complex-2.c execution, -O1
FAIL: gcc.c-torture/execute/conversion.c execution, -O0
FAIL: gcc.c-torture/execute/conversion.c execution, -O1
FAIL: gcc.c-torture/execute/cvt-1.c execution, -O0
FAIL: gcc.c-torture/execute/cvt-1.c execution, -O1
XPASS: gcc.c-torture/execute/ieee/980619-1.c execution, -O1
XPASS: gcc.c-torture/execute/ieee/980619-1.c execution, -O2
XPASS: gcc.c-torture/execute/ieee/980619-1.c execution, -O3 -fomit-frame-pointer
XPASS: gcc.c-torture/execute/ieee/980619-1.c execution, -O3 -fomit-frame-pointer -funroll-loops
XPASS: gcc.c-torture/execute/ieee/980619-1.c execution, -O3 -fomit-frame-pointer -funroll-all-loops -finline-functions
XPASS: gcc.c-torture/execute/ieee/980619-1.c execution, -O3 -g
XPASS: gcc.c-torture/execute/ieee/980619-1.c execution, -Os
FAIL: gcc.c-torture/execute/ieee/mzero2.c execution, -O0
FAIL: gcc.c-torture/execute/ieee/mzero2.c execution, -O1
FAIL: gcc.dg/990213-2.c (test for excess errors)
FAIL: gcc.dg/991214-1.c (test for excess errors)
FAIL: gcc.dg/cast-qual-1.c discarding \`const' warning (test for bogus messages, line 11)
FAIL: gcc.dg/cast-qual-1.c discarding \`const' warning (test for warnings, line 17)
FAIL: gcc.dg/compare1.c comparison between signed and unsigned (test for bogus messages, line 25)
FAIL: gcc.dg/special/weak-1.c execution test
=== gcc Summary ===
# of expected passes 8918
# of unexpected failures 21
# of unexpected successes 7
# of expected failures 32
# of unsupported tests 15
/usr/src/cvs/egcs-curr/build/build.lnx/gcc/xgcc version 2.96 19991217 (experimental)
=== g++ tests ===
Running target unix
FAIL: g++.dg/special/conpr-1.C execution test
FAIL: g++.dg/special/conpr-2.C execution test
FAIL: g++.dg/special/conpr-3.C execution test
FAIL: g++.dg/special/conpr-3.C execution test
FAIL: g++.ext/initp1.C Execution test
XPASS: g++.pt/instantiate6.C (test for excess errors)
=== g++ Summary ===
# of expected passes 5651
# of unexpected failures 5
# of unexpected successes 1
# of expected failures 97
# of untested testcases 8
/usr/src/cvs/egcs-curr/build/build.lnx/gcc/testsuite/../xgcc version 2.96 19991217 (experimental)
=== g77 tests ===
Running target unix
FAIL: g77.f-torture/compile/19990826-1.f, -O0
FAIL: g77.f-torture/compile/19990826-1.f, -O1
FAIL: g77.f-torture/compile/19990826-1.f, -O2
FAIL: g77.f-torture/compile/19990826-1.f, -O2 -fomit-frame-pointer -finline-functions
FAIL: g77.f-torture/compile/19990826-1.f, -Os
FAIL: g77.f-torture/execute/19990325-0.f execution, -O0
FAIL: g77.f-torture/execute/19990325-1.f execution, -O2 -fomit-frame-pointer -finline-functions
FAIL: g77.f-torture/execute/970625-2.f execution, -O1
=== g77 Summary ===
# of expected passes 646
# of unexpected failures 8
=== objc tests ===
Running target unix
FAIL: objc/execute/bf-1.m compilation, -O
FAIL: objc/execute/bf-10.m compilation, -O
FAIL: objc/execute/bf-11.m compilation, -O
FAIL: objc/execute/bf-12.m compilation, -O
FAIL: objc/execute/bf-13.m compilation, -O
FAIL: objc/execute/bf-14.m compilation, -O
FAIL: objc/execute/bf-15.m compilation, -O
FAIL: objc/execute/bf-16.m compilation, -O
FAIL: objc/execute/bf-17.m compilation, -O
FAIL: objc/execute/bf-18.m compilation, -O
FAIL: objc/execute/bf-19.m compilation, -O
FAIL: objc/execute/bf-2.m compilation, -O
FAIL: objc/execute/bf-3.m compilation, -O
FAIL: objc/execute/bf-4.m compilation, -O
FAIL: objc/execute/bf-5.m compilation, -O
FAIL: objc/execute/bf-6.m compilation, -O
FAIL: objc/execute/bf-7.m compilation, -O
FAIL: objc/execute/bf-8.m compilation, -O
FAIL: objc/execute/bf-9.m compilation, -O
=== objc Summary ===
# of unexpected failures 19
# of untested testcases 19
/usr/src/cvs/egcs-curr/build/build.lnx/gcc/xgcc version 2.96 19991217 (experimental)
Compiler version: 2.96 19991217 (experimental)
Platform: i586-pc-linux-gnu
configure flags: --with-gcc-version-trigger=/usr/src/cvs/egcs-curr/build/egcs-19991217/gcc/version.c --host=i586-pc-linux-gnu --prefix=/usr --enable-shared --with-gnu-ld --enable-threads --verbose --norecursion
Counting all warnings,
there are 440 warnings in stage3 of this bootstrap.
Number of warnings per file:
142 /usr/include/bits/mathinline.h
103 ./parse.y
14 ../../../egcs-19991217/gcc/f/global.c
12 ../../../egcs-19991217/gcc/java/lex.c
10 ../../../egcs-19991217/gcc/f/storag.c
8 ../../../egcs-19991217/gcc/java/parse.h
8 ../../../egcs-19991217/gcc/f/lex.c
8 ../../../egcs-19991217/gcc/f/equiv.c
7 ../../egcs-19991217/gcc/loop.c
7 ../../egcs-19991217/gcc/final.c
5 ../../../egcs-19991217/gcc/f/expr.c
4 cexp.y
4 ../../egcs-19991217/gcc/unroll.c
4 ../../egcs-19991217/gcc/reload.c
4 ../../egcs-19991217/gcc/regmove.c
4 ../../egcs-19991217/gcc/fold-const.c
4 ../../egcs-19991217/gcc/cse.c
4 ../../egcs-19991217/gcc/config/i386/i386.c
4 ../../../egcs-19991217/gcc/f/target.c
4 ../../../egcs-19991217/gcc/f/ste.c
4 ../../../egcs-19991217/gcc/ch/actions.c
3 ../../egcs-19991217/gcc/varasm.c
3 ../../egcs-19991217/gcc/toplev.c
3 ../../egcs-19991217/gcc/regclass.c
3 ../../egcs-19991217/gcc/reg-stack.c
3 ../../egcs-19991217/gcc/genopinit.c
3 ../../egcs-19991217/gcc/gcc.c
3 ../../egcs-19991217/gcc/cccp.c
3 ../../egcs-19991217/gcc/c-typeck.c
3 ../../../egcs-19991217/gcc/java/gjavah.c
3 ../../../egcs-19991217/gcc/f/com.c
2 str-ot.j
2 str-1t.j
2 ../../egcs-19991217/gcc/local-alloc.c
2 ../../egcs-19991217/gcc/function.c
2 ../../egcs-19991217/gcc/flow.c
2 ../../egcs-19991217/gcc/expr.c
2 ../../../egcs-19991217/gcc/f/symbol.c
2 ../../../egcs-19991217/gcc/f/std.c
2 ../../../egcs-19991217/gcc/f/bad.c
1 str-op.j
1 str-nq.j
1 str-io.j
1 str-fo.j
1 str-2t.j
1 insn-output.c
1 ../../egcs-19991217/gcc/tree.c
1 ../../egcs-19991217/gcc/stupid.c
1 ../../egcs-19991217/gcc/stor-layout.c
1 ../../egcs-19991217/gcc/reload1.c
1 ../../egcs-19991217/gcc/optabs.c
1 ../../egcs-19991217/gcc/hash.c
1 ../../egcs-19991217/gcc/genattrtab.c
1 ../../egcs-19991217/gcc/gcov-io.h
1 ../../egcs-19991217/gcc/emit-rtl.c
1 ../../egcs-19991217/gcc/dwarfout.c
1 ../../egcs-19991217/gcc/crtstuff.c
1 ../../egcs-19991217/gcc/collect2.c
1 ../../egcs-19991217/gcc/builtins.c
1 ../../../egcs-19991217/gcc/java/jv-scan.c
1 ../../../egcs-19991217/gcc/java/jcf-parse.c
1 ../../../egcs-19991217/gcc/java/javaop.def
1 ../../../egcs-19991217/gcc/java/expr.c
1 ../../../egcs-19991217/gcc/f/malloc.c
1 ../../../egcs-19991217/gcc/cp/tree.c
1 ../../../egcs-19991217/gcc/cp/error.c
1 ../../../egcs-19991217/gcc/cp/decl.c
1 ../../../egcs-19991217/gcc/cp/class.c
Number of warning types:
298 Use of ANSI string concatenation
35 `???' might be used uninitialized in this function
21 `long' switch expression not converted to `int' in ANSI C
16 format not a string literal, argument types not checked
15 comparison between signed and unsigned
13 unused parameter `???'
12 variable `???' might be clobbered by `longjmp' or `vfork'
8 macro arg `???' would be stringified with -traditional.
7 unused variable `???'
4 implicit declaration of function `???'
4 `???' declared `static' but never defined
3 white space at end of line in string
1 passing arg ??? of `???' discards qualifiers from pointer target type
1 control reaches end of non-void function
1 assignment from incompatible pointer type
1 `???' defined but not used