This is the mail archive of the
gcc-testresults@gcc.gnu.org
mailing list for the GCC project.
Results for 2.96 19991214 (experimental) testsuite on mips-sgi-irix6.2
- To: gcc-testresults at gcc dot gnu dot org
- Subject: Results for 2.96 19991214 (experimental) testsuite on mips-sgi-irix6.2
- From: "Kaveh R. Ghazi" <ghazi at caip dot rutgers dot edu>
- Date: Wed, 15 Dec 1999 22:56:07 -0500 (EST)
Native configuration is mips-sgi-irix6.2
=== objc tests ===
Running target unix
=== objc Summary ===
# of expected passes 38
/caip/u99/ghazi/gcc-testing/build/gcc/xgcc version 2.96 19991214 (experimental)
=== gcc tests ===
Running target unix
FAIL: gcc.c-torture/compile/991213-1.c, -O1
FAIL: gcc.c-torture/compile/991213-1.c, -O2
FAIL: gcc.c-torture/compile/991213-1.c, -O3 -fomit-frame-pointer
FAIL: gcc.c-torture/compile/991213-1.c, -O3 -fomit-frame-pointer -funroll-loops
FAIL: gcc.c-torture/compile/991213-1.c, -O3 -fomit-frame-pointer -funroll-all-loops -finline-functions
FAIL: gcc.c-torture/compile/991213-1.c, -O3 -g
FAIL: gcc.c-torture/compile/991213-1.c, -Os
FAIL: gcc.c-torture/execute/991202-3.c execution, -O0
FAIL: gcc.c-torture/execute/991202-3.c execution, -O1
FAIL: gcc.c-torture/execute/991202-3.c execution, -O2
FAIL: gcc.c-torture/execute/991202-3.c execution, -O3 -fomit-frame-pointer
FAIL: gcc.c-torture/execute/991202-3.c execution, -O3 -g
FAIL: gcc.c-torture/execute/991202-3.c execution, -Os
XPASS: gcc.c-torture/execute/memcheck/blkarg.c execution, -O0
XPASS: gcc.c-torture/execute/memcheck/blkarg.c execution, -O1
XPASS: gcc.c-torture/execute/memcheck/blkarg.c execution, -O2
XPASS: gcc.c-torture/execute/memcheck/blkarg.c execution, -Os
FAIL: gcc.dg/cast-qual-1.c discarding `const' warning (test for bogus messages, line 11)
FAIL: gcc.dg/cast-qual-1.c discarding `const' warning (test for warnings, line 17)
FAIL: gcc.dg/compare1.c comparison between signed and unsigned (test for bogus messages, line 25)
FAIL: alias-1.c
FAIL: wkali-1.c
FAIL: wkali-2b.o
=== gcc Summary ===
# of expected passes 8832
# of unexpected failures 19
# of unexpected successes 4
# of expected failures 28
# of unsupported tests 31
/caip/u99/ghazi/gcc-testing/build/gcc/xgcc version 2.96 19991214 (experimental)
=== g77 tests ===
Running target unix
=== g77 Summary ===
# of expected passes 654
=== g++ tests ===
Running target unix
FAIL: g++.dg/special/conpr-1.C execution test
FAIL: g++.dg/special/conpr-2.C execution test
FAIL: g++.dg/special/conpr-3.C execution test
FAIL: g++.dg/special/conpr-3.C execution test
FAIL: g++.ext/initp1.C Execution test
XPASS: g++.pt/instantiate6.C (test for excess errors)
=== g++ Summary ===
# of expected passes 5633
# of unexpected failures 5
# of unexpected successes 1
# of expected failures 100
# of untested testcases 17
/caip/u99/ghazi/gcc-testing/build/gcc/testsuite/../xgcc version 2.96 19991214 (experimental)
=== libstdc++ tests ===
Running target unix
=== libstdc++ Summary ===
# of expected passes 30
=== libio tests ===
Running target unix
=== libio Summary ===
# of expected passes 40
Compiler version: 2.96 19991214 (experimental)
Platform: mips-sgi-irix6.2
configure flags: --with-gcc-version-trigger=/caip/u99/ghazi/gcc-testing/egcs-CVS19991214/gcc/version.c --host=mips-sgi-irix6.2 --verbose --norecursion