This is the mail archive of the gcc-testresults@gcc.gnu.org mailing list for the GCC project.
Index Nav: | [Date Index] [Subject Index] [Author Index] [Thread Index] | |
---|---|---|
Message Nav: | [Date Prev] [Date Next] | [Thread Prev] [Thread Next] |
Native configuration is alpha-dec-osf4.0e
../../../egcs-19991208/libio/isscan.cc: In method `istream &istream::scan (const char *, ...)':
../../../egcs-19991208/libio/isscan.cc:36: could not convert `ap' to `__va_list_tag'
../../../egcs-19991208/libio/isscan.cc: In method `istream &istream::vscan (const char *, __va_list_tag)':
../../../egcs-19991208/libio/isscan.cc:50: could not convert `args' to `__va_list_tag'
Skipped compiling libio
=== gcc tests ===
Running target unix
FAIL: gcc.c-torture/execute/930529-1.c execution, -O3 -fomit-frame-pointer
FAIL: gcc.c-torture/execute/930529-1.c execution, -O3 -fomit-frame-pointer -funroll-loops
FAIL: gcc.c-torture/execute/930529-1.c execution, -O3 -fomit-frame-pointer -funroll-all-loops -finline-functions
FAIL: gcc.c-torture/execute/930529-1.c execution, -O3 -g
FAIL: gcc.c-torture/execute/990811-1.c compilation, -O3 -fomit-frame-pointer
FAIL: gcc.c-torture/execute/990811-1.c compilation, -O3 -fomit-frame-pointer -funroll-loops
FAIL: gcc.c-torture/execute/990811-1.c compilation, -O3 -fomit-frame-pointer -funroll-all-loops -finline-functions
FAIL: gcc.c-torture/execute/990811-1.c compilation, -O3 -g
FAIL: gcc.c-torture/execute/991202-3.c execution, -O0
FAIL: gcc.c-torture/execute/991202-3.c execution, -O1
FAIL: gcc.c-torture/execute/991202-3.c execution, -O2
FAIL: gcc.c-torture/execute/991202-3.c execution, -O3 -fomit-frame-pointer
FAIL: gcc.c-torture/execute/991202-3.c execution, -O3 -g
FAIL: gcc.c-torture/execute/991202-3.c execution, -Os
FAIL: gcc.c-torture/execute/ieee/fp-cmp-2.c execution, -O0
FAIL: gcc.c-torture/execute/ieee/fp-cmp-2.c execution, -O1
FAIL: gcc.c-torture/execute/ieee/fp-cmp-2.c execution, -O2
FAIL: gcc.c-torture/execute/ieee/fp-cmp-2.c execution, -O3 -fomit-frame-pointer
FAIL: gcc.c-torture/execute/ieee/fp-cmp-2.c execution, -O3 -fomit-frame-pointer -funroll-loops
FAIL: gcc.c-torture/execute/ieee/fp-cmp-2.c execution, -O3 -fomit-frame-pointer -funroll-all-loops -finline-functions
FAIL: gcc.c-torture/execute/ieee/fp-cmp-2.c execution, -O3 -g
FAIL: gcc.c-torture/execute/ieee/fp-cmp-2.c execution, -Os
FAIL: gcc.c-torture/execute/ieee/mzero2.c execution, -O0
FAIL: gcc.c-torture/execute/ieee/mzero2.c execution, -O1
FAIL: gcc.c-torture/execute/ieee/mzero2.c execution, -O2
FAIL: gcc.c-torture/execute/ieee/mzero2.c execution, -O3 -fomit-frame-pointer
FAIL: gcc.c-torture/execute/ieee/mzero2.c execution, -O3 -g
FAIL: gcc.c-torture/execute/ieee/mzero2.c execution, -Os
XPASS: gcc.c-torture/execute/memcheck/blkarg.c execution, -O0
XPASS: gcc.c-torture/execute/memcheck/blkarg.c execution, -O1
XPASS: gcc.c-torture/execute/memcheck/blkarg.c execution, -O2
XPASS: gcc.c-torture/execute/memcheck/blkarg.c execution, -Os
FAIL: gcc.dg/cast-qual-1.c discarding \`const' warning (test for bogus messages, line 11)
FAIL: gcc.dg/cast-qual-1.c discarding \`const' warning (test for warnings, line 17)
FAIL: gcc.dg/compare1.c comparison between signed and unsigned (test for bogus messages, line 25)
=== gcc Summary ===
# of expected passes 8767
# of unexpected failures 31
# of unexpected successes 4
# of expected failures 28
# of unresolved testcases 7
# of unsupported tests 30
/user/rand/rdb/src/egcs-19991208.obj/gcc/xgcc version 2.96 19991208 (experimental)
=== g++ tests ===
Running target unix
FAIL: g++.ext/attrib5.C (test for excess errors)
FAIL: g++.jason/thunk2.C (test for excess errors)
FAIL: g++.oliva/template7.C caused compiler crash
FAIL: g++.oliva/thunk1.C (test for excess errors)
FAIL: g++.other/syntax1.C (test for excess errors)
FAIL: g++.other/syntax2.C (test for excess errors)
XPASS: g++.pt/instantiate6.C (test for excess errors)
FAIL: g++.pt/static6.C (test for excess errors)
FAIL: g++.pt/ttp19.C (test for excess errors)
FAIL: g++.pt/ttp40.C (test for excess errors)
FAIL: g++.robertl/eb127.C (test for excess errors)
FAIL: g++.robertl/eb21.C (test for excess errors)
FAIL: g++.robertl/eb41.C (test for excess errors)
FAIL: g++.robertl/eb59.C (test for excess errors)
FAIL: g++.robertl/eb73.C (test for excess errors)
=== g++ Summary ===
# of expected passes 5615
# of unexpected failures 14
# of unexpected successes 1
# of expected failures 105
# of untested testcases 17
/user/rand/rdb/src/egcs-19991208.obj/gcc/testsuite/../xgcc version 2.96 19991208 (experimental)
=== g77 tests ===
Running target unix
FAIL: g77.f-torture/compile/19990826-1.f, -O0
FAIL: g77.f-torture/compile/19990826-1.f, -O1
FAIL: g77.f-torture/compile/19990826-1.f, -O2
FAIL: g77.f-torture/compile/19990826-1.f, -O2 -fomit-frame-pointer -finline-functions
FAIL: g77.f-torture/compile/19990826-1.f, -Os
=== g77 Summary ===
# of expected passes 649
# of unexpected failures 5
=== objc tests ===
Running target unix
FAIL: objc/execute/bf-10.m execution, -O
FAIL: objc/execute/bf-16.m execution, -O
FAIL: objc/execute/bf-17.m execution, -O
=== objc Summary ===
# of expected passes 35
# of unexpected failures 3
/user/rand/rdb/src/egcs-19991208.obj/gcc/xgcc version 2.96 19991208 (experimental)
Compiler version: 2.96 19991208 (experimental)
Platform: alpha-dec-osf4.0e
configure flags: --with-gcc-version-trigger=/user/rand/rdb/src/egcs-19991208/gcc/version.c --host=alpha-dec-osf4.0e --norecursion
Counting all warnings,
there are 151 warnings in stage3 of this bootstrap.
Number of warnings per file:
12 ../../../egcs-19991208/gcc/java/lex.c
8 ../../../egcs-19991208/gcc/java/parse.h
7 ../../egcs-19991208/gcc/mips-tfile.c
7 ../../egcs-19991208/gcc/final.c
5 ../../egcs-19991208/gcc/reload.c
5 ../../egcs-19991208/gcc/config/alpha/alpha.c
4 cexp.y
4 ../../egcs-19991208/gcc/varasm.c
4 ../../egcs-19991208/gcc/unroll.c
4 ../../egcs-19991208/gcc/sdbout.c
4 ../../egcs-19991208/gcc/regmove.c
4 ../../egcs-19991208/gcc/loop.c
4 ../../egcs-19991208/gcc/fold-const.c
4 ../../egcs-19991208/gcc/expr.c
4 ../../../egcs-19991208/gcc/f/lex.c
3 ../../egcs-19991208/gcc/reload1.c
3 ../../egcs-19991208/gcc/genopinit.c
3 ../../egcs-19991208/gcc/gcc.c
3 ../../egcs-19991208/gcc/collect2.c
3 ../../egcs-19991208/gcc/cccp.c
3 ../../egcs-19991208/gcc/c-typeck.c
3 ../../../egcs-19991208/gcc/java/gjavah.c
3 ../../../egcs-19991208/gcc/cp/class.c
2 str-ot.j
2 str-1t.j
2 insn-recog.c
2 ./parse.y
2 ../../egcs-19991208/gcc/optabs.c
2 ../../egcs-19991208/gcc/local-alloc.c
2 ../../egcs-19991208/gcc/function.c
2 ../../egcs-19991208/gcc/emit-rtl.c
2 ../../../egcs-19991208/gcc/cp/semantics.c
2 ../../../egcs-19991208/gcc/cp/decl.c
1 str-op.j
1 str-nq.j
1 str-io.j
1 str-fo.j
1 str-2t.j
1 include/ldfcn.h
1 ../../egcs-19991208/gcc/tree.c
1 ../../egcs-19991208/gcc/toplev.c
1 ../../egcs-19991208/gcc/stupid.c
1 ../../egcs-19991208/gcc/stor-layout.c
1 ../../egcs-19991208/gcc/scan-decls.c
1 ../../egcs-19991208/gcc/regclass.c
1 ../../egcs-19991208/gcc/hash.c
1 ../../egcs-19991208/gcc/global.c
1 ../../egcs-19991208/gcc/ggc-page.c
1 ../../egcs-19991208/gcc/gcov-io.h
1 ../../egcs-19991208/gcc/flow.c
1 ../../egcs-19991208/gcc/combine.c
1 ../../egcs-19991208/gcc/calls.c
1 ../../../egcs-19991208/gcc/java/javaop.def
1 ../../../egcs-19991208/gcc/f/expr.c
1 ../../../egcs-19991208/gcc/cp/tree.c
1 ../../../egcs-19991208/gcc/cp/optimize.c
1 ../../../egcs-19991208/gcc/cp/lex.c
1 ../../../egcs-19991208/gcc/cp/init.c
1 ../../../egcs-19991208/gcc/cp/except.c
1 ../../../egcs-19991208/gcc/cp/error.c
Number of warning types:
29 \`???' might be used uninitialized in this function
24 comparison between signed and unsigned
20 format not a string literal, argument types not checked
20 \`long' switch expression not converted to \`int' in ANSI C
14 unused parameter \`???'
12 variable \`???' might be clobbered by \`longjmp' or \`vfork'
9 macro arg \`???' would be stringified with -traditional.
5 unused variable \`???'
3 white space at end of line in string
3 implicit declaration of function \`???'
2 passing arg ??? of \`???' from incompatible pointer type
2 format argument is not a pointer (arg ???)
1 type of \`???' defaults to \`int'
1 passing arg ??? of \`???' discards qualifiers from pointer target type
1 non-static declaration for \`???' follows static
1 missing initializer
1 assignment from incompatible pointer type
1 \`???' defined but not used
1 ??? format, ??? arg (arg ???)
1 (near initialization for \`???')
Index Nav: | [Date Index] [Subject Index] [Author Index] [Thread Index] | |
---|---|---|
Message Nav: | [Date Prev] [Date Next] | [Thread Prev] [Thread Next] |