This is the mail archive of the
gcc-testresults@gcc.gnu.org
mailing list for the GCC project.
Results for 2.96 19991208 (experimental) testsuite on sparc-sun-solaris2.6
- To: gcc-testresults at gcc dot gnu dot org
- Subject: Results for 2.96 19991208 (experimental) testsuite on sparc-sun-solaris2.6
- From: Alexandre Oliva <oliva at lsd dot ic dot unicamp dot br>
- Date: Thu, 9 Dec 1999 08:49:21 -0200
Native configuration is sparc-sun-solaris2.6
=== g++ tests ===
Running target unix
FAIL: g++.dg/special/conpr-1.C execution test
FAIL: g++.dg/special/conpr-2.C execution test
FAIL: g++.dg/special/conpr-3.C execution test
FAIL: g++.dg/special/conpr-3.C execution test
FAIL: g++.ext/initp1.C Execution test
FAIL: g++.other/vaarg3.C promote (test for errors, line 26)
XPASS: g++.pt/instantiate6.C (test for excess errors)
=== g++ Summary ===
# of expected passes 5634
# of unexpected failures 6
# of unexpected successes 1
# of expected failures 96
# of untested testcases 16
/tmp/egcs/gcc/testsuite/../xgcc version 2.96 19991208 (experimental)
=== g77 tests ===
Running target unix
FAIL: g77.f-torture/compile/19990826-1.f, -O0
FAIL: g77.f-torture/compile/19990826-1.f, -O1
FAIL: g77.f-torture/compile/19990826-1.f, -O2
FAIL: g77.f-torture/compile/19990826-1.f, -O2 -fomit-frame-pointer -finline-functions
FAIL: g77.f-torture/compile/19990826-1.f, -Os
=== g77 Summary ===
# of expected passes 649
# of unexpected failures 5
=== gcc tests ===
Running target unix
FAIL: gcc.c-torture/execute/980205.c execution, -O0
FAIL: gcc.c-torture/execute/991202-3.c execution, -O0
FAIL: gcc.c-torture/execute/991202-3.c execution, -O1
FAIL: gcc.c-torture/execute/991202-3.c execution, -O2
FAIL: gcc.c-torture/execute/991202-3.c execution, -O3 -fomit-frame-pointer
FAIL: gcc.c-torture/execute/991202-3.c execution, -O3 -g
FAIL: gcc.c-torture/execute/991202-3.c execution, -Os
FAIL: gcc.dg/cast-qual-1.c discarding `const' warning (test for bogus messages, line 11)
FAIL: gcc.dg/cast-qual-1.c discarding `const' warning (test for warnings, line 17)
FAIL: gcc.dg/compare1.c comparison between signed and unsigned (test for bogus messages, line 25)
FAIL: gcc.dg/ultrasp1.c (test for excess errors)
=== gcc Summary ===
# of expected passes 8799
# of unexpected failures 11
# of expected failures 32
# of unsupported tests 29
/tmp/egcs/gcc/xgcc version 2.96 19991208 (experimental)
=== libg++ tests ===
Running target unix
=== libg++ Summary ===
# of expected passes 72
=== libio tests ===
Running target unix
FAIL: tFile.cc execution
FAIL: tFile.cc execution -b0
FAIL: tFile.cc execution -b3
FAIL: tfformat.c execution
=== libio Summary ===
# of expected passes 33
# of unexpected failures 4
# of expected failures 4
=== libstdc++ tests ===
Running target unix
=== libstdc++ Summary ===
# of expected passes 30
=== objc tests ===
Running target unix
FAIL: objc/execute/bf-1.m compilation, -O
FAIL: objc/execute/bf-10.m compilation, -O
FAIL: objc/execute/bf-11.m compilation, -O
FAIL: objc/execute/bf-12.m compilation, -O
FAIL: objc/execute/bf-13.m compilation, -O
FAIL: objc/execute/bf-14.m compilation, -O
FAIL: objc/execute/bf-15.m compilation, -O
FAIL: objc/execute/bf-16.m compilation, -O
FAIL: objc/execute/bf-17.m compilation, -O
FAIL: objc/execute/bf-18.m compilation, -O
FAIL: objc/execute/bf-19.m compilation, -O
FAIL: objc/execute/bf-2.m compilation, -O
FAIL: objc/execute/bf-3.m compilation, -O
FAIL: objc/execute/bf-4.m compilation, -O
FAIL: objc/execute/bf-5.m compilation, -O
FAIL: objc/execute/bf-6.m compilation, -O
FAIL: objc/execute/bf-7.m compilation, -O
FAIL: objc/execute/bf-8.m compilation, -O
FAIL: objc/execute/bf-9.m compilation, -O
=== objc Summary ===
# of unexpected failures 19
# of untested testcases 19
/tmp/egcs/gcc/xgcc version 2.96 19991208 (experimental)
Compiler version: 2.96 19991208 (experimental)
Platform: sparc-sun-solaris2.6
BOOT_CFLAGS: -g -O9 -W -Wall
Counting all warnings,
there are 266 warnings in stage3 of this bootstrap.
Number of warnings per file:
124 /home/phd/oliva/src/egcs/gcc/config/sparc/sparc.c
12 /home/phd/oliva/src/egcs/gcc/java/lex.c
8 /home/phd/oliva/src/egcs/gcc/java/parse.h
5 /home/phd/oliva/src/egcs/gcc/final.c
5 /home/phd/oliva/src/egcs/gcc/expr.c
4 cexp.y
4 /home/phd/oliva/src/egcs/gcc/unroll.c
4 /home/phd/oliva/src/egcs/gcc/regmove.c
4 /home/phd/oliva/src/egcs/gcc/loop.c
4 /home/phd/oliva/src/egcs/gcc/fold-const.c
4 /home/phd/oliva/src/egcs/gcc/f/lex.c
4 /home/phd/oliva/src/egcs/gcc/cp/class.c
4 /home/phd/oliva/src/egcs/gcc/ch/actions.c
3 /home/phd/oliva/src/egcs/gcc/varasm.c
3 /home/phd/oliva/src/egcs/gcc/reload.c
3 /home/phd/oliva/src/egcs/gcc/java/gjavah.c
3 /home/phd/oliva/src/egcs/gcc/genopinit.c
3 /home/phd/oliva/src/egcs/gcc/gcc.c
3 /home/phd/oliva/src/egcs/gcc/emit-rtl.c
3 /home/phd/oliva/src/egcs/gcc/cccp.c
3 /home/phd/oliva/src/egcs/gcc/c-typeck.c
3 /home/phd/oliva/src/egcs/gcc/alias.c
2 str-ot.j
2 str-1t.j
2 insn-recog.c
2 /home/phd/oliva/src/egcs/gcc/regclass.c
2 /home/phd/oliva/src/egcs/gcc/optabs.c
2 /home/phd/oliva/src/egcs/gcc/local-alloc.c
2 /home/phd/oliva/src/egcs/gcc/function.c
2 /home/phd/oliva/src/egcs/gcc/cpphash.c
2 /home/phd/oliva/src/egcs/gcc/cp/semantics.c
2 /home/phd/oliva/src/egcs/gcc/cp/decl.c
2 ./parse.y
1 str-op.j
1 str-nq.j
1 str-io.j
1 str-fo.j
1 str-2t.j
1 insn-emit.c
1 /home/phd/oliva/src/egcs/gcc/tree.c
1 /home/phd/oliva/src/egcs/gcc/toplev.c
1 /home/phd/oliva/src/egcs/gcc/stupid.c
1 /home/phd/oliva/src/egcs/gcc/stor-layout.c
1 /home/phd/oliva/src/egcs/gcc/scan-decls.c
1 /home/phd/oliva/src/egcs/gcc/jump.c
1 /home/phd/oliva/src/egcs/gcc/java/javaop.def
1 /home/phd/oliva/src/egcs/gcc/hash.c
1 /home/phd/oliva/src/egcs/gcc/global.c
1 /home/phd/oliva/src/egcs/gcc/genattrtab.c
1 /home/phd/oliva/src/egcs/gcc/gcov-io.h
1 /home/phd/oliva/src/egcs/gcc/f/expr.c
1 /home/phd/oliva/src/egcs/gcc/explow.c
1 /home/phd/oliva/src/egcs/gcc/cse.c
1 /home/phd/oliva/src/egcs/gcc/cp/tree.c
1 /home/phd/oliva/src/egcs/gcc/cp/lex.c
1 /home/phd/oliva/src/egcs/gcc/cp/init.c
1 /home/phd/oliva/src/egcs/gcc/cp/expr.c
1 /home/phd/oliva/src/egcs/gcc/cp/except.c
1 /home/phd/oliva/src/egcs/gcc/cp/error.c
1 /home/phd/oliva/src/egcs/gcc/combine.c
1 /home/phd/oliva/src/egcs/gcc/collect2.c
1 /home/phd/oliva/src/egcs/gcc/ch/expr.c
1 /home/phd/oliva/src/egcs/gcc/calls.c
1 /home/phd/oliva/src/egcs/gcc/builtins.c
Number of warning types:
121 enumeration value `???' not handled in switch
37 `???' might be used uninitialized in this function
27 comparison between signed and unsigned
20 format not a string literal, argument types not checked
15 `long' switch expression not converted to `int' in ANSI C
12 variable `???' might be clobbered by `longjmp' or `vfork'
11 unused parameter `???'
8 macro arg `???' would be stringified with -traditional.
6 unused variable `???'
3 white space at end of line in string
1 type of `???' defaults to `int'
1 passing arg ??? of `???' discards qualifiers from pointer target type
1 non-static declaration for `???' follows static
1 implicit declaration of function `???'
1 assignment from incompatible pointer type
1 `???' defined but not used