This is the mail archive of the
gcc-testresults@gcc.gnu.org
mailing list for the GCC project.
Results for 2.96 19991201 on i586-pc-cygwin32
- To: gcc-testresults at gcc dot gnu dot org
- Subject: Results for 2.96 19991201 on i586-pc-cygwin32
- From: N8TM at aol dot com
- Date: Thu, 2 Dec 1999 21:07:50 EST
Native configuration is i586-pc-cygwin32
=== g++ tests ===
Running target unix
FAIL: g++.dg/special/conpr-1.C (test for excess errors)
FAIL: conpr-2a.o
FAIL: conpr-3a.o
FAIL: g++.eh/fntry1.C Execution test
FAIL: g++.eh/vbase1.C Execution test
FAIL: g++.ext/initp1.C caused compiler crash
FAIL: g++.jason/cast3.C (test for excess errors)
=== g++ Summary ===
# of expected passes 1873
# of unexpected failures 7
# of expected failures 17
# of untested testcases 1
e:/src/gnu/egcs-19990913/w2k/gcc/testsuite/../xgcc version 2.96 19991201 (experimental)
=== g77 tests ===
Running target unix
FAIL: g77.f-torture/compile/19990826-1.f, -O0
FAIL: g77.f-torture/compile/19990826-1.f, -O1
FAIL: g77.f-torture/compile/19990826-1.f, -O2
FAIL: g77.f-torture/compile/19990826-1.f, -O2 -fomit-frame-pointer -finline-functions
FAIL: g77.f-torture/compile/19990826-1.f, -Os
=== g77 Summary ===
# of expected passes 649
# of unexpected failures 5
=== gcc tests ===
Running target unix
XPASS: gcc.c-torture/execute/ieee/980619-1.c execution, -O1
XPASS: gcc.c-torture/execute/ieee/980619-1.c execution, -O2
XPASS: gcc.c-torture/execute/ieee/980619-1.c execution, -O3 -fomit-frame-pointer
XPASS: gcc.c-torture/execute/ieee/980619-1.c execution, -O3 -fomit-frame-pointer -funroll-loops
XPASS: gcc.c-torture/execute/ieee/980619-1.c execution, -O3 -fomit-frame-pointer -funroll-all-loops -finline-functions
XPASS: gcc.c-torture/execute/ieee/980619-1.c execution, -O3 -g
XPASS: gcc.c-torture/execute/ieee/980619-1.c execution, -Os
XPASS: gcc.c-torture/execute/memcheck/blkarg.c execution, -O0
XPASS: gcc.c-torture/execute/memcheck/blkarg.c execution, -O1
XPASS: gcc.c-torture/execute/memcheck/blkarg.c execution, -O2
XPASS: gcc.c-torture/execute/memcheck/blkarg.c execution, -O3 -fomit-frame-pointer
XPASS: gcc.c-torture/execute/memcheck/blkarg.c execution, -O3 -g
XPASS: gcc.c-torture/execute/memcheck/blkarg.c execution, -Os
FAIL: gcc.c-torture/special/981006-1.c (test for excess errors)
XPASS: gcc.dg/990119-1.c execution test
FAIL: gcc.dg/990213-2.c (test for excess errors)
FAIL: gcc.dg/990214-1.c (test for excess errors)
FAIL: gcc.dg/cast-qual-1.c discarding \`const' warning (test for bogus messages, line 11)
FAIL: gcc.dg/cast-qual-1.c discarding \`const' warning (test for warnings, line 17)
FAIL: gcc.dg/compare1.c comparison between signed and unsigned (test for bogus messages, line 25)
XPASS: gcc.dg/setjmp-1.c spurious clobbered warning (test for bogus messages, line 16)
FAIL: gcov failed: spawn failed
=== gcc Summary ===
# of expected passes 8766
# of unexpected failures 7
# of unexpected successes 15
# of expected failures 24
# of unsupported tests 15
e:/src/gnu/egcs-19990913/w2k/gcc/xgcc version 2.96 19991201 (experimental)
=== objc tests ===
Running target unix
=== objc Summary ===
# of expected passes 15
e:/src/gnu/egcs-19990913/w2k/gcc/xgcc version 2.96 19991201 (experimental)
=== libstdc++ tests ===
Running target unix
=== libstdc++ Summary ===
# of expected passes 30
Compiler version: 2.96 19991201 (experimental)
Platform: i586-pc-cygwin32
configure flags: --with-gcc-version-trigger=/src/gnu/egcs-19990913/gcc/version.c --prefix=//e/cygnus/cygwin-b20/H-i586-cygwin32 --host=i586-pc-cygwin32 --target=i586-pc-cygwin32 --norecursion
BOOT_CFLAGS=-Os -march=pentiumpro -pipe -g
EOF
Mail -s "Results for 2.96 19991201 (experimental) testsuite on i586-pc-cygwin32" gcc-testresults@gcc.gnu.org &&