This is the mail archive of the
gcc-testresults@gcc.gnu.org
mailing list for the GCC project.
Results for 2.96 19991118 (experimental) testsuite on i586-pc-linux-gnu
- To: gcc-testresults at gcc dot gnu dot org
- Subject: Results for 2.96 19991118 (experimental) testsuite on i586-pc-linux-gnu
- From: Andris Pavenis <andris at hal dot astr dot lu dot lv>
- Date: Fri, 19 Nov 1999 08:54:20 +0200
System: linux kernel 2.2.13
glibc-2.1.2
binutils-2.9.1.0.25
Native configuration is i586-pc-linux-gnu
=== libio tests ===
Running target unix
=== libio Summary ===
# of expected passes 40
=== libstdc++ tests ===
Running target unix
=== libstdc++ Summary ===
# of expected passes 30
=== gcc tests ===
Running target unix
FAIL: gcc.c-torture/compile/920413-1.c, -Os
FAIL: gcc.c-torture/compile/920501-4.c, -Os
FAIL: gcc.c-torture/compile/930523-1.c, -Os
FAIL: gcc.c-torture/compile/941014-2.c, -Os
FAIL: gcc.c-torture/compile/950512-1.c, -Os
FAIL: gcc.c-torture/compile/950607-1.c, -Os
FAIL: gcc.c-torture/compile/950612-1.c, -Os
FAIL: gcc.c-torture/compile/950729-1.c, -Os
FAIL: gcc.c-torture/compile/951116-1.c, -Os
FAIL: gcc.c-torture/execute/920501-6.c compilation, -Os
FAIL: gcc.c-torture/execute/920721-1.c compilation, -Os
FAIL: gcc.c-torture/execute/930529-1.c compilation, -Os
FAIL: gcc.c-torture/execute/950612-1.c compilation, -Os
FAIL: gcc.c-torture/execute/960416-1.c compilation, -Os
FAIL: gcc.c-torture/execute/961213-1.c compilation, -Os
FAIL: gcc.c-torture/execute/991112-1.c execution, -O3 -fomit-frame-pointer
FAIL: gcc.c-torture/execute/991112-1.c execution, -O3 -g
FAIL: gcc.c-torture/execute/arith-rand.c compilation, -Os
FAIL: gcc.c-torture/execute/divmod-1.c compilation, -Os
FAIL: gcc.c-torture/execute/memcpy-bi.c compilation, -Os
FAIL: gcc.c-torture/execute/mod-1.c compilation, -Os
FAIL: gcc.c-torture/unsorted/386.c, -Os
FAIL: gcc.c-torture/unsorted/bc.c, -Os
FAIL: gcc.c-torture/unsorted/d.c, -Os
FAIL: gcc.c-torture/unsorted/div.c, -Os
FAIL: gcc.c-torture/unsorted/mod.c, -Os
FAIL: gcc.c-torture/unsorted/modcc.c, -Os
FAIL: gcc.c-torture/unsorted/mul.c, -Os
FAIL: gcc.c-torture/unsorted/signext.c, -Os
FAIL: gcc.c-torture/unsorted/signext2.c, -Os
FAIL: gcc.c-torture/unsorted/u.c, -Os
FAIL: gcc.c-torture/unsorted/udivmod4.c, -Os
FAIL: gcc.dg/cast-qual-1.c discarding \`const' warning (test for bogus messages, line 11)
FAIL: gcc.dg/cast-qual-1.c discarding \`const' warning (test for warnings, line 17)
FAIL: gcc.dg/compare1.c comparison between signed and unsigned (test for bogus messages, line 25)
FAIL: gcc.dg/special/weak-1.c execution test
=== gcc Summary ===
# of expected passes 8716
# of unexpected failures 36
# of expected failures 39
# of unresolved testcases 10
# of unsupported tests 14
/usr/src/cvs/egcs-curr/build/build.lnx/gcc/xgcc version 2.96 19991118 (experimental)
=== g++ tests ===
Running target unix
FAIL: g++.dg/special/conpr-1.C execution test
FAIL: g++.dg/special/conpr-2.C execution test
FAIL: g++.dg/special/conpr-3.C execution test
FAIL: g++.dg/special/conpr-3.C execution test
FAIL: g++.ext/initp1.C Execution test
FAIL: g++.oliva/template7.C (test for excess errors)
XPASS: g++.pt/instantiate6.C (test for excess errors)
=== g++ Summary ===
# of expected passes 5608
# of unexpected failures 6
# of unexpected successes 1
# of expected failures 96
# of untested testcases 7
/usr/src/cvs/egcs-curr/build/build.lnx/gcc/testsuite/../xgcc version 2.96 19991118 (experimental)
=== g77 tests ===
Running target unix
FAIL: g77.f-torture/compile/19990826-1.f, -O0
FAIL: g77.f-torture/compile/19990826-1.f, -O1
FAIL: g77.f-torture/compile/19990826-1.f, -O2
FAIL: g77.f-torture/compile/19990826-1.f, -O2 -fomit-frame-pointer -finline-functions
FAIL: g77.f-torture/compile/19990826-1.f, -Os
FAIL: g77.f-torture/compile/19990826-3.f, -Os
FAIL: g77.f-torture/execute/19990325-1.f execution, -O2 -fomit-frame-pointer -finline-functions
FAIL: g77.f-torture/execute/970625-2.f compilation, -Os
FAIL: g77.f-torture/execute/u77-test.f compilation, -Os
=== g77 Summary ===
# of expected passes 643
# of unexpected failures 9
# of untested testcases 2
=== objc tests ===
Running target unix
FAIL: objc/execute/bf-1.m compilation, -O
FAIL: objc/execute/bf-10.m compilation, -O
FAIL: objc/execute/bf-11.m compilation, -O
FAIL: objc/execute/bf-12.m compilation, -O
FAIL: objc/execute/bf-13.m compilation, -O
FAIL: objc/execute/bf-14.m compilation, -O
FAIL: objc/execute/bf-15.m compilation, -O
FAIL: objc/execute/bf-16.m compilation, -O
FAIL: objc/execute/bf-17.m compilation, -O
FAIL: objc/execute/bf-18.m compilation, -O
FAIL: objc/execute/bf-19.m compilation, -O
FAIL: objc/execute/bf-2.m compilation, -O
FAIL: objc/execute/bf-3.m compilation, -O
FAIL: objc/execute/bf-4.m compilation, -O
FAIL: objc/execute/bf-5.m compilation, -O
FAIL: objc/execute/bf-6.m compilation, -O
FAIL: objc/execute/bf-7.m compilation, -O
FAIL: objc/execute/bf-8.m compilation, -O
FAIL: objc/execute/bf-9.m compilation, -O
=== objc Summary ===
# of unexpected failures 19
# of untested testcases 19
/usr/src/cvs/egcs-curr/build/build.lnx/gcc/xgcc version 2.96 19991118 (experimental)
Compiler version: 2.96 19991118 (experimental)
Platform: i586-pc-linux-gnu
configure flags: --with-gcc-version-trigger=/usr/src/cvs/egcs-curr/build/egcs-19991118/gcc/version.c --host=i586-pc-linux-gnu --prefix=/usr --enable-shared --with-gnu-ld --enable-threads --verbose --norecursion
Counting all warnings,
there are 171 warnings in stage3 of this bootstrap.
Number of warnings per file:
12 ../../egcs-19991116/gcc/c-typeck.c
12 ../../../egcs-19991116/gcc/java/lex.c
8 ../../../egcs-19991116/gcc/f/sts.c
7 ../../egcs-19991116/gcc/final.c
7 ../../egcs-19991116/gcc/cccp.c
6 ../../egcs-19991116/gcc/loop.c
6 ../../../egcs-19991116/gcc/ch/tasking.c
5 ../../egcs-19991116/gcc/c-decl.c
4 cexp.y
4 ../../egcs-19991116/gcc/unroll.c
4 ../../egcs-19991116/gcc/toplev.c
4 ../../egcs-19991116/gcc/regmove.c
4 ../../egcs-19991116/gcc/gcc.c
4 ../../egcs-19991116/gcc/config/i386/i386.c
4 ../../../egcs-19991116/gcc/f/com.c
4 ../../../egcs-19991116/gcc/cp/class.c
4 ../../../egcs-19991116/gcc/ch/actions.c
3 ../../egcs-19991116/gcc/varasm.c
3 ../../egcs-19991116/gcc/reload.c
3 ../../egcs-19991116/gcc/regclass.c
3 ../../egcs-19991116/gcc/reg-stack.c
3 ../../egcs-19991116/gcc/genrecog.c
3 ../../egcs-19991116/gcc/genopinit.c
3 ../../../egcs-19991116/gcc/java/gjavah.c
3 ../../../egcs-19991116/gcc/cp/lex.c
3 ../../../egcs-19991116/gcc/cp/decl.c
2 ./parse.y
2 ../../egcs-19991116/gcc/print-rtl.c
2 ../../egcs-19991116/gcc/local-alloc.c
2 ../../egcs-19991116/gcc/genemit.c
2 ../../egcs-19991116/gcc/function.c
2 ../../egcs-19991116/gcc/fold-const.c
2 ../../egcs-19991116/gcc/expr.c
2 ../../egcs-19991116/gcc/emit-rtl.c
2 ../../egcs-19991116/gcc/dwarf2out.c
2 ../../egcs-19991116/gcc/collect2.c
2 ../../../egcs-19991116/gcc/ch/parse.c
2 ../../../egcs-19991116/gcc/ch/expr.c
1 insn-recog.c
1 insn-output.c
1 ../../egcs-19991116/gcc/tree.c
1 ../../egcs-19991116/gcc/stupid.c
1 ../../egcs-19991116/gcc/optabs.c
1 ../../egcs-19991116/gcc/hash.c
1 ../../egcs-19991116/gcc/global.c
1 ../../egcs-19991116/gcc/genattrtab.c
1 ../../egcs-19991116/gcc/gcov-io.h
1 ../../egcs-19991116/gcc/f/g77spec.c
1 ../../egcs-19991116/gcc/dwarfout.c
1 ../../egcs-19991116/gcc/dbxout.c
1 ../../egcs-19991116/gcc/crtstuff.c
1 ../../egcs-19991116/gcc/c-common.c
1 ../../egcs-19991116/gcc/builtins.c
1 ../../../egcs-19991116/gcc/cp/typeck.c
1 ../../../egcs-19991116/gcc/cp/tree.c
1 ../../../egcs-19991116/gcc/cp/init.c
1 ../../../egcs-19991116/gcc/cp/error.c
1 ../../../egcs-19991116/gcc/ch/typeck.c
1 ../../../egcs-19991116/gcc/ch/grant.c
Number of warning types:
80 format not a string literal, argument types not checked
34 `???' might be used uninitialized in this function
14 comparison between signed and unsigned
12 variable `???' might be clobbered by `longjmp' or `vfork'
12 unused parameter `???'
7 unused variable `???'
3 white space at end of line in string
3 implicit declaration of function `???'
2 passing arg ??? of pointer to function discards qualifiers from pointer target type
2 assignment from incompatible pointer type
1 passing arg ??? of `???' discards qualifiers from pointer target type
1 `???' defined but not used