This is the mail archive of the
gcc-testresults@gcc.gnu.org
mailing list for the GCC project.
Results for 2.96 19991113 (experimental) testsuite on i586-redhat6-linux-gnu
- To: gcc-testresults at gcc dot gnu dot org
- Subject: Results for 2.96 19991113 (experimental) testsuite on i586-redhat6-linux-gnu
- From: Manfred Hollstein <mhollstein at cygnus dot com>
- Date: Sun, 14 Nov 1999 09:37:36 +0100 (MET)
- Reply-To: Manfred Hollstein <manfred dot h at gmx dot net>
Compiler version: 2.96 19991113 (experimental)
Platform: i586-redhat6-linux-gnu
Sources: - egcs mainline from CVS last updated at
1999/11/13 11:53:32 +0100
- libg++-2.8.1.3
Patches: [1] `PATCH: Parse '@class' properly (was: Re: libobjc With --enable-c-cpplib)'
from <mhollstein@cygnus.com>
Environment: - autoconf-19991113 via anonymous CVS from sourceware.cygnus.com
- automake-19991113 via anonymous CVS from sourceware.cygnus.com
- binutils-19991113 via anonymous CVS from sourceware.cygnus.com
- dejagnu-19990614
- RedHat Linux 6.0
+ recommended updates as of today
- Kernel 2.2.13-3 (compiled by
"gcc version egcs-2.91.66 19990314/Linux (egcs-1.1.2 release)")
- glibc-2.1.1-6
- glibc-devel-2.1.1-6
Remarks: None.
configure flags: --with-gcc-version-trigger=/home/gnu/work/GNU/egcs-19991113/gcc/version.c --host=i586-redhat6-linux-gnu --srcdir=../egcs-19991113 --prefix=/opt/gnu --with-gnu-as --with-gnu-ld --enable-shared --enable-version-specific-runtime-libs --enable-c-cpplib --enable-java-gc=boehm --enable-fast-character --enable-threads=posix --with-local-prefix=/opt/gnu --enable-nls --verbose --norecursion
BOOT_CC: gcc version 2.95.2 19991024 (release)
BOOT_CFLAGS: -O2 -g
CFLAGS: -O2 -g
CXXFLAGS: -O2 -g
Native configuration is i586-redhat6-linux-gnu
=== libio tests ===
Running target unix
=== libio Summary ===
# of expected passes 40
=== libstdc++ tests ===
Running target unix
=== libstdc++ Summary ===
# of expected passes 30
=== libg++ tests ===
Running target unix
=== libg++ Summary ===
# of expected passes 72
=== gcc tests ===
Running target unix
FAIL: gcc.c-torture/execute/991112-1.c execution, -O3 -fomit-frame-pointer
FAIL: gcc.c-torture/execute/991112-1.c execution, -O3 -g
XPASS: gcc.dg/990119-1.c execution test
FAIL: gcc.dg/cast-qual-1.c discarding \`const' warning (test for bogus messages, line 11)
FAIL: gcc.dg/cast-qual-1.c discarding \`const' warning (test for warnings, line 17)
FAIL: gcc.dg/compare1.c comparison between signed and unsigned (test for bogus messages, line 25)
FAIL: gcc.dg/cpp-unc1.c (test for excess errors)
FAIL: gcc.dg/cpp-unc2.c (test for excess errors)
FAIL: gcc.dg/cpp-unc3.c (test for excess errors)
=== gcc Summary ===
# of expected passes 8744
# of unexpected failures 8
# of unexpected successes 1
# of expected failures 38
# of unsupported tests 13
/home/gnu/work/GNU/egcs-19991113-i586-redhat6-linux-gnu/gcc/xgcc version 2.96 19991113 (experimental)
=== g++ tests ===
Running target unix
FAIL: g++.oliva/template7.C (test for excess errors)
XPASS: g++.pt/instantiate6.C (test for excess errors)
=== g++ Summary ===
# of expected passes 5612
# of unexpected failures 1
# of unexpected successes 1
# of expected failures 96
# of untested testcases 7
/home/gnu/work/GNU/egcs-19991113-i586-redhat6-linux-gnu/gcc/testsuite/../xgcc version 2.96 19991113 (experimental)
=== g77 tests ===
Running target unix
FAIL: g77.f-torture/compile/19990826-1.f, -O0
FAIL: g77.f-torture/compile/19990826-1.f, -O1
FAIL: g77.f-torture/compile/19990826-1.f, -O2
FAIL: g77.f-torture/compile/19990826-1.f, -O2 -fomit-frame-pointer -finline-functions
FAIL: g77.f-torture/compile/19990826-1.f, -Os
FAIL: g77.f-torture/execute/19990325-1.f execution, -O2 -fomit-frame-pointer -finline-functions
FAIL: g77.f-torture/execute/cpp.F compilation, -O0
FAIL: g77.f-torture/execute/cpp.F compilation, -O1
FAIL: g77.f-torture/execute/cpp.F compilation, -O2
FAIL: g77.f-torture/execute/cpp.F compilation, -O2 -fomit-frame-pointer -finline-functions
FAIL: g77.f-torture/execute/cpp.F compilation, -Os
=== g77 Summary ===
# of expected passes 638
# of unexpected failures 11
# of untested testcases 5
=== objc tests ===
Running target unix
FAIL: objc/execute/bf-1.m compilation, -O
FAIL: objc/execute/bf-10.m compilation, -O
FAIL: objc/execute/bf-11.m compilation, -O
FAIL: objc/execute/bf-12.m compilation, -O
FAIL: objc/execute/bf-13.m compilation, -O
FAIL: objc/execute/bf-14.m compilation, -O
FAIL: objc/execute/bf-15.m compilation, -O
FAIL: objc/execute/bf-16.m compilation, -O
FAIL: objc/execute/bf-17.m compilation, -O
FAIL: objc/execute/bf-18.m compilation, -O
FAIL: objc/execute/bf-19.m compilation, -O
FAIL: objc/execute/bf-2.m compilation, -O
FAIL: objc/execute/bf-3.m compilation, -O
FAIL: objc/execute/bf-4.m compilation, -O
FAIL: objc/execute/bf-5.m compilation, -O
FAIL: objc/execute/bf-6.m compilation, -O
FAIL: objc/execute/bf-7.m compilation, -O
FAIL: objc/execute/bf-8.m compilation, -O
FAIL: objc/execute/bf-9.m compilation, -O
=== objc Summary ===
# of unexpected failures 19
# of untested testcases 19
/home/gnu/work/GNU/egcs-19991113-i586-redhat6-linux-gnu/gcc/xgcc version 2.96 19991113 (experimental)
Counting all warnings,
there are 167 warnings in stage3 of this bootstrap.
Number of warnings per file:
12 ../../egcs-19991113/gcc/c-typeck.c
12 ../../../egcs-19991113/gcc/java/lex.c
8 ../../../egcs-19991113/gcc/f/sts.c
7 ../../egcs-19991113/gcc/final.c
6 ../../egcs-19991113/gcc/loop.c
6 ../../../egcs-19991113/gcc/ch/tasking.c
5 ../../egcs-19991113/gcc/c-decl.c
4 ../../egcs-19991113/gcc/unroll.c
4 ../../egcs-19991113/gcc/toplev.c
4 ../../egcs-19991113/gcc/regmove.c
4 ../../egcs-19991113/gcc/gcc.c
4 ../../egcs-19991113/gcc/config/i386/i386.c
4 ../../../egcs-19991113/gcc/f/com.c
4 ../../../egcs-19991113/gcc/cp/class.c
4 ../../../egcs-19991113/gcc/ch/actions.c
4 ../../../../egcs-19991113/libg++/src/AllocRing.cc
3 ../../egcs-19991113/gcc/varasm.c
3 ../../egcs-19991113/gcc/reload.c
3 ../../egcs-19991113/gcc/regclass.c
3 ../../egcs-19991113/gcc/reg-stack.c
3 ../../egcs-19991113/gcc/genrecog.c
3 ../../egcs-19991113/gcc/genopinit.c
3 ../../../egcs-19991113/gcc/cp/lex.c
3 ../../../egcs-19991113/gcc/cp/decl.c
2 cc1plus
2 ./parse.y
2 ../../egcs-19991113/gcc/print-rtl.c
2 ../../egcs-19991113/gcc/local-alloc.c
2 ../../egcs-19991113/gcc/genemit.c
2 ../../egcs-19991113/gcc/function.c
2 ../../egcs-19991113/gcc/fold-const.c
2 ../../egcs-19991113/gcc/expr.c
2 ../../egcs-19991113/gcc/emit-rtl.c
2 ../../egcs-19991113/gcc/dwarf2out.c
2 ../../egcs-19991113/gcc/cpphash.c
2 ../../egcs-19991113/gcc/collect2.c
2 ../../../egcs-19991113/gcc/ch/parse.c
2 ../../../egcs-19991113/gcc/ch/expr.c
1 insn-recog.c
1 insn-output.c
1 ../../egcs-19991113/gcc/tree.c
1 ../../egcs-19991113/gcc/stupid.c
1 ../../egcs-19991113/gcc/optabs.c
1 ../../egcs-19991113/gcc/hash.c
1 ../../egcs-19991113/gcc/global.c
1 ../../egcs-19991113/gcc/genattrtab.c
1 ../../egcs-19991113/gcc/gcse.c
1 ../../egcs-19991113/gcc/gcov-io.h
1 ../../egcs-19991113/gcc/f/g77spec.c
1 ../../egcs-19991113/gcc/dwarfout.c
1 ../../egcs-19991113/gcc/dbxout.c
1 ../../egcs-19991113/gcc/crtstuff.c
1 ../../egcs-19991113/gcc/cpperror.c
1 ../../egcs-19991113/gcc/c-common.c
1 ../../egcs-19991113/gcc/builtins.c
1 ../../../egcs-19991113/gcc/cp/typeck.c
1 ../../../egcs-19991113/gcc/cp/tree.c
1 ../../../egcs-19991113/gcc/cp/init.c
1 ../../../egcs-19991113/gcc/cp/error.c
1 ../../../egcs-19991113/gcc/ch/typeck.c
1 ../../../egcs-19991113/gcc/ch/grant.c
Number of warning types:
77 format not a string literal, argument types not checked
36 `???' might be used uninitialized in this function
13 unused parameter `???'
12 variable `???' might be clobbered by `longjmp' or `vfork'
7 unused variable `???'
7 comparison between signed and unsigned
4 `???' is not a pointer-to-object type
3 implicit declaration of function `???'
2 passing arg ??? of pointer to function discards qualifiers from pointer target type
2 assignment from incompatible pointer type
2 -fthis-is-variable is no longer supported
1 passing arg ??? of `???' discards qualifiers from pointer target type
1 `???' defined but not used