This is the mail archive of the
gcc-testresults@gcc.gnu.org
mailing list for the GCC project.
Results for haifa-enabled 2.96 19991110 (experimental) testsuite on mips-sgi-irix6.5
- To: "'gcc-testresults at gcc dot gnu dot org'" <gcc-testresults at gcc dot gnu dot org>
- Subject: Results for haifa-enabled 2.96 19991110 (experimental) testsuite on mips-sgi-irix6.5
- From: "Billinghurst, David (RTD)" <David dot Billinghurst at riotinto dot com dot au>
- Date: Wed, 10 Nov 1999 21:49:36 -0000
Native configuration is mips-sgi-irix6.5
--enable-checking failure still there
http://egcs.cygnus.com/ml/gcc-bugs/1999-10/msg00715.html
=== objc tests ===
Running target unix
=== objc Summary ===
# of expected passes 38
/exd4/billingd/obj/egcs-19991110/gcc/xgcc version 2.96 19991110
(experimental)
=== gcc tests ===
Running target unix
XPASS: gcc.c-torture/execute/memcheck/blkarg.c execution, -O0
XPASS: gcc.c-torture/execute/memcheck/blkarg.c execution, -O1
XPASS: gcc.c-torture/execute/memcheck/blkarg.c execution, -O2
XPASS: gcc.c-torture/execute/memcheck/blkarg.c execution, -Os
FAIL: gcc.c-torture/noncompile/920824-1.c
FAIL: gcc.dg/cast-qual-1.c discarding `const' warning (test for bogus
messages, line 11)
FAIL: gcc.dg/cast-qual-1.c discarding `const' warning (test for warnings,
line 17)
FAIL: gcc.dg/compare1.c comparison between signed and unsigned (test for
bogus messages, line 25)
FAIL: gcc.dg/struct-ret-2.c (test for excess errors)
FAIL: alias-1.c
FAIL: wkali-1.c
FAIL: wkali-2b.o
=== gcc Summary ===
# of expected passes 8704
# of unexpected failures 8
# of unexpected successes 4
# of expected failures 28
# of unsupported tests 28
/exd4/billingd/obj/egcs-19991110/gcc/xgcc version 2.96 19991110
(experimental)
=== g77 tests ===
Running target unix
=== g77 Summary ===
# of expected passes 654
=== g++ tests ===
Running target unix
FAIL: g++.dg/special/conpr-1.C execution test
FAIL: g++.dg/special/conpr-2.C execution test
FAIL: g++.dg/special/conpr-3.C execution test
FAIL: g++.dg/special/conpr-3.C execution test
FAIL: g++.ext/initp1.C Execution test
FAIL: g++.oliva/template7.C (test for excess errors)
XPASS: g++.pt/instantiate6.C (test for excess errors)
=== g++ Summary ===
# of expected passes 5594
# of unexpected failures 6
# of unexpected successes 1
# of expected failures 98
# of untested testcases 14
/exd4/billingd/obj/egcs-19991110/gcc/testsuite/../xgcc version 2.96 19991110
(experimental)
=== libstdc++ tests ===
Running target unix
=== libstdc++ Summary ===
# of expected passes 30
=== libio tests ===
Running target unix
=== libio Summary ===
# of expected passes 40
Compiler version: haifa-enabled 2.96 19991110 (experimental)
Platform: mips-sgi-irix6.5
configure flags:
--with-gcc-version-trigger=/exd4/billingd/src/egcs-19991110/gcc/version.c
--host=mips-sgi-irix6.5 --enable-shared --enable-haifa --enable-pthreads
--prefix=/exd4/billingd/tmp/egcs-19991110 --norecursion