This is the mail archive of the
gcc-testresults@gcc.gnu.org
mailing list for the GCC project.
Results for 2.96 19991110 (experimental) testsuite on i686-pc-linux-gnu
- To: gcc-testresults at gcc dot gnu dot org
- Subject: Results for 2.96 19991110 (experimental) testsuite on i686-pc-linux-gnu
- From: Alexandre Oliva <oliva at lsd dot ic dot unicamp dot br>
- Date: Wed, 10 Nov 1999 16:27:47 -0200
Native configuration is i686-pc-linux-gnu
=== g++ tests ===
Running target unix
FAIL: g++.dg/special/conpr-1.C execution test
FAIL: g++.dg/special/conpr-2.C execution test
FAIL: g++.dg/special/conpr-3.C execution test
FAIL: g++.dg/special/conpr-3.C execution test
FAIL: g++.ext/initp1.C Execution test
FAIL: g++.oliva/template7.C (test for excess errors)
XPASS: g++.pt/instantiate6.C (test for excess errors)
=== g++ Summary ===
# of expected passes 5606
# of unexpected failures 6
# of unexpected successes 1
# of expected failures 95
# of untested testcases 7
/l/tmp/egcs/gcc/testsuite/../xgcc version 2.96 19991110 (experimental)
=== g77 tests ===
Running target unix
FAIL: g77.f-torture/compile/19990826-1.f, -O0
FAIL: g77.f-torture/compile/19990826-1.f, -O1
FAIL: g77.f-torture/compile/19990826-1.f, -O2
FAIL: g77.f-torture/compile/19990826-1.f, -O2 -fomit-frame-pointer -finline-functions
FAIL: g77.f-torture/compile/19990826-1.f, -Os
FAIL: g77.f-torture/execute/19990325-1.f execution, -O2 -fomit-frame-pointer -finline-functions
=== g77 Summary ===
# of expected passes 648
# of unexpected failures 6
=== gcc tests ===
Running target unix
FAIL: gcc.c-torture/execute/920726-1.c execution, -O3 -fomit-frame-pointer
FAIL: gcc.c-torture/execute/920726-1.c execution, -O3 -fomit-frame-pointer -funroll-loops
FAIL: gcc.c-torture/execute/920726-1.c execution, -O3 -fomit-frame-pointer -funroll-all-loops -finline-functions
FAIL: gcc.dg/cast-qual-1.c discarding `const' warning (test for bogus messages, line 11)
FAIL: gcc.dg/cast-qual-1.c discarding `const' warning (test for warnings, line 17)
FAIL: gcc.dg/compare1.c comparison between signed and unsigned (test for bogus messages, line 25)
FAIL: gcc.dg/special/weak-1.c execution test
=== gcc Summary ===
# of expected passes 8731
# of unexpected failures 7
# of expected failures 39
# of unsupported tests 14
/l/tmp/egcs/gcc/xgcc version 2.96 19991110 (experimental)
=== libg++ tests ===
Running target unix
=== libg++ Summary ===
# of expected passes 72
=== libio tests ===
Running target unix
=== libio Summary ===
# of expected passes 40
=== libstdc++ tests ===
Running target unix
=== libstdc++ Summary ===
# of expected passes 30
=== objc tests ===
Running target unix
FAIL: objc/execute/bf-1.m compilation, -O
FAIL: objc/execute/bf-10.m compilation, -O
FAIL: objc/execute/bf-11.m compilation, -O
FAIL: objc/execute/bf-12.m compilation, -O
FAIL: objc/execute/bf-13.m compilation, -O
FAIL: objc/execute/bf-14.m compilation, -O
FAIL: objc/execute/bf-15.m compilation, -O
FAIL: objc/execute/bf-16.m compilation, -O
FAIL: objc/execute/bf-17.m compilation, -O
FAIL: objc/execute/bf-18.m compilation, -O
FAIL: objc/execute/bf-19.m compilation, -O
FAIL: objc/execute/bf-2.m compilation, -O
FAIL: objc/execute/bf-3.m compilation, -O
FAIL: objc/execute/bf-4.m compilation, -O
FAIL: objc/execute/bf-5.m compilation, -O
FAIL: objc/execute/bf-6.m compilation, -O
FAIL: objc/execute/bf-7.m compilation, -O
FAIL: objc/execute/bf-8.m compilation, -O
FAIL: objc/execute/bf-9.m compilation, -O
=== objc Summary ===
# of unexpected failures 19
# of untested testcases 19
/l/tmp/egcs/gcc/xgcc version 2.96 19991110 (experimental)
Compiler version: 2.96 19991110 (experimental)
Platform: i686-pc-linux-gnu
BOOT_CFLAGS: standard
Counting all warnings,
there are 171 warnings in stage3 of this bootstrap.
Number of warnings per file:
12 /home/lsd/oliva/src/egcs/gcc/java/lex.c
12 /home/lsd/oliva/src/egcs/gcc/c-typeck.c
8 /home/lsd/oliva/src/egcs/gcc/f/sts.c
7 /home/lsd/oliva/src/egcs/gcc/final.c
7 /home/lsd/oliva/src/egcs/gcc/cccp.c
6 /home/lsd/oliva/src/egcs/gcc/loop.c
6 /home/lsd/oliva/src/egcs/gcc/ch/tasking.c
5 /home/lsd/oliva/src/egcs/gcc/c-decl.c
4 cexp.y
4 /home/lsd/oliva/src/egcs/gcc/unroll.c
4 /home/lsd/oliva/src/egcs/gcc/toplev.c
4 /home/lsd/oliva/src/egcs/gcc/regmove.c
4 /home/lsd/oliva/src/egcs/gcc/gcc.c
4 /home/lsd/oliva/src/egcs/gcc/f/com.c
4 /home/lsd/oliva/src/egcs/gcc/cp/class.c
4 /home/lsd/oliva/src/egcs/gcc/config/i386/i386.c
4 /home/lsd/oliva/src/egcs/gcc/ch/actions.c
3 /home/lsd/oliva/src/egcs/gcc/varasm.c
3 /home/lsd/oliva/src/egcs/gcc/reload.c
3 /home/lsd/oliva/src/egcs/gcc/regclass.c
3 /home/lsd/oliva/src/egcs/gcc/reg-stack.c
3 /home/lsd/oliva/src/egcs/gcc/java/gjavah.c
3 /home/lsd/oliva/src/egcs/gcc/genrecog.c
3 /home/lsd/oliva/src/egcs/gcc/genopinit.c
3 /home/lsd/oliva/src/egcs/gcc/cp/lex.c
3 /home/lsd/oliva/src/egcs/gcc/cp/decl.c
2 /home/lsd/oliva/src/egcs/gcc/print-rtl.c
2 /home/lsd/oliva/src/egcs/gcc/local-alloc.c
2 /home/lsd/oliva/src/egcs/gcc/genemit.c
2 /home/lsd/oliva/src/egcs/gcc/function.c
2 /home/lsd/oliva/src/egcs/gcc/fold-const.c
2 /home/lsd/oliva/src/egcs/gcc/expr.c
2 /home/lsd/oliva/src/egcs/gcc/emit-rtl.c
2 /home/lsd/oliva/src/egcs/gcc/dwarf2out.c
2 /home/lsd/oliva/src/egcs/gcc/collect2.c
2 /home/lsd/oliva/src/egcs/gcc/ch/parse.c
2 /home/lsd/oliva/src/egcs/gcc/ch/expr.c
2 ./parse.y
1 insn-recog.c
1 insn-output.c
1 /home/lsd/oliva/src/egcs/gcc/tree.c
1 /home/lsd/oliva/src/egcs/gcc/stupid.c
1 /home/lsd/oliva/src/egcs/gcc/optabs.c
1 /home/lsd/oliva/src/egcs/gcc/hash.c
1 /home/lsd/oliva/src/egcs/gcc/genattrtab.c
1 /home/lsd/oliva/src/egcs/gcc/gcov-io.h
1 /home/lsd/oliva/src/egcs/gcc/f/g77spec.c
1 /home/lsd/oliva/src/egcs/gcc/dwarfout.c
1 /home/lsd/oliva/src/egcs/gcc/dbxout.c
1 /home/lsd/oliva/src/egcs/gcc/crtstuff.c
1 /home/lsd/oliva/src/egcs/gcc/cp/typeck.c
1 /home/lsd/oliva/src/egcs/gcc/cp/tree.c
1 /home/lsd/oliva/src/egcs/gcc/cp/init.c
1 /home/lsd/oliva/src/egcs/gcc/cp/error.c
1 /home/lsd/oliva/src/egcs/gcc/ch/typeck.c
1 /home/lsd/oliva/src/egcs/gcc/ch/inout.c
1 /home/lsd/oliva/src/egcs/gcc/ch/grant.c
1 /home/lsd/oliva/src/egcs/gcc/c-common.c
1 /home/lsd/oliva/src/egcs/gcc/builtins.c
Number of warning types:
80 format not a string literal, argument types not checked
34 `???' might be used uninitialized in this function
14 comparison between signed and unsigned
12 variable `???' might be clobbered by `longjmp' or `vfork'
12 unused parameter `???'
6 unused variable `???'
3 white space at end of line in string
3 implicit declaration of function `???'
2 passing arg ??? of pointer to function discards qualifiers from pointer target type
2 assignment from incompatible pointer type
1 passing arg ??? of `???' discards qualifiers from pointer target type
1 case value out of range
1 `???' defined but not used