This is the mail archive of the
gcc-testresults@gcc.gnu.org
mailing list for the GCC project.
Results for 2.96 19991102 testsuite on i686-pc-linux-gnu
- To: gcc-testresults at gcc dot gnu dot org
- Subject: Results for 2.96 19991102 testsuite on i686-pc-linux-gnu
- From: N8TM at aol dot com
- Date: Thu, 4 Nov 1999 01:55:57 EST
Native configuration is i686-pc-linux-gnu
=== libio tests ===
Running target unix
=== libio Summary ===
# of expected passes 40
=== libstdc++ tests ===
Running target unix
FAIL: tstring.cc -O compilation
=== libstdc++ Summary ===
# of expected passes 27
# of unexpected failures 1
# of expected failures 2
=== gcc tests ===
Running target unix
FAIL: gcc.dg/cast-qual-1.c discarding \`const' warning (test for bogus messages, line 11)
FAIL: gcc.dg/cast-qual-1.c discarding \`const' warning (test for warnings, line 17)
FAIL: gcc.dg/compare1.c comparison between signed and unsigned (test for bogus messages, line 25)
FAIL: gcc.dg/special/weak-1.c execution test
=== gcc Summary ===
# of expected passes 8734
# of unexpected failures 4
# of expected failures 39
# of unsupported tests 14
/src/gnu/egcs-19990913/p6/gcc/xgcc version 2.96 19991102 (experimental)
=== g++ tests ===
Running target unix
FAIL: g++.dg/special/conpr-1.C execution test
FAIL: g++.dg/special/conpr-2.C execution test
FAIL: g++.dg/special/conpr-3.C execution test
FAIL: g++.dg/special/conpr-3.C execution test
FAIL: g++.ext/initp1.C Execution test
FAIL: g++.mike/net16.C caused compiler crash
FAIL: g++.oliva/template7.C (test for excess errors)
XPASS: g++.pt/instantiate6.C (test for excess errors)
=== g++ Summary ===
# of expected passes 5598
# of unexpected failures 7
# of unexpected successes 1
# of expected failures 95
# of untested testcases 7
/src/gnu/egcs-19990913/p6/gcc/testsuite/../xgcc version 2.96 19991102 (experimental)
=== g77 tests ===
Running target unix
FAIL: g77.f-torture/compile/19990826-1.f, -O0
FAIL: g77.f-torture/compile/19990826-1.f, -O1
FAIL: g77.f-torture/compile/19990826-1.f, -O2
FAIL: g77.f-torture/compile/19990826-1.f, -O2 -fomit-frame-pointer -finline-functions
FAIL: g77.f-torture/compile/19990826-1.f, -Os
=== g77 Summary ===
# of expected passes 649
# of unexpected failures 5
=== objc tests ===
Running target unix
=== objc Summary ===
# of expected passes 38
/src/gnu/egcs-19990913/p6/gcc/xgcc version 2.96 19991102 (experimental)
Compiler version: 2.96 19991102 (experimental)
Platform: i686-pc-linux-gnu
configure flags: --with-gcc-version-trigger=/src/gnu/egcs-19990913/gcc/version.c --host=i686-pc-linux-gnu --norecursion
BOOT_CFLAGS=-O2 -march=pentiumpro -pipe
EOF
Mail -s "Results for 2.96 19991102 (experimental) testsuite on i686-pc-linux-gnu" gcc-testresults@gcc.gnu.org &&