This is the mail archive of the
gcc-testresults@gcc.gnu.org
mailing list for the GCC project.
Results for haifa-enabled 2.96 19991025 (experimental) testsuite on sparc-sun-solaris2.6
- To: gcc-testresults at gcc dot gnu dot org
- Subject: Results for haifa-enabled 2.96 19991025 (experimental) testsuite on sparc-sun-solaris2.6
- From: Dave Schuler <schuld at psu2 dot btv dot ibm dot com>
- Date: Wed, 27 Oct 1999 10:09:06 -0400 (EDT)
Native configuration is sparc-sun-solaris2.6
=== libio tests ===
Running target unix
FAIL: tFile.cc execution
FAIL: tFile.cc execution -b0
FAIL: tFile.cc execution -b3
FAIL: tfformat.c execution
=== libio Summary ===
# of expected passes 33
# of unexpected failures 4
# of expected failures 4
=== libstdc++ tests ===
Running target unix
=== libstdc++ Summary ===
# of expected passes 30
=== gcc tests ===
Running target unix
FAIL: gcc.c-torture/compile/930506-2.c, -O0
FAIL: gcc.c-torture/compile/930506-2.c, -O1
FAIL: gcc.c-torture/compile/930506-2.c, -O2
FAIL: gcc.c-torture/compile/930506-2.c, -O3 -fomit-frame-pointer
FAIL: gcc.c-torture/compile/930506-2.c, -O3 -g
FAIL: gcc.c-torture/compile/930506-2.c, -Os
FAIL: gcc.c-torture/compile/990801-1.c, -O2
FAIL: gcc.c-torture/compile/990801-1.c, -O3 -fomit-frame-pointer
FAIL: gcc.c-torture/compile/990801-1.c, -O3 -fomit-frame-pointer -funroll-loops
FAIL: gcc.c-torture/compile/990801-1.c, -O3 -fomit-frame-pointer -funroll-all-loops -finline-functions
FAIL: gcc.c-torture/compile/990801-1.c, -O3 -g
FAIL: gcc.c-torture/compile/990801-1.c, -Os
FAIL: gcc.c-torture/execute/921215-1.c compilation, -O0
FAIL: gcc.c-torture/execute/921215-1.c compilation, -O1
FAIL: gcc.c-torture/execute/921215-1.c compilation, -O2
FAIL: gcc.c-torture/execute/921215-1.c compilation, -O3 -fomit-frame-pointer
FAIL: gcc.c-torture/execute/921215-1.c compilation, -O3 -g
FAIL: gcc.c-torture/execute/921215-1.c compilation, -Os
FAIL: gcc.c-torture/execute/931002-1.c compilation, -O0
FAIL: gcc.c-torture/execute/931002-1.c compilation, -O1
FAIL: gcc.c-torture/execute/931002-1.c compilation, -O2
FAIL: gcc.c-torture/execute/931002-1.c compilation, -O3 -fomit-frame-pointer
FAIL: gcc.c-torture/execute/931002-1.c compilation, -O3 -g
FAIL: gcc.c-torture/execute/931002-1.c compilation, -Os
FAIL: gcc.c-torture/execute/980205.c execution, -O0
FAIL: gcc.c-torture/execute/nestfunc-1.c compilation, -O0
FAIL: gcc.c-torture/execute/nestfunc-1.c compilation, -O1
FAIL: gcc.c-torture/execute/nestfunc-1.c compilation, -O2
FAIL: gcc.c-torture/execute/nestfunc-1.c compilation, -O3 -fomit-frame-pointer
FAIL: gcc.c-torture/execute/nestfunc-1.c compilation, -O3 -g
FAIL: gcc.c-torture/execute/nestfunc-1.c compilation, -Os
FAIL: gcc.c-torture/unsorted/DFcmp.c, -O0
FAIL: gcc.dg/cast-qual-1.c discarding `const' warning (test for bogus messages, line 11)
FAIL: gcc.dg/cast-qual-1.c discarding `const' warning (test for warnings, line 17)
FAIL: gcc.dg/compare1.c comparison between signed and unsigned (test for bogus messages, line 25)
=== gcc Summary ===
# of expected passes 8634
# of unexpected failures 35
# of expected failures 32
# of unresolved testcases 18
# of unsupported tests 28
/usr/local/psu2/WORKSPACE2/schuld/egcs-solaris/gcc/xgcc version 2.96 19991025 (experimental)
=== g++ tests ===
Running target unix
FAIL: g++.dg/special/conpr-1.C execution test
FAIL: g++.dg/special/conpr-2.C execution test
FAIL: g++.dg/special/conpr-3.C execution test
FAIL: g++.dg/special/conpr-3.C execution test
FAIL: g++.ext/initp1.C Execution test
FAIL: g++.oliva/template7.C (test for excess errors)
FAIL: g++.other/vaarg3.C promote (test for errors, line 26)
XPASS: g++.pt/instantiate6.C (test for excess errors)
=== g++ Summary ===
# of expected passes 5592
# of unexpected failures 7
# of unexpected successes 1
# of expected failures 94
# of untested testcases 13
/usr/local/psu2/WORKSPACE2/schuld/egcs-solaris/gcc/testsuite/../xgcc version 2.96 19991025 (experimental)
=== g77 tests ===
Running target unix
FAIL: g77.f-torture/compile/19990826-1.f, -O0
FAIL: g77.f-torture/compile/19990826-1.f, -O1
FAIL: g77.f-torture/compile/19990826-1.f, -O2
FAIL: g77.f-torture/compile/19990826-1.f, -O2 -fomit-frame-pointer -finline-functions
FAIL: g77.f-torture/compile/19990826-1.f, -Os
=== g77 Summary ===
# of expected passes 649
# of unexpected failures 5
=== objc tests ===
Running target unix
FAIL: objc/execute/bf-1.m compilation, -O
FAIL: objc/execute/bf-10.m compilation, -O
FAIL: objc/execute/bf-11.m compilation, -O
FAIL: objc/execute/bf-12.m compilation, -O
FAIL: objc/execute/bf-13.m compilation, -O
FAIL: objc/execute/bf-14.m compilation, -O
FAIL: objc/execute/bf-15.m compilation, -O
FAIL: objc/execute/bf-16.m compilation, -O
FAIL: objc/execute/bf-17.m compilation, -O
FAIL: objc/execute/bf-18.m compilation, -O
FAIL: objc/execute/bf-19.m compilation, -O
FAIL: objc/execute/bf-2.m compilation, -O
FAIL: objc/execute/bf-3.m compilation, -O
FAIL: objc/execute/bf-4.m compilation, -O
FAIL: objc/execute/bf-5.m compilation, -O
FAIL: objc/execute/bf-6.m compilation, -O
FAIL: objc/execute/bf-7.m compilation, -O
FAIL: objc/execute/bf-8.m compilation, -O
FAIL: objc/execute/bf-9.m compilation, -O
=== objc Summary ===
# of unexpected failures 19
# of untested testcases 19
/usr/local/psu2/WORKSPACE2/schuld/egcs-solaris/gcc/xgcc version 2.96 19991025 (experimental)
Compiler version: haifa-enabled 2.96 19991025 (experimental)
Platform: sparc-sun-solaris2.6
configure flags: --with-gcc-version-trigger=/usr/local/psu2/WORKSPACE2/schuld/egcs-19991025/gcc/version.c --host=sparc-sun-solaris2.6 --prefix=/afs/btv.ibm.com/data/n37v/software/gnu-solaris/egcs --with-gnu-as --with-gnu-ld --enable-haifa --enable-multilib --norecursion
Counting all warnings,
there are 206 warnings in stage3 of this bootstrap.
Number of warnings per file:
12 ../../egcs/gcc/c-typeck.c
12 ../../../egcs/gcc/java/lex.c
8 ../../egcs/gcc/cccp.c
8 ../../../egcs/gcc/f/sts.c
7 ../../egcs/gcc/gcc.c
6 ../../egcs/gcc/toplev.c
6 ../../egcs/gcc/lcm.c
6 ../../egcs/gcc/collect2.c
6 ../../../egcs/gcc/ch/tasking.c
5 ../../egcs/gcc/final.c
5 ../../egcs/gcc/c-decl.c
4 cexp.y
4 ../../egcs/gcc/unroll.c
4 ../../egcs/gcc/regmove.c
4 ../../egcs/gcc/genrecog.c
4 ../../egcs/gcc/calls.c
4 ../../../egcs/gcc/f/com.c
4 ../../../egcs/gcc/cp/lex.c
4 ../../../egcs/gcc/cp/class.c
4 ../../../egcs/gcc/ch/actions.c
3 ./parse.y
3 ../../egcs/gcc/reload.c
3 ../../egcs/gcc/genopinit.c
3 ../../egcs/gcc/errors.c
3 ../../egcs/gcc/dbxout.c
3 ../../egcs/gcc/alias.c
3 ../../../egcs/gcc/java/gjavah.c
3 ../../../egcs/gcc/cp/decl.c
3 ../../../egcs/gcc/ch/expr.c
2 insn-recog.c
2 ../../egcs/gcc/varasm.c
2 ../../egcs/gcc/regclass.c
2 ../../egcs/gcc/print-rtl.c
2 ../../egcs/gcc/optabs.c
2 ../../egcs/gcc/loop.c
2 ../../egcs/gcc/local-alloc.c
2 ../../egcs/gcc/genoutput.c
2 ../../egcs/gcc/genemit.c
2 ../../egcs/gcc/genattrtab.c
2 ../../egcs/gcc/fold-const.c
2 ../../egcs/gcc/expr.c
2 ../../egcs/gcc/emit-rtl.c
2 ../../egcs/gcc/cpplib.c
2 ../../egcs/gcc/cpphash.c
2 ../../../egcs/gcc/java/jv-scan.c
2 ../../../egcs/gcc/ch/parse.c
1 insn-emit.c
1 ../../egcs/gcc/stupid.c
1 ../../egcs/gcc/scan-decls.c
1 ../../egcs/gcc/rtl.c
1 ../../egcs/gcc/jump.c
1 ../../egcs/gcc/hash.c
1 ../../egcs/gcc/gcov.c
1 ../../egcs/gcc/gcov-io.h
1 ../../egcs/gcc/function.c
1 ../../egcs/gcc/flow.c
1 ../../egcs/gcc/fix-header.c
1 ../../egcs/gcc/f/g77spec.c
1 ../../egcs/gcc/explow.c
1 ../../egcs/gcc/cse.c
1 ../../egcs/gcc/cppexp.c
1 ../../egcs/gcc/cpperror.c
1 ../../egcs/gcc/config/sparc/sparc.c
1 ../../egcs/gcc/c-common.c
1 ../../egcs/gcc/builtins.c
1 ../../../egcs/gcc/java/jvgenmain.c
1 ../../../egcs/gcc/cp/typeck2.c
1 ../../../egcs/gcc/cp/typeck.c
1 ../../../egcs/gcc/cp/tree.c
1 ../../../egcs/gcc/cp/init.c
1 ../../../egcs/gcc/cp/expr.c
1 ../../../egcs/gcc/cp/error.c
1 ../../../egcs/gcc/ch/typeck.c
1 ../../../egcs/gcc/ch/grant.c
Number of warning types:
108 format not a string literal, argument types not checked
33 ??? might be used uninitialized in this function
23 comparison between signed and unsigned
13 unused parameter ???
12 variable ??? might be clobbered by longjmp or vfork
5 unused variable ???
4 passing arg ??? of ??? from incompatible pointer type
3 white space at end of line in string
1 passing arg ??? of ??? discards qualifiers from pointer target type
1 missing initializer
1 assignment from incompatible pointer type
1 ??? defined but not used
1 (near initialization for ???)