This is the mail archive of the gcc-testresults@gcc.gnu.org mailing list for the GCC project.
Index Nav: | [Date Index] [Subject Index] [Author Index] [Thread Index] | |
---|---|---|
Message Nav: | [Date Prev] [Date Next] | [Thread Prev] [Thread Next] |
Native configuration is alpha-dec-osf4.0e
=== libio tests ===
Running target unix
=== libio Summary ===
# of expected passes 40
=== libstdc++ tests ===
Running target unix
=== libstdc++ Summary ===
# of expected passes 30
=== gcc tests ===
Running target unix
FAIL: gcc.c-torture/compile/990801-1.c, -O2
FAIL: gcc.c-torture/compile/990801-1.c, -O3 -fomit-frame-pointer
FAIL: gcc.c-torture/compile/990801-1.c, -O3 -fomit-frame-pointer -funroll-loops
FAIL: gcc.c-torture/compile/990801-1.c, -O3 -fomit-frame-pointer -funroll-all-loops -finline-functions
FAIL: gcc.c-torture/compile/990801-1.c, -O3 -g
FAIL: gcc.c-torture/compile/990801-1.c, -Os
FAIL: gcc.c-torture/execute/990811-1.c compilation, -O3 -fomit-frame-pointer
FAIL: gcc.c-torture/execute/990811-1.c compilation, -O3 -fomit-frame-pointer -funroll-loops
FAIL: gcc.c-torture/execute/990811-1.c compilation, -O3 -fomit-frame-pointer -funroll-all-loops -finline-functions
FAIL: gcc.c-torture/execute/990811-1.c compilation, -O3 -g
FAIL: gcc.c-torture/execute/ieee/fp-cmp-2.c execution, -O0
FAIL: gcc.c-torture/execute/ieee/fp-cmp-2.c execution, -O1
FAIL: gcc.c-torture/execute/ieee/fp-cmp-2.c execution, -O2
FAIL: gcc.c-torture/execute/ieee/fp-cmp-2.c execution, -O3 -fomit-frame-pointer
FAIL: gcc.c-torture/execute/ieee/fp-cmp-2.c execution, -O3 -fomit-frame-pointer -funroll-loops
FAIL: gcc.c-torture/execute/ieee/fp-cmp-2.c execution, -O3 -fomit-frame-pointer -funroll-all-loops -finline-functions
FAIL: gcc.c-torture/execute/ieee/fp-cmp-2.c execution, -O3 -g
FAIL: gcc.c-torture/execute/ieee/fp-cmp-2.c execution, -Os
FAIL: gcc.c-torture/execute/ieee/mzero2.c execution, -O0
FAIL: gcc.c-torture/execute/ieee/mzero2.c execution, -O1
FAIL: gcc.c-torture/execute/ieee/mzero2.c execution, -O2
FAIL: gcc.c-torture/execute/ieee/mzero2.c execution, -O3 -fomit-frame-pointer
FAIL: gcc.c-torture/execute/ieee/mzero2.c execution, -O3 -g
FAIL: gcc.c-torture/execute/ieee/mzero2.c execution, -Os
XPASS: gcc.c-torture/execute/memcheck/blkarg.c execution, -O0
XPASS: gcc.c-torture/execute/memcheck/blkarg.c execution, -O1
XPASS: gcc.c-torture/execute/memcheck/blkarg.c execution, -O2
XPASS: gcc.c-torture/execute/memcheck/blkarg.c execution, -Os
FAIL: gcc.dg/cast-qual-1.c discarding \`const' warning (test for bogus messages, line 11)
FAIL: gcc.dg/cast-qual-1.c discarding \`const' warning (test for warnings, line 17)
FAIL: gcc.dg/compare1.c comparison between signed and unsigned (test for bogus messages, line 25)
FAIL: gcc.dg/special/alias-1.c (test for excess errors)
FAIL: gcc.dg/special/wkali-1.c (test for excess errors)
=== gcc Summary ===
# of expected passes 8648
# of unexpected failures 29
# of unexpected successes 4
# of expected failures 28
# of unresolved testcases 7
# of unsupported tests 27
/user/rand/rdb/src/egcs-19991025.obj/gcc/xgcc version 2.96 19991025 (experimental)
=== g++ tests ===
Running target unix
FAIL: g++.ext/attrib5.C (test for excess errors)
FAIL: g++.jason/thunk2.C (test for excess errors)
FAIL: g++.oliva/thunk1.C (test for excess errors)
FAIL: g++.other/syntax1.C (test for excess errors)
FAIL: g++.other/syntax2.C (test for excess errors)
XPASS: g++.pt/instantiate6.C (test for excess errors)
FAIL: g++.pt/static6.C (test for excess errors)
FAIL: g++.pt/vaarg.C caused compiler crash
=== g++ Summary ===
# of expected passes 5586
# of unexpected failures 7
# of unexpected successes 1
# of expected failures 98
# of untested testcases 14
/user/rand/rdb/src/egcs-19991025.obj/gcc/testsuite/../xgcc version 2.96 19991025 (experimental)
=== g77 tests ===
Running target unix
FAIL: g77.f-torture/compile/19990826-1.f, -O0
FAIL: g77.f-torture/compile/19990826-1.f, -O1
FAIL: g77.f-torture/compile/19990826-1.f, -O2
FAIL: g77.f-torture/compile/19990826-1.f, -O2 -fomit-frame-pointer -finline-functions
FAIL: g77.f-torture/compile/19990826-1.f, -Os
=== g77 Summary ===
# of expected passes 649
# of unexpected failures 5
=== objc tests ===
Running target unix
FAIL: objc/execute/bf-10.m execution, -O
FAIL: objc/execute/bf-16.m execution, -O
FAIL: objc/execute/bf-17.m execution, -O
=== objc Summary ===
# of expected passes 35
# of unexpected failures 3
/user/rand/rdb/src/egcs-19991025.obj/gcc/xgcc version 2.96 19991025 (experimental)
Compiler version: 2.96 19991025 (experimental)
Platform: alpha-dec-osf4.0e
configure flags: --with-gcc-version-trigger=/user/rand/rdb/src/egcs-19991025/gcc/version.c --host=alpha-dec-osf4.0e --norecursion
Counting all warnings,
there are 612 warnings in stage3 of this bootstrap.
Number of warnings per file:
36 ../../egcs-19991025/gcc/c-typeck.c
36 ../../../egcs-19991025/gcc/java/lex.c
33 ../../egcs-19991025/gcc/mips-tfile.c
24 ../../egcs-19991025/gcc/cccp.c
24 ../../../egcs-19991025/gcc/f/sts.c
21 ../../egcs-19991025/gcc/gcc.c
21 ../../egcs-19991025/gcc/final.c
21 ../../egcs-19991025/gcc/collect2.c
18 ../../egcs-19991025/gcc/toplev.c
18 ../../egcs-19991025/gcc/lcm.c
18 ../../../egcs-19991025/gcc/ch/tasking.c
15 ../../egcs-19991025/gcc/reload.c
15 ../../egcs-19991025/gcc/c-decl.c
12 cexp.y
12 ../../egcs-19991025/gcc/unroll.c
12 ../../egcs-19991025/gcc/sdbout.c
12 ../../egcs-19991025/gcc/regmove.c
12 ../../egcs-19991025/gcc/genrecog.c
12 ../../../egcs-19991025/gcc/f/com.c
12 ../../../egcs-19991025/gcc/cp/lex.c
9 ./parse.y
9 ../../egcs-19991025/gcc/varasm.c
9 ../../egcs-19991025/gcc/reload1.c
9 ../../egcs-19991025/gcc/genopinit.c
9 ../../egcs-19991025/gcc/errors.c
9 ../../egcs-19991025/gcc/dbxout.c
9 ../../../egcs-19991025/gcc/java/gjavah.c
9 ../../../egcs-19991025/gcc/cp/decl.c
9 ../../../egcs-19991025/gcc/cp/class.c
6 ../../egcs-19991025/gcc/print-rtl.c
6 ../../egcs-19991025/gcc/optabs.c
6 ../../egcs-19991025/gcc/loop.c
6 ../../egcs-19991025/gcc/local-alloc.c
6 ../../egcs-19991025/gcc/genoutput.c
6 ../../egcs-19991025/gcc/genemit.c
6 ../../egcs-19991025/gcc/fold-const.c
6 ../../egcs-19991025/gcc/cpplib.c
6 ../../egcs-19991025/gcc/config/alpha/alpha.c
6 ../../../egcs-19991025/gcc/java/jv-scan.c
6 ../../../egcs-19991025/gcc/ch/parse.c
6 ../../../egcs-19991025/gcc/ch/expr.c
3 ../../egcs-19991025/gcc/stupid.c
3 ../../egcs-19991025/gcc/scan-decls.c
3 ../../egcs-19991025/gcc/rtl.c
3 ../../egcs-19991025/gcc/regclass.c
3 ../../egcs-19991025/gcc/hash.c
3 ../../egcs-19991025/gcc/genattrtab.c
3 ../../egcs-19991025/gcc/gcov.c
3 ../../egcs-19991025/gcc/gcov-io.h
3 ../../egcs-19991025/gcc/flow.c
3 ../../egcs-19991025/gcc/fix-header.c
3 ../../egcs-19991025/gcc/f/g77spec.c
3 ../../egcs-19991025/gcc/expr.c
3 ../../egcs-19991025/gcc/emit-rtl.c
3 ../../egcs-19991025/gcc/cppexp.c
3 ../../egcs-19991025/gcc/cpperror.c
3 ../../egcs-19991025/gcc/calls.c
3 ../../egcs-19991025/gcc/c-common.c
3 ../../../egcs-19991025/gcc/java/jvgenmain.c
3 ../../../egcs-19991025/gcc/cp/typeck2.c
3 ../../../egcs-19991025/gcc/cp/typeck.c
3 ../../../egcs-19991025/gcc/cp/tree.c
3 ../../../egcs-19991025/gcc/cp/init.c
3 ../../../egcs-19991025/gcc/cp/error.c
3 ../../../egcs-19991025/gcc/ch/typeck.c
3 ../../../egcs-19991025/gcc/ch/grant.c
Number of warning types:
336 format not a string literal, argument types not checked
81 \`???' might be used uninitialized in this function
60 comparison between signed and unsigned
48 unused parameter \`???'
36 variable \`???' might be clobbered by \`longjmp' or \`vfork'
12 unused variable \`???'
9 white space at end of line in string
6 missing initializer
6 implicit declaration of function \`???'
6 (near initialization for \`???')
3 passing arg ??? of \`???' makes pointer from integer without a cast
3 passing arg ??? of \`???' discards qualifiers from pointer target type
3 assignment from incompatible pointer type
3 \`???' defined but not used
Index Nav: | [Date Index] [Subject Index] [Author Index] [Thread Index] | |
---|---|---|
Message Nav: | [Date Prev] [Date Next] | [Thread Prev] [Thread Next] |