This is the mail archive of the
gcc-testresults@gcc.gnu.org
mailing list for the GCC project.
Results for 2.96 19991025 (experimental) testsuite on alphaev56-dec-osf4.0d
- To: gcc-testresults at gcc dot gnu dot org
- Subject: Results for 2.96 19991025 (experimental) testsuite on alphaev56-dec-osf4.0d
- From: Alexandre Oliva <oliva at lsd dot ic dot unicamp dot br>
- Date: Tue, 26 Oct 1999 14:34:50 -0200
Native configuration is alphaev56-dec-osf4.0d
=== g++ tests ===
Running target unix
FAIL: g++.ext/attrib5.C (test for excess errors)
FAIL: g++.jason/thunk2.C (test for excess errors)
FAIL: g++.oliva/thunk1.C (test for excess errors)
FAIL: g++.other/syntax1.C (test for excess errors)
FAIL: g++.other/syntax2.C (test for excess errors)
XPASS: g++.pt/instantiate6.C (test for excess errors)
FAIL: g++.pt/static3.C (test for excess errors)
FAIL: g++.pt/static6.C (test for excess errors)
FAIL: g++.pt/vaarg.C caused compiler crash
=== g++ Summary ===
# of expected passes 5586
# of unexpected failures 8
# of unexpected successes 1
# of expected failures 97
# of untested testcases 14
/usr/local/tmp/egcs/gcc/testsuite/../xgcc version 2.96 19991025 (experimental)
=== g77 tests ===
Running target unix
FAIL: g77.f-torture/compile/19990826-1.f, -O0
FAIL: g77.f-torture/compile/19990826-1.f, -O1
FAIL: g77.f-torture/compile/19990826-1.f, -O2
FAIL: g77.f-torture/compile/19990826-1.f, -O2 -fomit-frame-pointer -finline-functions
FAIL: g77.f-torture/compile/19990826-1.f, -Os
=== g77 Summary ===
# of expected passes 649
# of unexpected failures 5
=== gcc tests ===
Running target unix
FAIL: gcc.c-torture/compile/990801-1.c, -O2
FAIL: gcc.c-torture/compile/990801-1.c, -O3 -fomit-frame-pointer
FAIL: gcc.c-torture/compile/990801-1.c, -O3 -fomit-frame-pointer -funroll-loops
FAIL: gcc.c-torture/compile/990801-1.c, -O3 -fomit-frame-pointer -funroll-all-loops -finline-functions
FAIL: gcc.c-torture/compile/990801-1.c, -O3 -g
FAIL: gcc.c-torture/compile/990801-1.c, -Os
FAIL: gcc.c-torture/execute/ieee/fp-cmp-2.c execution, -O0
FAIL: gcc.c-torture/execute/ieee/fp-cmp-2.c execution, -O1
FAIL: gcc.c-torture/execute/ieee/fp-cmp-2.c execution, -O2
FAIL: gcc.c-torture/execute/ieee/fp-cmp-2.c execution, -O3 -fomit-frame-pointer
FAIL: gcc.c-torture/execute/ieee/fp-cmp-2.c execution, -O3 -fomit-frame-pointer -funroll-loops
FAIL: gcc.c-torture/execute/ieee/fp-cmp-2.c execution, -O3 -fomit-frame-pointer -funroll-all-loops -finline-functions
FAIL: gcc.c-torture/execute/ieee/fp-cmp-2.c execution, -O3 -g
FAIL: gcc.c-torture/execute/ieee/fp-cmp-2.c execution, -Os
FAIL: gcc.c-torture/execute/ieee/mzero2.c execution, -O0
FAIL: gcc.c-torture/execute/ieee/mzero2.c execution, -O1
FAIL: gcc.c-torture/execute/ieee/mzero2.c execution, -O2
FAIL: gcc.c-torture/execute/ieee/mzero2.c execution, -O3 -fomit-frame-pointer
FAIL: gcc.c-torture/execute/ieee/mzero2.c execution, -O3 -g
FAIL: gcc.c-torture/execute/ieee/mzero2.c execution, -Os
XPASS: gcc.c-torture/execute/memcheck/blkarg.c execution, -O0
XPASS: gcc.c-torture/execute/memcheck/blkarg.c execution, -O1
XPASS: gcc.c-torture/execute/memcheck/blkarg.c execution, -O2
XPASS: gcc.c-torture/execute/memcheck/blkarg.c execution, -Os
FAIL: gcc.dg/cast-qual-1.c discarding `const' warning (test for bogus messages, line 11)
FAIL: gcc.dg/cast-qual-1.c discarding `const' warning (test for warnings, line 17)
FAIL: gcc.dg/compare1.c comparison between signed and unsigned (test for bogus messages, line 25)
FAIL: gcc.dg/special/weak-1.c (test for excess errors)
FAIL: gcc.dg/special/weak-2.c (test for excess errors)
FAIL: gcc.dg/special/alias-1.c (test for excess errors)
FAIL: gcc.dg/special/wkali-1.c (test for excess errors)
FAIL: wkali-2a.o
=== gcc Summary ===
# of expected passes 8656
# of unexpected failures 28
# of unexpected successes 4
# of expected failures 28
# of unsupported tests 27
/usr/local/tmp/egcs/gcc/xgcc version 2.96 19991025 (experimental)
=== libg++ tests ===
Running target unix
=== libg++ Summary ===
# of expected passes 72
=== libio tests ===
Running target unix
=== libio Summary ===
# of expected passes 40
=== libstdc++ tests ===
Running target unix
=== libstdc++ Summary ===
# of expected passes 30
=== objc tests ===
Running target unix
FAIL: objc/execute/bf-10.m execution, -O
FAIL: objc/execute/bf-16.m execution, -O
FAIL: objc/execute/bf-17.m execution, -O
=== objc Summary ===
# of expected passes 35
# of unexpected failures 3
/usr/local/tmp/egcs/gcc/xgcc version 2.96 19991025 (experimental)
Compiler version: 2.96 19991025 (experimental)
Platform: alphaev56-dec-osf4.0d
BOOT_CFLAGS: -g -O9 -W -Wall
Counting all warnings,
there are 200 warnings in stage3 of this bootstrap.
Number of warnings per file:
12 /home/msc/oliva/src/egcs/gcc/java/lex.c
12 /home/msc/oliva/src/egcs/gcc/c-typeck.c
8 /home/msc/oliva/src/egcs/gcc/mips-tfile.c
8 /home/msc/oliva/src/egcs/gcc/f/sts.c
8 /home/msc/oliva/src/egcs/gcc/cccp.c
7 /home/msc/oliva/src/egcs/gcc/gcc.c
7 /home/msc/oliva/src/egcs/gcc/final.c
7 /home/msc/oliva/src/egcs/gcc/collect2.c
6 /home/msc/oliva/src/egcs/gcc/toplev.c
6 /home/msc/oliva/src/egcs/gcc/lcm.c
6 /home/msc/oliva/src/egcs/gcc/ch/tasking.c
5 /home/msc/oliva/src/egcs/gcc/reload.c
5 /home/msc/oliva/src/egcs/gcc/c-decl.c
4 cexp.y
4 /home/msc/oliva/src/egcs/gcc/unroll.c
4 /home/msc/oliva/src/egcs/gcc/sdbout.c
4 /home/msc/oliva/src/egcs/gcc/regmove.c
4 /home/msc/oliva/src/egcs/gcc/genrecog.c
4 /home/msc/oliva/src/egcs/gcc/f/com.c
4 /home/msc/oliva/src/egcs/gcc/cp/lex.c
3 /home/msc/oliva/src/egcs/gcc/varasm.c
3 /home/msc/oliva/src/egcs/gcc/reload1.c
3 /home/msc/oliva/src/egcs/gcc/java/gjavah.c
3 /home/msc/oliva/src/egcs/gcc/genopinit.c
3 /home/msc/oliva/src/egcs/gcc/errors.c
3 /home/msc/oliva/src/egcs/gcc/dbxout.c
3 /home/msc/oliva/src/egcs/gcc/cp/decl.c
3 /home/msc/oliva/src/egcs/gcc/cp/class.c
3 ./parse.y
2 /home/msc/oliva/src/egcs/gcc/print-rtl.c
2 /home/msc/oliva/src/egcs/gcc/optabs.c
2 /home/msc/oliva/src/egcs/gcc/loop.c
2 /home/msc/oliva/src/egcs/gcc/local-alloc.c
2 /home/msc/oliva/src/egcs/gcc/java/jv-scan.c
2 /home/msc/oliva/src/egcs/gcc/genoutput.c
2 /home/msc/oliva/src/egcs/gcc/genemit.c
2 /home/msc/oliva/src/egcs/gcc/fold-const.c
2 /home/msc/oliva/src/egcs/gcc/cpplib.c
2 /home/msc/oliva/src/egcs/gcc/config/alpha/alpha.c
2 /home/msc/oliva/src/egcs/gcc/ch/parse.c
2 /home/msc/oliva/src/egcs/gcc/ch/expr.c
1 /home/msc/oliva/src/egcs/gcc/stupid.c
1 /home/msc/oliva/src/egcs/gcc/scan-decls.c
1 /home/msc/oliva/src/egcs/gcc/rtl.c
1 /home/msc/oliva/src/egcs/gcc/regclass.c
1 /home/msc/oliva/src/egcs/gcc/java/jvgenmain.c
1 /home/msc/oliva/src/egcs/gcc/hash.c
1 /home/msc/oliva/src/egcs/gcc/genattrtab.c
1 /home/msc/oliva/src/egcs/gcc/gcov.c
1 /home/msc/oliva/src/egcs/gcc/flow.c
1 /home/msc/oliva/src/egcs/gcc/fix-header.c
1 /home/msc/oliva/src/egcs/gcc/f/g77spec.c
1 /home/msc/oliva/src/egcs/gcc/expr.c
1 /home/msc/oliva/src/egcs/gcc/emit-rtl.c
1 /home/msc/oliva/src/egcs/gcc/cppexp.c
1 /home/msc/oliva/src/egcs/gcc/cpperror.c
1 /home/msc/oliva/src/egcs/gcc/cp/typeck2.c
1 /home/msc/oliva/src/egcs/gcc/cp/typeck.c
1 /home/msc/oliva/src/egcs/gcc/cp/tree.c
1 /home/msc/oliva/src/egcs/gcc/cp/init.c
1 /home/msc/oliva/src/egcs/gcc/cp/error.c
1 /home/msc/oliva/src/egcs/gcc/ch/typeck.c
1 /home/msc/oliva/src/egcs/gcc/ch/grant.c
1 /home/msc/oliva/src/egcs/gcc/calls.c
1 /home/msc/oliva/src/egcs/gcc/c-common.c
Number of warning types:
112 format not a string literal, argument types not checked
27 `???' might be used uninitialized in this function
17 comparison between signed and unsigned
16 unused parameter `???'
12 variable `???' might be clobbered by `longjmp' or `vfork'
4 unused variable `???'
3 white space at end of line in string
2 missing initializer
2 implicit declaration of function `???'
2 (near initialization for `???')
1 passing arg ??? of `???' makes pointer from integer without a cast
1 passing arg ??? of `???' discards qualifiers from pointer target type
1 assignment from incompatible pointer type