This is the mail archive of the
gcc-testresults@gcc.gnu.org
mailing list for the GCC project.
Results for 2.96 19991021 (experimental) testsuite on mips-sgi-irix6.2
- To: gcc-testresults at gcc dot gnu dot org
- Subject: Results for 2.96 19991021 (experimental) testsuite on mips-sgi-irix6.2
- From: "Kaveh R. Ghazi" <ghazi at caip dot rutgers dot edu>
- Date: Fri, 22 Oct 1999 10:52:50 -0400 (EDT)
Native configuration is mips-sgi-irix6.2
=== objc tests ===
Running target unix
=== objc Summary ===
# of expected passes 38
/caip/u99/ghazi/gcc-testing/build/gcc/xgcc version 2.96 19991021 (experimental)
=== gcc tests ===
Running target unix
FAIL: gcc.c-torture/compile/990801-1.c, -O2
FAIL: gcc.c-torture/compile/990801-1.c, -O3 -fomit-frame-pointer
FAIL: gcc.c-torture/compile/990801-1.c, -O3 -fomit-frame-pointer -funroll-loops
FAIL: gcc.c-torture/compile/990801-1.c, -O3 -fomit-frame-pointer -funroll-all-loops -finline-functions
FAIL: gcc.c-torture/compile/990801-1.c, -O3 -g
FAIL: gcc.c-torture/compile/990801-1.c, -Os
XPASS: gcc.c-torture/execute/memcheck/blkarg.c execution, -O0
XPASS: gcc.c-torture/execute/memcheck/blkarg.c execution, -O1
XPASS: gcc.c-torture/execute/memcheck/blkarg.c execution, -O2
XPASS: gcc.c-torture/execute/memcheck/blkarg.c execution, -Os
FAIL: gcc.c-torture/noncompile/920824-1.c
FAIL: gcc.dg/cast-qual-1.c discarding `const' warning (test for bogus messages, line 11)
FAIL: gcc.dg/cast-qual-1.c discarding `const' warning (test for warnings, line 17)
FAIL: gcc.dg/compare1.c comparison between signed and unsigned (test for bogus messages, line 25)
FAIL: gcc.dg/special/alias-1.c (test for excess errors)
FAIL: wkali-2b.o
=== gcc Summary ===
# of expected passes 8656
# of unexpected failures 12
# of unexpected successes 4
# of expected failures 28
# of unsupported tests 28
/caip/u99/ghazi/gcc-testing/build/gcc/xgcc version 2.96 19991021 (experimental)
=== g77 tests ===
Running target unix
=== g77 Summary ===
# of expected passes 654
=== g++ tests ===
Running target unix
FAIL: g++.dg/special/conpr-1.C execution test
FAIL: g++.dg/special/conpr-2.C execution test
FAIL: g++.dg/special/conpr-3.C execution test
FAIL: g++.dg/special/conpr-3.C execution test
FAIL: g++.brendan/crash63.C caused compiler crash
FAIL: g++.brendan/crash64.C caused compiler crash
FAIL: g++.brendan/groff1.C caused compiler crash
FAIL: g++.brendan/overload6.C caused compiler crash
FAIL: g++.eh/new1.C caused compiler crash
FAIL: g++.eh/new2.C caused compiler crash
FAIL: g++.ext/initp1.C Execution test
FAIL: g++.jason/lookup2.C caused compiler crash
FAIL: g++.jason/report.C non-void (test for errors, line 53)
FAIL: g++.jason/report.C not a member (test for errors, line 59)
FAIL: g++.jason/report.C implicit declaration (test for errors, line 67)
FAIL: g++.jason/report.C non-void (test for errors, line 68)
FAIL: g++.jason/report.C (test for excess errors)
FAIL: g++.jason/template31.C caused compiler crash
FAIL: g++.jason/template42.C caused compiler crash
FAIL: g++.law/ctors18.C caused compiler crash
FAIL: g++.law/cvt3.C caused compiler crash
FAIL: g++.law/operators11.C caused compiler crash
FAIL: g++.law/unsorted2.C caused compiler crash
FAIL: g++.law/virtual3.C caused compiler crash
FAIL: g++.mike/explicit1.C (test for excess errors)
FAIL: g++.mike/explicit2.C (test for excess errors)
FAIL: g++.mike/init2.C caused compiler crash
FAIL: g++.mike/net16.C caused compiler crash
FAIL: g++.mike/p4677.C (test for excess errors)
FAIL: g++.niklas/t122.C caused compiler crash
FAIL: g++.ns/koenig4.C caused compiler crash
FAIL: g++.ns/koenig6.C caused compiler crash
FAIL: g++.ns/template11.C caused compiler crash
FAIL: g++.oliva/template7.C (test for excess errors)
FAIL: g++.other/init9.C jump from here (test for errors, line 36)
FAIL: g++.other/init9.C jump to here (test for errors, line 38)
FAIL: g++.other/init9.C (test for excess errors)
FAIL: g++.other/typeinfo1.C caused compiler crash
FAIL: g++.other/vaarg3.C forward decl (test for errors, line 12)
FAIL: g++.other/vaarg3.C promote (test for errors, line 23)
FAIL: g++.other/vaarg3.C promote (test for errors, line 24)
FAIL: g++.other/vaarg3.C promote (test for errors, line 25)
FAIL: g++.other/vaarg3.C promote (test for errors, line 26)
FAIL: g++.other/vaarg3.C cannot receive (test for warnings, line 16)
FAIL: g++.other/vaarg3.C cannot receive (test for warnings, line 17)
FAIL: g++.other/vaarg3.C cannot receive (test for warnings, line 18)
FAIL: g++.pt/explicit11.C caused compiler crash
FAIL: g++.pt/explicit25.C caused compiler crash
FAIL: g++.pt/explicit37.C caused compiler crash
FAIL: g++.pt/explicit77.C (test for excess errors)
FAIL: g++.pt/explicit78.C caused compiler crash
FAIL: g++.pt/expr3.C caused compiler crash
FAIL: g++.pt/expr7.C caused compiler crash
XPASS: g++.pt/instantiate6.C (test for excess errors)
FAIL: g++.pt/memclass17.C caused compiler crash
FAIL: g++.pt/memtemp11.C caused compiler crash
FAIL: g++.pt/memtemp14.C caused compiler crash
FAIL: g++.pt/memtemp16.C caused compiler crash
FAIL: g++.pt/memtemp17.C caused compiler crash
FAIL: g++.pt/memtemp20.C caused compiler crash
FAIL: g++.pt/memtemp3.C caused compiler crash
FAIL: g++.pt/memtemp36.C caused compiler crash
FAIL: g++.pt/memtemp5.C caused compiler crash
FAIL: g++.pt/memtemp53.C caused compiler crash
FAIL: g++.pt/memtemp58.C caused compiler crash
FAIL: g++.pt/memtemp7.C caused compiler crash
FAIL: g++.pt/nttp2.C caused compiler crash
FAIL: g++.pt/overload1.C caused compiler crash
FAIL: g++.pt/overload7.C caused compiler crash
FAIL: g++.pt/spec17.C caused compiler crash
FAIL: g++.pt/t40.C caused compiler crash
FAIL: g++.pt/t41.C caused compiler crash
FAIL: g++.pt/ttp19.C caused compiler crash
FAIL: g++.pt/ttp33.C caused compiler crash
FAIL: g++.pt/ttp40.C caused compiler crash
FAIL: g++.pt/ttp57.C caused compiler crash
FAIL: g++.pt/ttp58.C caused compiler crash
FAIL: g++.pt/typename1.C caused compiler crash
FAIL: g++.pt/unify2.C caused compiler crash
FAIL: g++.pt/vaarg.C caused compiler crash
FAIL: g++.robertl/eb109.C no size function (test for errors, line 42)
FAIL: g++.robertl/eb109.C no index operator (test for errors, line 44)
FAIL: g++.robertl/eb109.C no index operator (test for errors, line 48)
FAIL: g++.robertl/eb109.C no index operator (test for errors, line 49)
FAIL: g++.robertl/eb109.C no index operator (test for errors, line 54)
FAIL: g++.robertl/eb109.C (test for excess errors)
FAIL: g++.robertl/eb127.C caused compiler crash
FAIL: g++.robertl/eb13.C caused compiler crash
FAIL: g++.robertl/eb130.C caused compiler crash
FAIL: g++.robertl/eb14.C caused compiler crash
FAIL: g++.robertl/eb21.C caused compiler crash
FAIL: g++.robertl/eb28.C caused compiler crash
FAIL: g++.robertl/eb29.C caused compiler crash
FAIL: g++.robertl/eb36.C (test for excess errors)
FAIL: g++.robertl/eb37.C caused compiler crash
FAIL: g++.robertl/eb43.C caused compiler crash
FAIL: g++.robertl/eb59.C caused compiler crash
FAIL: g++.robertl/eb62.C caused compiler crash
FAIL: g++.robertl/eb7.C caused compiler crash
=== g++ Summary ===
# of expected passes 5472
# of unexpected failures 98
# of unexpected successes 1
# of expected failures 96
# of untested testcases 14
/caip/u99/ghazi/gcc-testing/build/gcc/testsuite/../xgcc version 2.96 19991021 (experimental)
=== libstdc++ tests ===
Running target unix
FAIL: tlist.cc compilation
FAIL: tlist.cc -O compilation
FAIL: tvector.cc compilation
FAIL: tvector.cc -O compilation
=== libstdc++ Summary ===
# of expected passes 18
# of unexpected failures 4
# of expected failures 8
=== libio tests ===
Running target unix
=== libio Summary ===
# of expected passes 40
Compiler version: 2.96 19991021 (experimental)
Platform: mips-sgi-irix6.2
configure flags: --with-gcc-version-trigger=/caip/u99/ghazi/gcc-testing/egcs-CVS19991021/gcc/version.c --host=mips-sgi-irix6.2 --verbose --norecursion