This is the mail archive of the
gcc-testresults@gcc.gnu.org
mailing list for the GCC project.
Results for 2.96 19991004 (experimental) testsuite on hppa2.0-hp-hpux10.20
- To: "'gcc-testresults at gcc dot gnu dot org'" <gcc-testresults at gcc dot gnu dot org>
- Subject: Results for 2.96 19991004 (experimental) testsuite on hppa2.0-hp-hpux10.20
- From: "Brown, Rodney" <rodneybrown at pmsc dot com>
- Date: Tue, 5 Oct 1999 01:05:35 -0400
Native configuration is hppa2.0-hp-hpux10.20
=== libio tests ===
Running target unix
=== libio Summary ===
# of expected passes 40
=== libstdc++ tests ===
Running target unix
=== libstdc++ Summary ===
# of expected passes 30
=== gcc tests ===
Running target unix
FAIL: gcc.c-torture/execute/980716-1.c execution, -O0
FAIL: gcc.c-torture/execute/strct-stdarg-1.c execution, -O0
FAIL: gcc.c-torture/execute/strct-stdarg-1.c execution, -O1
FAIL: gcc.c-torture/execute/strct-stdarg-1.c execution, -O2
FAIL: gcc.c-torture/execute/strct-stdarg-1.c execution, -O3
-fomit-frame-pointer
FAIL: gcc.c-torture/execute/strct-stdarg-1.c execution, -O3
-fomit-frame-pointer -funroll-loops
FAIL: gcc.c-torture/execute/strct-stdarg-1.c execution, -O3
-fomit-frame-pointer -funroll-all-loops -finline-functions
FAIL: gcc.c-torture/execute/strct-stdarg-1.c execution, -O3 -g
FAIL: gcc.c-torture/execute/strct-stdarg-1.c execution, -Os
FAIL: gcc.c-torture/execute/ieee/fp-cmp-1.c execution, -O0
FAIL: gcc.c-torture/execute/ieee/fp-cmp-2.c execution, -O0
FAIL: gcc.c-torture/execute/ieee/fp-cmp-3.c execution, -O0
FAIL: gcc.c-torture/execute/ieee/mzero2.c execution, -O1
FAIL: gcc.c-torture/execute/ieee/mzero2.c execution, -O2
FAIL: gcc.c-torture/execute/ieee/mzero2.c execution, -O3
-fomit-frame-pointer
FAIL: gcc.c-torture/execute/ieee/mzero2.c execution, -O3 -g
FAIL: gcc.c-torture/execute/ieee/mzero2.c execution, -Os
FAIL: gcc.c-torture/noncompile/940510-1.c
FAIL: gcc.c-torture/noncompile/940510-1.c
FAIL: gcc.c-torture/noncompile/940510-1.c
FAIL: gcc.c-torture/noncompile/940510-1.c
FAIL: gcc.c-torture/noncompile/940510-1.c
FAIL: gcc.c-torture/noncompile/940510-1.c
FAIL: gcc.c-torture/noncompile/940510-1.c
FAIL: gcc.c-torture/noncompile/940510-1.c
FAIL: gcc.dg/cast-qual-1.c discarding \`const' warning (test for bogus
messages, line 11)
FAIL: gcc.dg/cast-qual-1.c discarding \`const' warning (test for warnings,
line 17)
FAIL: gcc.dg/compare1.c comparison between signed and unsigned (test for
bogus messages, line 25)
FAIL: gcc.dg/special/alias-1.c (test for excess errors)
FAIL: gcc.dg/special/wkali-1.c (test for excess errors)
=== gcc Summary ===
# of expected passes 8567
# of unexpected failures 30
# of expected failures 32
# of unresolved testcases 3
# of unsupported tests 26
/devel/span/rdb/src/egcs-19991004.obj/gcc/xgcc version 2.96 19991004
(experimental)
=== g++ tests ===
Running target unix
FAIL: g++.brendan/template9.C (test for excess errors)
FAIL: g++.eh/fntry1.C Execution test
FAIL: g++.eh/vbase1.C Execution test
FAIL: g++.ext/attrib5.C (test for excess errors)
FAIL: g++.ext/comint1.C (test for excess errors)
FAIL: g++.jason/anon4.C caused compiler crash
FAIL: g++.jason/new4.C (test for excess errors)
FAIL: g++.law/memoized1.C (test for excess errors)
FAIL: g++.mike/asm2.C Execution test
FAIL: g++.mike/eh16.C Execution test
FAIL: g++.mike/eh17.C Execution test
XPASS: g++.mike/eh33.C (test for excess errors)
XPASS: g++.mike/eh33.C Execution test
XPASS: g++.mike/eh50.C (test for excess errors)
XPASS: g++.mike/eh50.C Execution test
FAIL: g++.mike/init1.C (test for excess errors)
FAIL: g++.mike/memoize1.C (test for excess errors)
FAIL: g++.mike/p2736.C (test for excess errors)
FAIL: g++.oliva/template7.C (test for excess errors)
FAIL: g++.oliva/thunk1.C (test for excess errors)
FAIL: g++.other/cleanup3.C (test for excess errors)
FAIL: g++.other/debug3.C (test for excess errors)
FAIL: g++.other/init5.C (test for excess errors)
FAIL: g++.other/overload9.C (test for excess errors)
FAIL: g++.other/rtti2.C (test for excess errors)
FAIL: g++.other/rtti3.C (test for excess errors)
FAIL: g++.other/rtti4.C (test for excess errors)
FAIL: g++.other/rttid2.C (test for excess errors)
FAIL: g++.other/rttid3.C (test for excess errors)
FAIL: g++.other/static3.C (test for excess errors)
FAIL: g++.other/syntax1.C caused compiler crash
FAIL: g++.other/syntax2.C caused compiler crash
XPASS: g++.pt/instantiate6.C (test for excess errors)
FAIL: g++.pt/static6.C (test for excess errors)
=== g++ Summary ===
# of expected passes 5518
# of unexpected failures 29
# of unexpected successes 5
# of expected failures 110
# of untested testcases 14
/devel/span/rdb/src/egcs-19991004.obj/gcc/testsuite/../xgcc version 2.96
19991004 (experimental)
=== g77 tests ===
Running target unix
FAIL: g77.f-torture/compile/19990826-1.f, -O0
FAIL: g77.f-torture/compile/19990826-1.f, -O1
FAIL: g77.f-torture/compile/19990826-1.f, -O2
FAIL: g77.f-torture/compile/19990826-1.f, -O2 -fomit-frame-pointer
-finline-functions
FAIL: g77.f-torture/compile/19990826-1.f, -Os
FAIL: g77.f-torture/compile/19990905-1.f, -O0
FAIL: g77.f-torture/compile/19990905-1.f, -O1
FAIL: g77.f-torture/compile/19990905-1.f, -O2
FAIL: g77.f-torture/compile/19990905-1.f, -O2 -fomit-frame-pointer
-finline-functions
FAIL: g77.f-torture/compile/19990905-1.f, -Os
=== g77 Summary ===
# of expected passes 649
# of unexpected failures 10
=== objc tests ===
Running target unix
=== objc Summary ===
# of expected passes 38
/devel/span/rdb/src/egcs-19991004.obj/gcc/xgcc version 2.96 19991004
(experimental)
Compiler version: 2.96 19991004 (experimental)
Platform: hppa2.0-hp-hpux10.20
configure flags:
--with-gcc-version-trigger=/devel/span/rdb/src/egcs-19991004/gcc/version.c
--host=hppa2.0-hp-hpux10.20 --with-gnu-as --norecursion
Counting all warnings,
there are 334 warnings in stage3 of this bootstrap.
Number of warnings per file:
30 ../../egcs-19991004/gcc/combine.c
29 ../../egcs-19991004/gcc/expmed.c
26 ../../egcs-19991004/gcc/cse.c
25 ../../egcs-19991004/gcc/optabs.c
20 ../../egcs-19991004/gcc/expr.c
20 ../../egcs-19991004/gcc/config/pa/pa.c
15 ../../egcs-19991004/gcc/c-common.c
13 ../../egcs-19991004/gcc/reload1.c
13 ../../egcs-19991004/gcc/recog.c
13 ../../egcs-19991004/gcc/calls.c
12 ../../../egcs-19991004/gcc/java/lex.c
11 ../../../egcs-19991004/gcc/f/com.c
8 ../../egcs-19991004/gcc/unroll.c
8 ../../egcs-19991004/gcc/reload.c
7 ../../egcs-19991004/gcc/function.c
7 ../../egcs-19991004/gcc/emit-rtl.c
6 ../../../egcs-19991004/gcc/java/typeck.c
5 ../../egcs-19991004/gcc/varasm.c
5 ../../egcs-19991004/gcc/loop.c
4 cexp.y
4 ../../egcs-19991004/gcc/regmove.c
4 ../../egcs-19991004/gcc/flow.c
3 insn-recog.c
3 ../../egcs-19991004/gcc/stmt.c
3 ../../egcs-19991004/gcc/integrate.c
3 ../../egcs-19991004/gcc/genopinit.c
3 ../../egcs-19991004/gcc/explow.c
3 ../../egcs-19991004/gcc/cccp.c
3 ../../egcs-19991004/gcc/alias.c
3 ../../../egcs-19991004/gcc/java/gjavah.c
2 ../../egcs-19991004/gcc/toplev.c
2 ../../egcs-19991004/gcc/regclass.c
2 ../../egcs-19991004/gcc/local-alloc.c
2 ../../egcs-19991004/gcc/gcc.c
2 ../../egcs-19991004/gcc/fold-const.c
2 ../../egcs-19991004/gcc/dbxout.c
2 ../../egcs-19991004/gcc/collect2.c
2 ../../egcs-19991004/gcc/builtins.c
1 ../../egcs-19991004/gcc/stupid.c
1 ../../egcs-19991004/gcc/scan-decls.c
1 ../../egcs-19991004/gcc/resource.c
1 ../../egcs-19991004/gcc/reorg.c
1 ../../egcs-19991004/gcc/hash.c
1 ../../egcs-19991004/gcc/gcov-io.h
1 ../../egcs-19991004/gcc/final.c
1 ../../egcs-19991004/gcc/f/g77spec.c
1 ../../../egcs-19991004/gcc/cp/init.c
Number of warning types:
248 comparison between signed and unsigned
27 \`???' might be used uninitialized in this function
13 unused parameter \`???'
13 implicit declaration of function \`???'
12 variable \`???' might be clobbered by \`longjmp' or \`vfork'
5 value computed is not used
5 unused variable \`???'
3 white space at end of line in string
3 left-hand operand of comma expression has no effect
2 initialization from incompatible pointer type
1 passing arg ??? of \`???' discards qualifiers from pointer target type
1 assignment from incompatible pointer type
1 \`???' defined but not used