This is the mail archive of the
gcc-testresults@gcc.gnu.org
mailing list for the GCC project.
Results for 2.96 19990927 (experimental) testsuite on rs6000-ibm-aix4.2.0.0
- To: "'gcc-testresults at gcc dot gnu dot org'" <gcc-testresults at gcc dot gnu dot org>
- Subject: Results for 2.96 19990927 (experimental) testsuite on rs6000-ibm-aix4.2.0.0
- From: "Brown, Rodney" <rodneybrown at pmsc dot com>
- Date: Fri, 1 Oct 1999 03:59:12 -0400
Native configuration is rs6000-ibm-aix4.2.0.0
=== libstdc++ tests ===
Running target unix
FAIL: tstring.cc -O compilation
=== libstdc++ Summary ===
# of expected passes 27
# of unexpected failures 1
# of expected failures 2
=== gcc tests ===
Running target unix
FAIL: gcc.c-torture/compile/990801-1.c, -O2
FAIL: gcc.c-torture/compile/990801-1.c, -O3 -fomit-frame-pointer
FAIL: gcc.c-torture/compile/990801-1.c, -O3 -fomit-frame-pointer
-funroll-loops
FAIL: gcc.c-torture/compile/990801-1.c, -O3 -fomit-frame-pointer
-funroll-all-loops -finline-functions
FAIL: gcc.c-torture/compile/990801-1.c, -O3 -g
FAIL: gcc.c-torture/compile/990801-1.c, -Os
FAIL: gcc.c-torture/execute/920501-8.c compilation, -O0
FAIL: gcc.c-torture/execute/920501-8.c compilation, -O1
FAIL: gcc.c-torture/execute/920501-8.c compilation, -O2
FAIL: gcc.c-torture/execute/920501-8.c compilation, -O3
-fomit-frame-pointer
FAIL: gcc.c-torture/execute/920501-8.c compilation, -O3 -g
FAIL: gcc.c-torture/execute/920501-8.c compilation, -Os
FAIL: gcc.c-torture/execute/920726-1.c compilation, -O0
FAIL: gcc.c-torture/execute/920726-1.c compilation, -O1
FAIL: gcc.c-torture/execute/920726-1.c compilation, -O2
FAIL: gcc.c-torture/execute/920726-1.c compilation, -O3
-fomit-frame-pointer
FAIL: gcc.c-torture/execute/920726-1.c compilation, -O3
-fomit-frame-pointer -funroll-loops
FAIL: gcc.c-torture/execute/920726-1.c compilation, -O3
-fomit-frame-pointer -funroll-all-loops -finline-functions
FAIL: gcc.c-torture/execute/920726-1.c compilation, -O3 -g
FAIL: gcc.c-torture/execute/920726-1.c compilation, -Os
FAIL: gcc.c-torture/execute/931004-12.c execution, -O0
FAIL: gcc.c-torture/execute/931004-12.c execution, -O1
FAIL: gcc.c-torture/execute/931004-12.c execution, -O2
FAIL: gcc.c-torture/execute/931004-12.c execution, -O3 -fomit-frame-pointer
FAIL: gcc.c-torture/execute/931004-12.c execution, -O3 -fomit-frame-pointer
-funroll-loops
FAIL: gcc.c-torture/execute/931004-12.c execution, -O3 -fomit-frame-pointer
-funroll-all-loops -finline-functions
FAIL: gcc.c-torture/execute/931004-12.c execution, -O3 -g
FAIL: gcc.c-torture/execute/931004-12.c execution, -Os
FAIL: gcc.c-torture/execute/complex-5.c execution, -O3 -fomit-frame-pointer
FAIL: gcc.c-torture/execute/complex-5.c execution, -O3 -g
XPASS: gcc.c-torture/execute/memcheck/blkarg.c execution, -O0
XPASS: gcc.c-torture/execute/memcheck/blkarg.c execution, -O1
XPASS: gcc.c-torture/execute/memcheck/blkarg.c execution, -O2
XPASS: gcc.c-torture/execute/memcheck/blkarg.c execution, -O3
-fomit-frame-pointer
XPASS: gcc.c-torture/execute/memcheck/blkarg.c execution, -O3 -g
XPASS: gcc.c-torture/execute/memcheck/blkarg.c execution, -Os
FAIL: gcc.c-torture/noncompile/940510-1.c
FAIL: gcc.c-torture/noncompile/940510-1.c
FAIL: gcc.c-torture/noncompile/940510-1.c
FAIL: gcc.c-torture/noncompile/940510-1.c
FAIL: gcc.c-torture/noncompile/940510-1.c
FAIL: gcc.c-torture/noncompile/940510-1.c
FAIL: gcc.c-torture/noncompile/940510-1.c
FAIL: gcc.c-torture/noncompile/940510-1.c
FAIL: gcc.c-torture/noncompile/990416-1.c
FAIL: gcc.c-torture/noncompile/990416-1.c
FAIL: gcc.c-torture/noncompile/990416-1.c
FAIL: gcc.c-torture/noncompile/990416-1.c
FAIL: gcc.c-torture/noncompile/poison-1.c
FAIL: gcc.dg/cast-qual-1.c discarding \`const' warning (test for bogus
messages, line 11)
FAIL: gcc.dg/cast-qual-1.c discarding \`const' warning (test for warnings,
line 17)
FAIL: gcc.dg/compare1.c comparison between signed and unsigned (test for
bogus messages, line 25)
=== gcc Summary ===
# of expected passes 8449
# of unexpected failures 46
# of unexpected successes 6
# of expected failures 26
# of unresolved testcases 14
# of unsupported tests 26
/devel/tmp/egcs-19990927.obj/gcc/xgcc version 2.96 19990927 (experimental)
=== g++ tests ===
Running target unix
FAIL: g++.benjamin/15351-1.C (test for excess errors)
FAIL: g++.benjamin/15351-2.C (test for excess errors)
FAIL: g++.brendan/template9.C (test for excess errors)
FAIL: g++.eh/fntry1.C Execution test
FAIL: g++.eh/vbase1.C Execution test
FAIL: g++.ext/addrfunc2.C (test for excess errors)
FAIL: g++.ext/addrfunc3.C (test for excess errors)
FAIL: g++.ext/addrfunc4.C (test for excess errors)
FAIL: g++.ext/attrib5.C (test for excess errors)
FAIL: g++.ext/comint1.C (test for excess errors)
FAIL: g++.ext/implicit1.C (test for excess errors)
FAIL: g++.ext/jump1.C (test for excess errors)
FAIL: g++.jason/new3.C (test for excess errors)
FAIL: g++.jason/new4.C (test for excess errors)
FAIL: g++.jason/template13.C (test for excess errors)
FAIL: g++.jason/template38.C (test for excess errors)
FAIL: g++.jason/thunk1.C (test for excess errors)
FAIL: g++.jason/thunk2.C (test for excess errors)
FAIL: g++.law/memoized1.C (test for excess errors)
FAIL: g++.law/template2.C (test for excess errors)
FAIL: g++.law/temps4.C (test for excess errors)
FAIL: g++.mike/eh16.C Execution test
FAIL: g++.mike/eh17.C Execution test
FAIL: g++.mike/eh30.C (test for excess errors)
FAIL: g++.mike/memoize1.C (test for excess errors)
FAIL: g++.mike/p4750.C (test for excess errors)
FAIL: g++.mike/thunk2.C (test for excess errors)
FAIL: g++.mike/thunk3.C (test for excess errors)
FAIL: g++.mike/vtable1.C (test for excess errors)
FAIL: g++.ns/ns14.C (test for excess errors)
FAIL: g++.oliva/template3.C (test for excess errors)
FAIL: g++.oliva/template7.C (test for excess errors)
FAIL: g++.oliva/thunk1.C (test for excess errors)
FAIL: g++.other/dyncast3.C Execution test
FAIL: g++.other/rtti1.C (test for excess errors)
FAIL: g++.other/rtti2.C (test for excess errors)
FAIL: g++.other/rtti3.C (test for excess errors)
FAIL: g++.other/rtti4.C (test for excess errors)
FAIL: g++.other/rttid2.C (test for excess errors)
FAIL: g++.other/rttid3.C (test for excess errors)
FAIL: g++.pt/crash44.C (test for excess errors)
XPASS: g++.pt/decl2.C ICE - (test for errors, line 8)
FAIL: g++.pt/instantiate4.C (test for excess errors)
FAIL: g++.pt/repo1.C (test for excess errors)
FAIL: g++.pt/repo2.C (test for excess errors)
FAIL: g++.pt/static10.C ANSI C++ forbids in-class initialization of
non-const static member \`x' (test for errors, line 15)
FAIL: g++.pt/static3.C (test for excess errors)
FAIL: g++.pt/static6.C (test for excess errors)
FAIL: g++.pt/typename8.C (test for excess errors)
FAIL: g++.robertl/eb106.C (test for excess errors)
=== g++ Summary ===
# of expected passes 5466
# of unexpected failures 49
# of unexpected successes 1
# of expected failures 120
# of untested testcases 14
/devel/tmp/egcs-19990927.obj/gcc/testsuite/../xgcc version 2.96 19990927
(experimental)
=== g77 tests ===
Running target unix
FAIL: g77.f-torture/compile/19990905-1.f, -O0
FAIL: g77.f-torture/compile/19990905-1.f, -O1
FAIL: g77.f-torture/compile/19990905-1.f, -O2
FAIL: g77.f-torture/compile/19990905-1.f, -O2 -fomit-frame-pointer
-finline-functions
FAIL: g77.f-torture/compile/19990905-1.f, -Os
=== g77 Summary ===
# of expected passes 654
# of unexpected failures 5
=== objc tests ===
Running target unix
FAIL: objc/execute/bf-1.m compilation, -O
FAIL: objc/execute/bf-10.m compilation, -O
FAIL: objc/execute/bf-11.m compilation, -O
FAIL: objc/execute/bf-12.m compilation, -O
FAIL: objc/execute/bf-13.m compilation, -O
FAIL: objc/execute/bf-14.m compilation, -O
FAIL: objc/execute/bf-15.m compilation, -O
FAIL: objc/execute/bf-16.m compilation, -O
FAIL: objc/execute/bf-17.m compilation, -O
FAIL: objc/execute/bf-18.m compilation, -O
FAIL: objc/execute/bf-19.m compilation, -O
FAIL: objc/execute/bf-2.m compilation, -O
FAIL: objc/execute/bf-3.m compilation, -O
FAIL: objc/execute/bf-4.m compilation, -O
FAIL: objc/execute/bf-5.m compilation, -O
FAIL: objc/execute/bf-6.m compilation, -O
FAIL: objc/execute/bf-7.m compilation, -O
FAIL: objc/execute/bf-8.m compilation, -O
FAIL: objc/execute/bf-9.m compilation, -O
=== objc Summary ===
# of unexpected failures 19
# of untested testcases 19
/devel/tmp/egcs-19990927.obj/gcc/xgcc version 2.96 19990927 (experimental)
Compiler version: 2.96 19990927 (experimental)
Platform: rs6000-ibm-aix4.2.0.0
configure flags:
--with-gcc-version-trigger=/devel/tmp/egcs-19990927/gcc/version.c
--host=rs6000-ibm-aix4.2.0.0 --norecursion
Counting all warnings,
there are 197 warnings in stage3 of this bootstrap.
Number of warnings per file:
86 ../../egcs-19990927/gcc/toplev.c
12 ../../../egcs-19990927/gcc/java/lex.c
8 ../../egcs-19990927/gcc/loop.c
7 ../../egcs-19990927/gcc/reload.c
5 ../../egcs-19990927/gcc/regmove.c
4 insn-emit.c
4 cexp.y
4 ../../egcs-19990927/gcc/varasm.c
4 ../../egcs-19990927/gcc/unroll.c
4 ../../egcs-19990927/gcc/reload1.c
4 ../../egcs-19990927/gcc/flow.c
4 ../../egcs-19990927/gcc/collect2.c
3 ../../egcs-19990927/gcc/genopinit.c
3 ../../egcs-19990927/gcc/cccp.c
3 ../../egcs-19990927/gcc/alias.c
3 ../../../egcs-19990927/gcc/java/gjavah.c
2 ../../egcs-19990927/gcc/tree.c
2 ../../egcs-19990927/gcc/optabs.c
2 ../../egcs-19990927/gcc/local-alloc.c
2 ../../egcs-19990927/gcc/gcc.c
2 ../../egcs-19990927/gcc/fold-const.c
2 ../../egcs-19990927/gcc/expr.c
2 ../../egcs-19990927/gcc/emit-rtl.c
2 ../../egcs-19990927/gcc/dbxout.c
2 ../../egcs-19990927/gcc/cse.c
2 ../../egcs-19990927/gcc/config/rs6000/rs6000.c
2 ../../egcs-19990927/gcc/builtins.c
1 insn-recog.c
1 ../../egcs-19990927/gcc/stupid.c
1 ../../egcs-19990927/gcc/stmt.c
1 ../../egcs-19990927/gcc/scan-decls.c
1 ../../egcs-19990927/gcc/regclass.c
1 ../../egcs-19990927/gcc/jump.c
1 ../../egcs-19990927/gcc/hash.c
1 ../../egcs-19990927/gcc/gcov-io.h
1 ../../egcs-19990927/gcc/function.c
1 ../../egcs-19990927/gcc/f/g77spec.c
1 ../../egcs-19990927/gcc/explow.c
1 ../../egcs-19990927/gcc/except.c
1 ../../egcs-19990927/gcc/calls.c
1 ../../../egcs-19990927/gcc/f/com.c
1 ../../../egcs-19990927/gcc/cp/init.c
1 ../../../egcs-19990927/gcc/cp/expr.c
1 ../../../egcs-19990927/gcc/ch/expr.c
Number of warning types:
43 missing initializer
43 (near initialization for \`???')
34 \`???' might be used uninitialized in this function
27 comparison between signed and unsigned
12 variable \`???' might be clobbered by \`longjmp' or \`vfork'
12 unused parameter \`???'
9 unused variable \`???'
4 implicit declaration of function \`???'
3 white space at end of line in string
3 right shift count >= width of type
1 suggest parentheses around comparison in operand of &
1 passing arg ??? of \`???' discards qualifiers from pointer target type
1 left shift count >= width of type
1 comparison of distinct pointer types lacks a cast
1 assignment makes pointer from integer without a cast
1 assignment from incompatible pointer type
1 \`???' defined but not used