This is the mail archive of the
gcc-testresults@gcc.gnu.org
mailing list for the GCC project.
Results for 2.96 19990927 (experimental) testsuite on i386-pc-solaris2.7
- To: gcc-testresults at gcc dot gnu dot org
- Subject: Results for 2.96 19990927 (experimental) testsuite on i386-pc-solaris2.7
- From: Alexandre Oliva <oliva at lsd dot ic dot unicamp dot br>
- Date: Thu, 30 Sep 1999 22:38:03 -0300
Native configuration is i386-pc-solaris2.7
=== g++ tests ===
Running target unix
FAIL: g++.dg/special/conpr-1.C execution test
FAIL: g++.dg/special/conpr-2.C execution test
FAIL: g++.dg/special/conpr-3.C execution test
FAIL: g++.dg/special/conpr-3.C execution test
FAIL: g++.ext/comint1.C (test for excess errors)
FAIL: g++.ext/initp1.C Execution test
FAIL: g++.law/memoized1.C (test for excess errors)
FAIL: g++.mike/memoize1.C (test for excess errors)
FAIL: g++.mike/offset1.C Execution test
FAIL: g++.mike/virt2.C Execution test
FAIL: g++.mike/virt5.C Execution test
FAIL: g++.oliva/template7.C (test for excess errors)
FAIL: g++.other/dyncast3.C Execution test
FAIL: g++.other/new3.C Execution test
XPASS: g++.pt/instantiate6.C (test for excess errors)
=== g++ Summary ===
# of expected passes 5527
# of unexpected failures 14
# of unexpected successes 1
# of expected failures 97
# of untested testcases 10
/tmp/egcs/gcc/testsuite/../xgcc version 2.96 19990927 (experimental)
=== g77 tests ===
Running target unix
FAIL: g77.f-torture/compile/19990826-1.f, -O0
FAIL: g77.f-torture/compile/19990826-1.f, -O1
FAIL: g77.f-torture/compile/19990826-1.f, -O2
FAIL: g77.f-torture/compile/19990826-1.f, -O2 -fomit-frame-pointer -finline-functions
FAIL: g77.f-torture/compile/19990826-1.f, -Os
FAIL: g77.f-torture/compile/19990905-1.f, -O0
FAIL: g77.f-torture/compile/19990905-1.f, -O1
FAIL: g77.f-torture/compile/19990905-1.f, -O2
FAIL: g77.f-torture/compile/19990905-1.f, -O2 -fomit-frame-pointer -finline-functions
FAIL: g77.f-torture/compile/19990905-1.f, -Os
=== g77 Summary ===
# of expected passes 649
# of unexpected failures 10
=== gcc tests ===
Running target unix
FAIL: gcc.c-torture/execute/widechar-1.c execution, -O0
FAIL: gcc.c-torture/execute/widechar-1.c execution, -O1
FAIL: gcc.c-torture/execute/widechar-1.c execution, -O2
FAIL: gcc.c-torture/execute/widechar-1.c execution, -O3 -fomit-frame-pointer
FAIL: gcc.c-torture/execute/widechar-1.c execution, -O3 -g
FAIL: gcc.c-torture/execute/widechar-1.c execution, -Os
FAIL: gcc.c-torture/noncompile/940510-1.c
FAIL: gcc.c-torture/noncompile/940510-1.c
FAIL: gcc.c-torture/noncompile/940510-1.c
FAIL: gcc.c-torture/noncompile/940510-1.c
FAIL: gcc.c-torture/noncompile/940510-1.c
FAIL: gcc.c-torture/noncompile/940510-1.c
FAIL: gcc.c-torture/noncompile/940510-1.c
FAIL: gcc.c-torture/noncompile/940510-1.c
FAIL: gcc.dg/cast-qual-1.c discarding `const' warning (test for bogus messages, line 11)
FAIL: gcc.dg/cast-qual-1.c discarding `const' warning (test for warnings, line 17)
FAIL: gcc.dg/compare1.c comparison between signed and unsigned (test for bogus messages, line 25)
FAIL: gcc.dg/special/weak-1.c execution test
=== gcc Summary ===
# of expected passes 8584
# of unexpected failures 18
# of expected failures 39
# of unsupported tests 13
/tmp/egcs/gcc/xgcc version 2.96 19990927 (experimental)
=== libg++ tests ===
Running target unix
=== libg++ Summary ===
# of expected passes 72
=== libio tests ===
Running target unix
=== libio Summary ===
# of expected passes 40
=== libstdc++ tests ===
Running target unix
=== libstdc++ Summary ===
# of expected passes 30
=== objc tests ===
Running target unix
FAIL: objc/execute/bf-1.m compilation, -O
FAIL: objc/execute/bf-10.m compilation, -O
FAIL: objc/execute/bf-11.m compilation, -O
FAIL: objc/execute/bf-12.m compilation, -O
FAIL: objc/execute/bf-13.m compilation, -O
FAIL: objc/execute/bf-14.m compilation, -O
FAIL: objc/execute/bf-15.m compilation, -O
FAIL: objc/execute/bf-16.m compilation, -O
FAIL: objc/execute/bf-17.m compilation, -O
FAIL: objc/execute/bf-18.m compilation, -O
FAIL: objc/execute/bf-19.m compilation, -O
FAIL: objc/execute/bf-2.m compilation, -O
FAIL: objc/execute/bf-3.m compilation, -O
FAIL: objc/execute/bf-4.m compilation, -O
FAIL: objc/execute/bf-5.m compilation, -O
FAIL: objc/execute/bf-6.m compilation, -O
FAIL: objc/execute/bf-7.m compilation, -O
FAIL: objc/execute/bf-8.m compilation, -O
FAIL: objc/execute/bf-9.m compilation, -O
=== objc Summary ===
# of unexpected failures 19
# of untested testcases 19
/tmp/egcs/gcc/xgcc version 2.96 19990927 (experimental)
Compiler version: 2.96 19990927 (experimental)
Platform: i386-pc-solaris2.7
BOOT_CFLAGS: -g -O9 -W -Wall
Counting all warnings,
there are 157 warnings in stage3 of this bootstrap.
Number of warnings per file:
23 /home/phd/oliva/src/egcs/gcc/config/i386/gmon-sol2.c
19 /home/phd/oliva/src/egcs/gcc/dwarfout.c
12 /home/phd/oliva/src/egcs/gcc/java/lex.c
11 /home/phd/oliva/src/egcs/gcc/varasm.c
8 /home/phd/oliva/src/egcs/gcc/loop.c
5 /home/phd/oliva/src/egcs/gcc/reload.c
5 /home/phd/oliva/src/egcs/gcc/flow.c
5 /home/phd/oliva/src/egcs/gcc/config/i386/i386.c
4 cexp.y
4 /home/phd/oliva/src/egcs/gcc/unroll.c
4 /home/phd/oliva/src/egcs/gcc/regmove.c
4 /home/phd/oliva/src/egcs/gcc/reg-stack.c
4 /home/phd/oliva/src/egcs/gcc/dwarf2out.c
4 /home/phd/oliva/src/egcs/gcc/ch/actions.c
3 /home/phd/oliva/src/egcs/gcc/regclass.c
3 /home/phd/oliva/src/egcs/gcc/java/gjavah.c
3 /home/phd/oliva/src/egcs/gcc/genopinit.c
3 /home/phd/oliva/src/egcs/gcc/cccp.c
2 insn-recog.c
2 /home/phd/oliva/src/egcs/gcc/local-alloc.c
2 /home/phd/oliva/src/egcs/gcc/gcc.c
2 /home/phd/oliva/src/egcs/gcc/fold-const.c
2 /home/phd/oliva/src/egcs/gcc/final.c
2 /home/phd/oliva/src/egcs/gcc/dbxout.c
2 /home/phd/oliva/src/egcs/gcc/cpphash.c
2 /home/phd/oliva/src/egcs/gcc/builtins.c
1 insn-output.c
1 /home/phd/oliva/src/egcs/gcc/stupid.c
1 /home/phd/oliva/src/egcs/gcc/stmt.c
1 /home/phd/oliva/src/egcs/gcc/scan-decls.c
1 /home/phd/oliva/src/egcs/gcc/reload1.c
1 /home/phd/oliva/src/egcs/gcc/optabs.c
1 /home/phd/oliva/src/egcs/gcc/hash.c
1 /home/phd/oliva/src/egcs/gcc/genattrtab.c
1 /home/phd/oliva/src/egcs/gcc/function.c
1 /home/phd/oliva/src/egcs/gcc/f/g77spec.c
1 /home/phd/oliva/src/egcs/gcc/f/com.c
1 /home/phd/oliva/src/egcs/gcc/expr.c
1 /home/phd/oliva/src/egcs/gcc/except.c
1 /home/phd/oliva/src/egcs/gcc/emit-rtl.c
1 /home/phd/oliva/src/egcs/gcc/cse.c
1 /home/phd/oliva/src/egcs/gcc/cp/init.c
1 /home/phd/oliva/src/egcs/gcc/cp/class.c
Number of warning types:
46 `???' might be used uninitialized in this function
36 comparison between signed and unsigned
16 unused parameter `???'
12 variable `???' might be clobbered by `longjmp' or `vfork'
11 implicit declaration of function `???'
9 unused variable `???'
6 `return' with no value, in function returning non-void
6 ??? format, ??? arg (arg ???)
4 return-type defaults to `int'
3 white space at end of line in string
3 control reaches end of non-void function
2 `???' defined but not used
1 type defaults to `int' in declaration of `???'
1 passing arg ??? of `???' discards qualifiers from pointer target type
1 assignment from incompatible pointer type