This is the mail archive of the
gcc-testresults@gcc.gnu.org
mailing list for the GCC project.
Results for 2.96 19990923 (experimental) testsuite on mips-sgi-irix6.2
- To: gcc-testresults at gcc dot gnu dot org
- Subject: Results for 2.96 19990923 (experimental) testsuite on mips-sgi-irix6.2
- From: "Kaveh R. Ghazi" <ghazi at caip dot rutgers dot edu>
- Date: Fri, 24 Sep 1999 11:38:42 -0400 (EDT)
Native configuration is mips-sgi-irix6.2
=== objc tests ===
Running target unix
=== objc Summary ===
# of expected passes 38
/caip/u99/ghazi/gcc-testing/build/gcc/xgcc version 2.96 19990923 (experimental)
=== gcc tests ===
Running target unix
FAIL: gcc.c-torture/compile/950618-1.c, -O3 -g
FAIL: gcc.c-torture/compile/921118-1.c, -O3 -g
FAIL: gcc.c-torture/execute/920501-8.c compilation, -O0
FAIL: gcc.c-torture/execute/920501-8.c compilation, -O1
FAIL: gcc.c-torture/execute/920501-8.c compilation, -O2
FAIL: gcc.c-torture/execute/920501-8.c compilation, -O3 -fomit-frame-pointer
FAIL: gcc.c-torture/execute/920501-8.c compilation, -O3 -g
FAIL: gcc.c-torture/execute/920501-8.c compilation, -Os
FAIL: gcc.c-torture/execute/920726-1.c compilation, -O0
FAIL: gcc.c-torture/execute/920726-1.c compilation, -O1
FAIL: gcc.c-torture/execute/920726-1.c compilation, -O2
FAIL: gcc.c-torture/execute/920726-1.c compilation, -O3 -fomit-frame-pointer
FAIL: gcc.c-torture/execute/920726-1.c compilation, -O3 -fomit-frame-pointer -funroll-loops
FAIL: gcc.c-torture/execute/920726-1.c compilation, -O3 -fomit-frame-pointer -funroll-all-loops -finline-functions
FAIL: gcc.c-torture/execute/920726-1.c compilation, -O3 -g
FAIL: gcc.c-torture/execute/920726-1.c compilation, -Os
FAIL: gcc.c-torture/execute/cmpsi-1.c compilation, -O3 -g
XPASS: gcc.c-torture/execute/memcheck/blkarg.c execution, -O0
XPASS: gcc.c-torture/execute/memcheck/blkarg.c execution, -O1
XPASS: gcc.c-torture/execute/memcheck/blkarg.c execution, -O2
XPASS: gcc.c-torture/execute/memcheck/blkarg.c execution, -Os
FAIL: gcc.c-torture/noncompile/920824-1.c
FAIL: gcc.c-torture/noncompile/940510-1.c
FAIL: gcc.c-torture/noncompile/940510-1.c
FAIL: gcc.c-torture/noncompile/940510-1.c
FAIL: gcc.c-torture/noncompile/940510-1.c
FAIL: gcc.c-torture/noncompile/940510-1.c
FAIL: gcc.c-torture/noncompile/940510-1.c
FAIL: gcc.c-torture/noncompile/940510-1.c
FAIL: gcc.c-torture/noncompile/940510-1.c
FAIL: gcc.c-torture/noncompile/950825-1.c
FAIL: gcc.c-torture/unsorted/loop-1.c, -O3 -g
FAIL: gcc.c-torture/unsorted/udivmod4.c, -O3 -g
FAIL: gcc.c-torture/unsorted/gen_tst.c, -O3 -g
FAIL: gcc.c-torture/unsorted/subcc.c, -O3 -g
FAIL: gcc.c-torture/unsorted/signext.c, -O3 -g
FAIL: gcc.c-torture/unsorted/blk.c, -O3 -g
FAIL: gcc.c-torture/unsorted/loop386.c, -O3 -g
FAIL: gcc.c-torture/unsorted/round.c, -O3 -g
FAIL: gcc.dg/cast-qual-1.c discarding `const' warning (test for bogus messages, line 11)
FAIL: gcc.dg/cast-qual-1.c discarding `const' warning (test for warnings, line 17)
FAIL: gcc.dg/compare1.c comparison between signed and unsigned (test for bogus messages, line 25)
FAIL: gcc.dg/special/alias-1.c (test for excess errors)
FAIL: wkali-2b.o
=== gcc Summary ===
# of expected passes 7207
# of unexpected failures 40
# of unexpected successes 4
# of expected failures 21
# of unresolved testcases 15
# of unsupported tests 26
/caip/u99/ghazi/gcc-testing/build/gcc/xgcc version 2.96 19990923 (experimental)
=== g77 tests ===
Running target unix
FAIL: g77.f-torture/compile/19990905-1.f, -O0
FAIL: g77.f-torture/compile/19990905-1.f, -O1
FAIL: g77.f-torture/compile/19990905-1.f, -O2
FAIL: g77.f-torture/compile/19990905-1.f, -O2 -fomit-frame-pointer -finline-functions
FAIL: g77.f-torture/compile/19990905-1.f, -Os
=== g77 Summary ===
# of expected passes 654
# of unexpected failures 5
=== g++ tests ===
Running target unix
FAIL: g++.dg/special/conpr-1.C execution test
FAIL: g++.dg/special/conpr-2.C execution test
FAIL: g++.dg/special/conpr-3.C execution test
FAIL: g++.dg/special/conpr-3.C execution test
FAIL: g++.brendan/crash56.C .* (test for errors, line 276)
FAIL: g++.brendan/crash56.C (test for excess errors)
FAIL: g++.brendan/crash68.C caused compiler crash
FAIL: g++.brendan/def-fns1.C caused compiler crash
FAIL: g++.bugs/900331_03.C caused compiler crash
FAIL: g++.eh/cleanup1.C caused compiler crash
FAIL: g++.eh/cond1.C (test for excess errors)
FAIL: g++.ext/comint1.C (test for excess errors)
FAIL: g++.ext/initp1.C Execution test
FAIL: g++.jason/delete2.C caused compiler crash
FAIL: g++.jason/warning9.C caused compiler crash
FAIL: g++.law/except1.C caused compiler crash
FAIL: g++.law/except3.C caused compiler crash
FAIL: g++.law/except5.C caused compiler crash
FAIL: g++.law/incdec1.C caused compiler crash
FAIL: g++.law/memoized1.C (test for excess errors)
FAIL: g++.law/operators13.C caused compiler crash
FAIL: g++.law/operators8.C caused compiler crash
FAIL: g++.law/unsorted2.C caused compiler crash
FAIL: g++.mike/debug1.C caused compiler crash
FAIL: g++.mike/eh12.C caused compiler crash
FAIL: g++.mike/eh19.C caused compiler crash
FAIL: g++.mike/eh23.C caused compiler crash
FAIL: g++.mike/eh26.C caused compiler crash
FAIL: g++.mike/eh27.C caused compiler crash
FAIL: g++.mike/eh3.C caused compiler crash
FAIL: g++.mike/memoize1.C (test for excess errors)
FAIL: g++.mike/p783.C caused compiler crash
FAIL: g++.mike/p784.C - type `GctSymbol' is derived from private `String' (test for bogus messages, line 3657)
FAIL: g++.oliva/template7.C (test for excess errors)
FAIL: g++.other/cond5.C (test for excess errors)
FAIL: g++.other/dyncast3.C Execution test
FAIL: g++.pt/crash8.C (test for excess errors)
XPASS: g++.pt/instantiate6.C (test for excess errors)
FAIL: g++.pt/memtemp67.C caused compiler crash
FAIL: g++.robertl/eb130.C caused compiler crash
FAIL: g++.robertl/eb21.C caused compiler crash
FAIL: g++.robertl/eb50.C caused compiler crash
FAIL: g++.robertl/eb51.C caused compiler crash
FAIL: g++.robertl/eb7.C caused compiler crash
FAIL: g++.robertl/ice990323-2.C caused compiler crash
=== g++ Summary ===
# of expected passes 5465
# of unexpected failures 44
# of unexpected successes 1
# of expected failures 102
# of untested testcases 13
/caip/u99/ghazi/gcc-testing/build/gcc/testsuite/../xgcc version 2.96 19990923 (experimental)
=== libstdc++ tests ===
Running target unix
FAIL: tmap.cc compilation
FAIL: tmap.cc -O compilation
=== libstdc++ Summary ===
# of expected passes 24
# of unexpected failures 2
# of expected failures 4
=== libio tests ===
Running target unix
=== libio Summary ===
# of expected passes 40
Compiler version: 2.96 19990923 (experimental)
Platform: mips-sgi-irix6.2
configure flags: --with-gcc-version-trigger=/caip/u99/ghazi/gcc-testing/egcs-CVS19990923/gcc/version.c --host=mips-sgi-irix6.2 --verbose --norecursion