This is the mail archive of the
gcc-testresults@gcc.gnu.org
mailing list for the GCC project.
Results for 2.96 19990920 on i586-pc-cygwin32
- To: gcc-testresults at gcc dot gnu dot org
- Subject: Results for 2.96 19990920 on i586-pc-cygwin32
- From: N8TM at aol dot com
- Date: Tue, 21 Sep 1999 21:06:56 EDT
Native configuration is i586-pc-cygwin32
=== g77 tests ===
Running target unix
FAIL: g77.f-torture/compile/19990826-1.f, -O0
FAIL: g77.f-torture/compile/19990826-1.f, -O1
FAIL: g77.f-torture/compile/19990826-1.f, -O2
FAIL: g77.f-torture/compile/19990826-1.f, -O2 -fomit-frame-pointer -finline-functions
FAIL: g77.f-torture/compile/19990826-1.f, -Os
FAIL: g77.f-torture/compile/19990905-1.f, -O0
FAIL: g77.f-torture/compile/19990905-1.f, -O1
FAIL: g77.f-torture/compile/19990905-1.f, -O2
FAIL: g77.f-torture/compile/19990905-1.f, -O2 -fomit-frame-pointer -finline-functions
FAIL: g77.f-torture/compile/19990905-1.f, -Os
=== g77 Summary ===
# of expected passes 649
# of unexpected failures 10
=== gcc tests ===
Running target unix
FAIL: gcc.c-torture/compile/980506-1.c, -O1
FAIL: gcc.c-torture/compile/980506-1.c, -O2
FAIL: gcc.c-torture/compile/980506-1.c, -Os
FAIL: gcc.c-torture/compile/980701-1.c, -O1
FAIL: gcc.c-torture/compile/980701-1.c, -O2
FAIL: gcc.c-torture/compile/980701-1.c, -O3 -fomit-frame-pointer
FAIL: gcc.c-torture/compile/980701-1.c, -O3 -g
FAIL: gcc.c-torture/compile/980701-1.c, -Os
FAIL: gcc.c-torture/compile/990801-2.c, -O1
FAIL: gcc.c-torture/compile/990801-2.c, -O2
FAIL: gcc.c-torture/compile/990801-2.c, -O3 -fomit-frame-pointer
FAIL: gcc.c-torture/compile/990801-2.c, -O3 -fomit-frame-pointer -funroll-loops
FAIL: gcc.c-torture/compile/990801-2.c, -O3 -fomit-frame-pointer -funroll-all-loops -finline-functions
FAIL: gcc.c-torture/compile/990801-2.c, -Os
XPASS: gcc.c-torture/execute/ieee/980619-1.c execution, -O1
XPASS: gcc.c-torture/execute/ieee/980619-1.c execution, -O2
XPASS: gcc.c-torture/execute/ieee/980619-1.c execution, -O3 -fomit-frame-pointer
XPASS: gcc.c-torture/execute/ieee/980619-1.c execution, -O3 -fomit-frame-pointer -funroll-loops
XPASS: gcc.c-torture/execute/ieee/980619-1.c execution, -O3 -fomit-frame-pointer -funroll-all-loops -finline-functions
XPASS: gcc.c-torture/execute/ieee/980619-1.c execution, -O3 -g
XPASS: gcc.c-torture/execute/ieee/980619-1.c execution, -Os
XPASS: gcc.c-torture/execute/memcheck/blkarg.c execution, -O0
XPASS: gcc.c-torture/execute/memcheck/blkarg.c execution, -O1
XPASS: gcc.c-torture/execute/memcheck/blkarg.c execution, -O2
XPASS: gcc.c-torture/execute/memcheck/blkarg.c execution, -O3 -fomit-frame-pointer
XPASS: gcc.c-torture/execute/memcheck/blkarg.c execution, -O3 -g
XPASS: gcc.c-torture/execute/memcheck/blkarg.c execution, -Os
FAIL: gcc.c-torture/special/981006-1.c (test for excess errors)
XPASS: gcc.dg/990119-1.c execution test
FAIL: gcc.dg/990213-2.c (test for excess errors)
FAIL: gcc.dg/990214-1.c (test for excess errors)
FAIL: gcc.dg/cast-qual-1.c discarding \`const' warning (test for bogus messages, line 11)
FAIL: gcc.dg/cast-qual-1.c discarding \`const' warning (test for warnings, line 17)
FAIL: gcc.dg/compare1.c comparison between signed and unsigned (test for bogus messages, line 25)
FAIL: gcov failed: spawn failed
=== gcc Summary ===
# of expected passes 8571
# of unexpected failures 21
# of unexpected successes 14
# of expected failures 25
# of unsupported tests 15
e:/src/gnu/egcs-19990913/w2k/gcc/xgcc version 2.96 19990920 (experimental)
=== objc tests ===
Running target unix
=== objc Summary ===
# of expected passes 38
e:/src/gnu/egcs-19990913/w2k/gcc/xgcc version 2.96 19990920 (experimental)
=== libstdc++ tests ===
Running target unix
=== libstdc++ Summary ===
# of expected passes 30
Compiler version: 2.96 19990920 (experimental)
Platform: i586-pc-cygwin32
configure flags: --with-gcc-version-trigger=/src/gnu/egcs-19990913/gcc/version.c --prefix=//e/cygnus/cygwin-b20 --host=i586-pc-cygwin32 --target=i586-pc-cygwin32 --norecursion
EOF
Mail -s "Results for 2.96 19990920 (experimental) testsuite on i586-pc-cygwin32" gcc-testresults@gcc.gnu.org &&