This is the mail archive of the
gcc-testresults@gcc.gnu.org
mailing list for the GCC project.
Results for 2.96 19990907 (experimental) testsuite on rs6000-ibm-aix4.2.0.0
- To: "'gcc-testresults AT gcc.gnu dot org'" <gcc-testresults AT gcc.gnu dot org>
- Subject: Results for 2.96 19990907 (experimental) testsuite on rs6000-ibm-aix4.2.0.0
- From: "Brown, Rodney" <RodneyBrown AT PMSC dot com>
- Date: Mon, 13 Sep 1999 21:02:36 -0400
Results for 2.96 19990907 (experimental) testsuite on rs6000-ibm-aix4.2.0.0
Native configuration is rs6000-ibm-aix4.2.0.0
=== libstdc++ tests ===
Running target unix
=== libstdc++ Summary ===
# of expected passes 30
=== gcc tests ===
Running target unix
FAIL: gcc.c-torture/execute/931004-12.c execution, -O0
FAIL: gcc.c-torture/execute/931004-12.c execution, -O1
FAIL: gcc.c-torture/execute/931004-12.c execution, -O2
FAIL: gcc.c-torture/execute/931004-12.c execution, -O3 -fomit-frame-pointer
FAIL: gcc.c-torture/execute/931004-12.c execution, -O3 -fomit-frame-pointer
-funroll-loops
FAIL: gcc.c-torture/execute/931004-12.c execution, -O3 -fomit-frame-pointer
-funroll-all-loops -finline-functions
FAIL: gcc.c-torture/execute/931004-12.c execution, -O3 -g
FAIL: gcc.c-torture/execute/931004-12.c execution, -Os
FAIL: gcc.c-torture/execute/complex-5.c execution, -O3 -fomit-frame-pointer
FAIL: gcc.c-torture/execute/complex-5.c execution, -O3 -g
XPASS: gcc.c-torture/execute/memcheck/blkarg.c execution, -O0
XPASS: gcc.c-torture/execute/memcheck/blkarg.c execution, -O1
XPASS: gcc.c-torture/execute/memcheck/blkarg.c execution, -O2
XPASS: gcc.c-torture/execute/memcheck/blkarg.c execution, -O3
-fomit-frame-pointer
XPASS: gcc.c-torture/execute/memcheck/blkarg.c execution, -O3 -g
XPASS: gcc.c-torture/execute/memcheck/blkarg.c execution, -Os
FAIL: gcc.c-torture/noncompile/920923-1.c
FAIL: gcc.c-torture/noncompile/920923-1.c
FAIL: gcc.c-torture/noncompile/920923-1.c
FAIL: gcc.c-torture/noncompile/920923-1.c
FAIL: gcc.c-torture/noncompile/920923-1.c
FAIL: gcc.c-torture/noncompile/990416-1.c
FAIL: gcc.c-torture/noncompile/990416-1.c
FAIL: gcc.c-torture/noncompile/990416-1.c
FAIL: gcc.c-torture/noncompile/990416-1.c
FAIL: gcc.dg/cast-qual-1.c discarding \`const' warning (test for bogus
messages, line 11)
FAIL: gcc.dg/cast-qual-1.c discarding \`const' warning (test for warnings,
line 17)
FAIL: gcc.dg/compare1.c comparison between signed and unsigned (test for
bogus messages, line 25)
=== gcc Summary ===
# of expected passes 8470
# of unexpected failures 22
# of unexpected successes 6
# of expected failures 26
# of unsupported tests 26
/devel/tmp/egcs-19990907.obj/gcc/xgcc version 2.96 19990907 (experimental)
=== g++ tests ===
Running target unix
FAIL: g++.benjamin/tem04.C .* (test for errors, line 173)
FAIL: g++.benjamin/tem04.C .* (test for errors, line 175)
FAIL: g++.bugs/900428_02.C (test for errors, line 26)
FAIL: g++.ext/attrib5.C (test for excess errors)
FAIL: g++.ext/comint1.C (test for excess errors)
FAIL: g++.jason/thunk2.C (test for excess errors)
FAIL: g++.mike/eh30.C (test for excess errors)
FAIL: g++.mike/p4750.C (test for excess errors)
FAIL: g++.oliva/template1.C (test for excess errors)
FAIL: g++.oliva/template3.C (test for excess errors)
FAIL: g++.oliva/template7.C (test for excess errors)
FAIL: g++.other/ambig2.C A is an ambiguous base (test for errors, line 17)
FAIL: g++.other/copy1.C Execution test
FAIL: g++.other/delete6.C (test for excess errors)
FAIL: g++.other/lookup16.C (test for excess errors)
FAIL: g++.pt/crash44.C (test for excess errors)
XPASS: g++.pt/decl2.C ICE - (test for errors, line 8)
FAIL: g++.pt/instantiate4.C (test for excess errors)
FAIL: g++.pt/repo1.C (test for excess errors)
FAIL: g++.pt/static3.C (test for excess errors)
FAIL: g++.pt/static6.C (test for excess errors)
FAIL: g++.pt/typename8.C (test for excess errors)
FAIL: g++.robertl/eb106.C (test for excess errors)
=== g++ Summary ===
# of expected passes 5402
# of unexpected failures 22
# of unexpected successes 1
# of expected failures 94
# of untested testcases 13
/devel/tmp/egcs-19990907.obj/gcc/testsuite/../xgcc version 2.96 19990907
(experimental)
=== g77 tests ===
Running target unix
FAIL: g77.f-torture/compile/19990905-1.f, -O0
FAIL: g77.f-torture/compile/19990905-1.f, -O1
FAIL: g77.f-torture/compile/19990905-1.f, -O2
FAIL: g77.f-torture/compile/19990905-1.f, -O2 -fomit-frame-pointer
-finline-functions
FAIL: g77.f-torture/compile/19990905-1.f, -Os
=== g77 Summary ===
# of expected passes 654
# of unexpected failures 5
=== objc tests ===
Running target unix
FAIL: objc/execute/bf-1.m compilation, -O
FAIL: objc/execute/bf-10.m compilation, -O
FAIL: objc/execute/bf-11.m compilation, -O
FAIL: objc/execute/bf-12.m compilation, -O
FAIL: objc/execute/bf-13.m compilation, -O
FAIL: objc/execute/bf-14.m compilation, -O
FAIL: objc/execute/bf-15.m compilation, -O
FAIL: objc/execute/bf-16.m compilation, -O
FAIL: objc/execute/bf-17.m compilation, -O
FAIL: objc/execute/bf-18.m compilation, -O
FAIL: objc/execute/bf-19.m compilation, -O
FAIL: objc/execute/bf-2.m compilation, -O
FAIL: objc/execute/bf-3.m compilation, -O
FAIL: objc/execute/bf-4.m compilation, -O
FAIL: objc/execute/bf-5.m compilation, -O
FAIL: objc/execute/bf-6.m compilation, -O
FAIL: objc/execute/bf-7.m compilation, -O
FAIL: objc/execute/bf-8.m compilation, -O
FAIL: objc/execute/bf-9.m compilation, -O
=== objc Summary ===
# of unexpected failures 19
# of untested testcases 19
/devel/tmp/egcs-19990907.obj/gcc/xgcc version 2.96 19990907 (experimental)
Compiler version: 2.96 19990907 (experimental)
Platform: rs6000-ibm-aix4.2.0.0
configure flags:
--with-gcc-version-trigger=/devel/tmp/egcs-19990907/gcc/version.c
--host=rs6000-ibm-aix4.2.0.0 --norecursion
Counting all warnings,
there are 198 warnings in stage3 of this bootstrap.
Number of warnings per file:
87 ../../egcs-19990907/gcc/toplev.c
12 ../../../egcs-19990907/gcc/java/lex.c
8 ../../egcs-19990907/gcc/loop.c
7 ../../egcs-19990907/gcc/reload.c
5 ../../egcs-19990907/gcc/varasm.c
5 ../../egcs-19990907/gcc/unroll.c
5 ../../egcs-19990907/gcc/regmove.c
4 insn-emit.c
4 cexp.y
4 ../../egcs-19990907/gcc/reload1.c
4 ../../egcs-19990907/gcc/collect2.c
3 ../../egcs-19990907/gcc/genopinit.c
3 ../../egcs-19990907/gcc/cccp.c
3 ../../egcs-19990907/gcc/alias.c
3 ../../../egcs-19990907/gcc/java/gjavah.c
2 ../../egcs-19990907/gcc/local-alloc.c
2 ../../egcs-19990907/gcc/genrecog.c
2 ../../egcs-19990907/gcc/fold-const.c
2 ../../egcs-19990907/gcc/fix-header.c
2 ../../egcs-19990907/gcc/expr.c
2 ../../egcs-19990907/gcc/emit-rtl.c
2 ../../egcs-19990907/gcc/dbxout.c
2 ../../egcs-19990907/gcc/config/rs6000/rs6000.c
2 ../../egcs-19990907/gcc/c-common.c
1 insn-recog.c
1 genrtl.c
1 ../../egcs-19990907/gcc/stupid.c
1 ../../egcs-19990907/gcc/stmt.c
1 ../../egcs-19990907/gcc/scan-decls.c
1 ../../egcs-19990907/gcc/regclass.c
1 ../../egcs-19990907/gcc/optabs.c
1 ../../egcs-19990907/gcc/jump.c
1 ../../egcs-19990907/gcc/hash.c
1 ../../egcs-19990907/gcc/gcov-io.h
1 ../../egcs-19990907/gcc/function.c
1 ../../egcs-19990907/gcc/flow.c
1 ../../egcs-19990907/gcc/f/g77spec.c
1 ../../egcs-19990907/gcc/explow.c
1 ../../egcs-19990907/gcc/except.c
1 ../../egcs-19990907/gcc/cse.c
1 ../../egcs-19990907/gcc/cppspec.c
1 ../../egcs-19990907/gcc/calls.c
1 ../../egcs-19990907/gcc/c-lex.c
1 ../../egcs-19990907/gcc/builtins.c
1 ../../../egcs-19990907/gcc/f/com.c
1 ../../../egcs-19990907/gcc/cp/expr.c
1 ../../../egcs-19990907/gcc/ch/expr.c
Number of warning types:
43 missing initializer
43 (near initialization for \`???')
34 \`???' might be used uninitialized in this function
27 comparison between signed and unsigned
15 unused parameter \`???'
12 variable \`???' might be clobbered by \`longjmp' or \`vfork'
6 unused variable \`???'
4 implicit declaration of function \`???'
3 white space at end of line in string
3 right shift count >= width of type
2 \`???' defined but not used
1 suggest parentheses around comparison in operand of &
1 static declaration for \`???' follows non-static
1 left shift count >= width of type
1 comparison of distinct pointer types lacks a cast
1 assignment makes pointer from integer without a cast
1 assignment from incompatible pointer type