This is the mail archive of the
gcc-testresults@gcc.gnu.org
mailing list for the GCC project.
Results for 2.96 19990907 (experimental) testsuite on i486-redhat4.2-linux-gnulibc1
- To: gcc-testresults@gcc.gnu.org
- Subject: Results for 2.96 19990907 (experimental) testsuite on i486-redhat4.2-linux-gnulibc1
- From: Christian Joensson FOA 72 <chj@lin.foa.se>
- Date: Fri, 10 Sep 1999 11:42:57 +0200
This was done on an up to date Red Hat Linux 4.2/Intel system using
binutils-2.9.1-1 from ftp://ftp.redhat.com/contrib/libc5/i386.
Native configuration is i486-redhat4.2-linux-gnulibc1
=== libio tests ===
Running target unix/-fPIC
=== libio Summary for unix/-fPIC ===
# of expected passes 40
Running target unix/-fpic
=== libio Summary for unix/-fpic ===
# of expected passes 40
Running target unix
=== libio Summary for unix ===
# of expected passes 40
=== libio Summary ===
# of expected passes 120
=== libstdc++ tests ===
Running target unix/-fPIC
=== libstdc++ Summary for unix/-fPIC ===
# of expected passes 30
Running target unix/-fpic
=== libstdc++ Summary for unix/-fpic ===
# of expected passes 30
Running target unix
=== libstdc++ Summary for unix ===
# of expected passes 30
=== libstdc++ Summary ===
# of expected passes 90
=== libg++ tests ===
Running target unix/-fPIC
=== libg++ Summary for unix/-fPIC ===
# of expected passes 72
Running target unix/-fpic
=== libg++ Summary for unix/-fpic ===
# of expected passes 72
Running target unix
=== libg++ Summary for unix ===
# of expected passes 72
=== libg++ Summary ===
# of expected passes 216
=== gcc tests ===
Running target unix/-fPIC
FAIL: gcc.c-torture/compile/990801-2.c, -O1
FAIL: gcc.c-torture/compile/990801-2.c, -O2
FAIL: gcc.c-torture/compile/990801-2.c, -O3 -fomit-frame-pointer
FAIL: gcc.c-torture/compile/990801-2.c, -O3 -fomit-frame-pointer
-funroll-loops
FAIL: gcc.c-torture/compile/990801-2.c, -O3 -fomit-frame-pointer
-funroll-all-loops -finline-functions
FAIL: gcc.c-torture/compile/990801-2.c, -Os
FAIL: gcc.c-torture/execute/990127-2.c execution, -O3 -fomit-frame-pointer
FAIL: gcc.c-torture/execute/990127-2.c execution, -O3 -g
FAIL: gcc.c-torture/execute/990829-1.c execution, -O2
FAIL: gcc.c-torture/execute/990829-1.c execution, -Os
FAIL: gcc.c-torture/execute/conversion.c execution, -O3 -fomit-frame-pointer
FAIL: gcc.c-torture/execute/conversion.c execution, -O3 -g
FAIL: gcc.c-torture/noncompile/920923-1.c
FAIL: gcc.c-torture/noncompile/920923-1.c
FAIL: gcc.c-torture/noncompile/920923-1.c
FAIL: gcc.c-torture/noncompile/920923-1.c
FAIL: gcc.c-torture/noncompile/920923-1.c
FAIL: gcc.c-torture/noncompile/920923-1.c
FAIL: gcc.c-torture/noncompile/920923-1.c
FAIL: gcc.c-torture/noncompile/920923-1.c
FAIL: gcc.dg/cast-qual-1.c discarding \`const' warning (test for bogus
messages, line 11)
FAIL: gcc.dg/cast-qual-1.c discarding \`const' warning (test for warnings,
line 17)
FAIL: gcc.dg/compare1.c comparison between signed and unsigned (test for bogus
messages, line 25)
=== gcc Summary for unix/-fPIC ===
# of expected passes 8556
# of unexpected failures 23
# of expected failures 39
# of unsupported tests 14
Running target unix/-fpic
FAIL: gcc.c-torture/compile/990801-2.c, -O1
FAIL: gcc.c-torture/compile/990801-2.c, -O2
FAIL: gcc.c-torture/compile/990801-2.c, -O3 -fomit-frame-pointer
FAIL: gcc.c-torture/compile/990801-2.c, -O3 -fomit-frame-pointer
-funroll-loops
FAIL: gcc.c-torture/compile/990801-2.c, -O3 -fomit-frame-pointer
-funroll-all-loops -finline-functions
FAIL: gcc.c-torture/compile/990801-2.c, -Os
FAIL: gcc.c-torture/execute/990127-2.c execution, -O3 -fomit-frame-pointer
FAIL: gcc.c-torture/execute/990127-2.c execution, -O3 -g
FAIL: gcc.c-torture/execute/990829-1.c execution, -O2
FAIL: gcc.c-torture/execute/990829-1.c execution, -Os
FAIL: gcc.c-torture/execute/conversion.c execution, -O3 -fomit-frame-pointer
FAIL: gcc.c-torture/execute/conversion.c execution, -O3 -g
FAIL: gcc.c-torture/noncompile/920923-1.c
FAIL: gcc.c-torture/noncompile/920923-1.c
FAIL: gcc.c-torture/noncompile/920923-1.c
FAIL: gcc.c-torture/noncompile/920923-1.c
FAIL: gcc.c-torture/noncompile/920923-1.c
FAIL: gcc.c-torture/noncompile/920923-1.c
FAIL: gcc.c-torture/noncompile/920923-1.c
FAIL: gcc.c-torture/noncompile/920923-1.c
FAIL: gcc.dg/cast-qual-1.c discarding \`const' warning (test for bogus
messages, line 11)
FAIL: gcc.dg/cast-qual-1.c discarding \`const' warning (test for warnings,
line 17)
FAIL: gcc.dg/compare1.c comparison between signed and unsigned (test for bogus
messages, line 25)
=== gcc Summary for unix/-fpic ===
# of expected passes 8556
# of unexpected failures 23
# of expected failures 39
# of unsupported tests 14
Running target unix
FAIL: gcc.c-torture/compile/990801-2.c, -O1
FAIL: gcc.c-torture/compile/990801-2.c, -O2
FAIL: gcc.c-torture/compile/990801-2.c, -O3 -fomit-frame-pointer
FAIL: gcc.c-torture/compile/990801-2.c, -O3 -fomit-frame-pointer
-funroll-loops
FAIL: gcc.c-torture/compile/990801-2.c, -O3 -fomit-frame-pointer
-funroll-all-loops -finline-functions
FAIL: gcc.c-torture/compile/990801-2.c, -Os
FAIL: gcc.c-torture/execute/990829-1.c execution, -O2
FAIL: gcc.c-torture/execute/990829-1.c execution, -Os
FAIL: gcc.c-torture/noncompile/920923-1.c
FAIL: gcc.c-torture/noncompile/920923-1.c
FAIL: gcc.c-torture/noncompile/920923-1.c
FAIL: gcc.c-torture/noncompile/920923-1.c
FAIL: gcc.c-torture/noncompile/920923-1.c
FAIL: gcc.c-torture/noncompile/920923-1.c
FAIL: gcc.c-torture/noncompile/920923-1.c
FAIL: gcc.c-torture/noncompile/920923-1.c
FAIL: gcc.dg/cast-qual-1.c discarding \`const' warning (test for bogus
messages, line 11)
FAIL: gcc.dg/cast-qual-1.c discarding \`const' warning (test for warnings,
line 17)
FAIL: gcc.dg/compare1.c comparison between signed and unsigned (test for bogus
messages, line 25)
FAIL: gcc.dg/special/weak-1.c execution test
=== gcc Summary for unix ===
# of expected passes 8559
# of unexpected failures 20
# of expected failures 39
# of unsupported tests 14
=== gcc Summary ===
# of expected passes 25671
# of unexpected failures 66
# of expected failures 117
# of unsupported tests 42
/usr/local/src/objdir-egcs-19990907+libg++-2.8.1.3/gcc/xgcc version 2.96
19990907 (experimental)
=== g++ tests ===
Running target unix/-fPIC
FAIL: g++.dg/special/conpr-1.C execution test
FAIL: g++.dg/special/conpr-2.C execution test
FAIL: g++.dg/special/conpr-3.C execution test
FAIL: g++.dg/special/conpr-3.C execution test
FAIL: g++.ext/comint1.C (test for excess errors)
FAIL: g++.ext/initp1.C Execution test
FAIL: g++.law/weak.C (test for excess errors)
FAIL: g++.oliva/template7.C (test for excess errors)
FAIL: g++.other/ambig2.C A is an ambiguous base (test for errors, line 17)
FAIL: g++.other/lookup16.C (test for excess errors)
FAIL: g++.pt/asm1.C (test for excess errors)
FAIL: g++.pt/asm2.C (test for excess errors)
=== g++ Summary for unix/-fPIC ===
# of expected passes 5416
# of unexpected failures 12
# of expected failures 95
# of untested testcases 7
Running target unix/-fpic
FAIL: g++.dg/special/conpr-1.C execution test
FAIL: g++.dg/special/conpr-2.C execution test
FAIL: g++.dg/special/conpr-3.C execution test
FAIL: g++.dg/special/conpr-3.C execution test
FAIL: g++.ext/comint1.C (test for excess errors)
FAIL: g++.ext/initp1.C Execution test
FAIL: g++.law/weak.C (test for excess errors)
FAIL: g++.oliva/template7.C (test for excess errors)
FAIL: g++.other/ambig2.C A is an ambiguous base (test for errors, line 17)
FAIL: g++.other/lookup16.C (test for excess errors)
FAIL: g++.pt/asm1.C (test for excess errors)
FAIL: g++.pt/asm2.C (test for excess errors)
=== g++ Summary for unix/-fpic ===
# of expected passes 5416
# of unexpected failures 12
# of expected failures 95
# of untested testcases 7
Running target unix
FAIL: g++.dg/special/conpr-1.C execution test
FAIL: g++.dg/special/conpr-2.C execution test
FAIL: g++.dg/special/conpr-3.C execution test
FAIL: g++.dg/special/conpr-3.C execution test
FAIL: g++.ext/comint1.C (test for excess errors)
FAIL: g++.ext/initp1.C Execution test
FAIL: g++.law/weak.C (test for excess errors)
FAIL: g++.oliva/template7.C (test for excess errors)
FAIL: g++.other/ambig2.C A is an ambiguous base (test for errors, line 17)
FAIL: g++.other/lookup16.C (test for excess errors)
=== g++ Summary for unix ===
# of expected passes 5418
# of unexpected failures 10
# of expected failures 95
# of untested testcases 7
=== g++ Summary ===
# of expected passes 16250
# of unexpected failures 34
# of expected failures 285
# of untested testcases 21
/usr/local/src/objdir-egcs-19990907+libg++-2.8.1.3/gcc/testsuite/../xgcc
version 2.96 19990907 (experimental)
=== g77 tests ===
Running target unix/-fPIC
FAIL: g77.f-torture/compile/19990826-1.f, -O0
FAIL: g77.f-torture/compile/19990826-1.f, -O1
FAIL: g77.f-torture/compile/19990826-1.f, -O2
FAIL: g77.f-torture/compile/19990826-1.f, -O2 -fomit-frame-pointer
-finline-functions
FAIL: g77.f-torture/compile/19990826-1.f, -Os
FAIL: g77.f-torture/compile/19990905-1.f, -O0
FAIL: g77.f-torture/compile/19990905-1.f, -O1
FAIL: g77.f-torture/compile/19990905-1.f, -O2
FAIL: g77.f-torture/compile/19990905-1.f, -O2 -fomit-frame-pointer
-finline-functions
FAIL: g77.f-torture/compile/19990905-1.f, -Os
=== g77 Summary for unix/-fPIC ===
# of expected passes 649
# of unexpected failures 10
Running target unix/-fpic
FAIL: g77.f-torture/compile/19990826-1.f, -O0
FAIL: g77.f-torture/compile/19990826-1.f, -O1
FAIL: g77.f-torture/compile/19990826-1.f, -O2
FAIL: g77.f-torture/compile/19990826-1.f, -O2 -fomit-frame-pointer
-finline-functions
FAIL: g77.f-torture/compile/19990826-1.f, -Os
FAIL: g77.f-torture/compile/19990905-1.f, -O0
FAIL: g77.f-torture/compile/19990905-1.f, -O1
FAIL: g77.f-torture/compile/19990905-1.f, -O2
FAIL: g77.f-torture/compile/19990905-1.f, -O2 -fomit-frame-pointer
-finline-functions
FAIL: g77.f-torture/compile/19990905-1.f, -Os
=== g77 Summary for unix/-fpic ===
# of expected passes 649
# of unexpected failures 10
Running target unix
FAIL: g77.f-torture/compile/19990826-1.f, -O0
FAIL: g77.f-torture/compile/19990826-1.f, -O1
FAIL: g77.f-torture/compile/19990826-1.f, -O2
FAIL: g77.f-torture/compile/19990826-1.f, -O2 -fomit-frame-pointer
-finline-functions
FAIL: g77.f-torture/compile/19990826-1.f, -Os
FAIL: g77.f-torture/compile/19990905-1.f, -O0
FAIL: g77.f-torture/compile/19990905-1.f, -O1
FAIL: g77.f-torture/compile/19990905-1.f, -O2
FAIL: g77.f-torture/compile/19990905-1.f, -O2 -fomit-frame-pointer
-finline-functions
FAIL: g77.f-torture/compile/19990905-1.f, -Os
=== g77 Summary for unix ===
# of expected passes 649
# of unexpected failures 10
=== g77 Summary ===
# of expected passes 1947
# of unexpected failures 30
=== objc tests ===
Running target unix/-fPIC
=== objc Summary for unix/-fPIC ===
# of expected passes 38
Running target unix/-fpic
=== objc Summary for unix/-fpic ===
# of expected passes 38
Running target unix
=== objc Summary for unix ===
# of expected passes 38
=== objc Summary ===
# of expected passes 114
/usr/local/src/objdir-egcs-19990907+libg++-2.8.1.3/gcc/xgcc version 2.96
19990907 (experimental)
Compiler version: 2.96 19990907 (experimental)
Platform: i486-redhat4.2-linux-gnulibc1
configure flags: --with-gcc-version-trigger=/usr/local/src/egcs-19990907/gcc/ve
rsion.c --host=i486-redhat4.2-linux-gnulibc1 --norecursion
Counting all warnings,
there are 102 warnings in stage3 of this bootstrap.
Number of warnings per file:
12 ../../../egcs-19990907/gcc/java/lex.c
8 ../../egcs-19990907/gcc/loop.c
5 ../../egcs-19990907/gcc/unroll.c
5 ../../egcs-19990907/gcc/reload.c
5 ../../egcs-19990907/gcc/config/i386/i386.c
4 cexp.y
4 ../../egcs-19990907/gcc/regmove.c
4 ../../egcs-19990907/gcc/reg-stack.c
4 ../../../egcs-19990907/gcc/ch/actions.c
3 ../../egcs-19990907/gcc/varasm.c
3 ../../egcs-19990907/gcc/regclass.c
3 ../../egcs-19990907/gcc/genopinit.c
3 ../../egcs-19990907/gcc/cccp.c
3 ../../../egcs-19990907/gcc/java/gjavah.c
2 insn-recog.c
2 ../../egcs-19990907/gcc/reload1.c
2 ../../egcs-19990907/gcc/local-alloc.c
2 ../../egcs-19990907/gcc/genrecog.c
2 ../../egcs-19990907/gcc/fold-const.c
2 ../../egcs-19990907/gcc/flow.c
2 ../../egcs-19990907/gcc/final.c
2 ../../egcs-19990907/gcc/dbxout.c
2 ../../egcs-19990907/gcc/c-lex.c
1 insn-output.c
1 genrtl.c
1 ../../egcs-19990907/gcc/toplev.c
1 ../../egcs-19990907/gcc/stupid.c
1 ../../egcs-19990907/gcc/stmt.c
1 ../../egcs-19990907/gcc/hash.c
1 ../../egcs-19990907/gcc/genattrtab.c
1 ../../egcs-19990907/gcc/gcov-io.h
1 ../../egcs-19990907/gcc/function.c
1 ../../egcs-19990907/gcc/f/g77spec.c
1 ../../egcs-19990907/gcc/expr.c
1 ../../egcs-19990907/gcc/except.c
1 ../../egcs-19990907/gcc/emit-rtl.c
1 ../../egcs-19990907/gcc/crtstuff.c
1 ../../egcs-19990907/gcc/cppspec.c
1 ../../egcs-19990907/gcc/builtins.c
1 ../../../egcs-19990907/gcc/f/com.c
1 ../../../egcs-19990907/gcc/cp/class.c
Number of warning types:
43 \`???' might be used uninitialized in this function
16 unused parameter \`???'
13 comparison between signed and unsigned
12 variable \`???' might be clobbered by \`longjmp' or \`vfork'
7 unused variable \`???'
4 implicit declaration of function \`???'
3 white space at end of line in string
2 \`???' defined but not used
1 static declaration for \`???' follows non-static
1 assignment from incompatible pointer type