This is the mail archive of the
gcc-testresults@gcc.gnu.org
mailing list for the GCC project.
Results for haifa-enabled 2.96 19990907 (experimental) testsuite on mips-sgi-irix6.5
- To: "'gcc-testresults@gcc.gnu.org'" <gcc-testresults@gcc.gnu.org>
- Subject: Results for haifa-enabled 2.96 19990907 (experimental) testsuite on mips-sgi-irix6.5
- From: "Billinghurst, David (RTD)" <David.Billinghurst@riotinto.com.au>
- Date: Thu, 9 Sep 1999 07:29:28 -0000
Notes:
- had to comment out a couple of lines in configure, as noted by others in
mailing lists
- used --enable-pthreads for first time
Native configuration is mips-sgi-irix6.5
=== objc tests ===
Running target unix
=== objc Summary ===
# of expected passes 38
/exd4/billingd/obj/egcs-19990907/gcc/xgcc version 2.96 19990907
(experimental)
=== gcc tests ===
Running target unix
FAIL: gcc.c-torture/execute/complex-5.c compilation, -O0
FAIL: gcc.c-torture/execute/complex-5.c compilation, -O1
FAIL: gcc.c-torture/execute/complex-5.c compilation, -O2
FAIL: gcc.c-torture/execute/complex-5.c compilation, -O3
-fomit-frame-pointer
FAIL: gcc.c-torture/execute/complex-5.c compilation, -O3 -g
FAIL: gcc.c-torture/execute/complex-5.c compilation, -Os
XPASS: gcc.c-torture/execute/memcheck/blkarg.c execution, -O0
XPASS: gcc.c-torture/execute/memcheck/blkarg.c execution, -O1
XPASS: gcc.c-torture/execute/memcheck/blkarg.c execution, -O2
XPASS: gcc.c-torture/execute/memcheck/blkarg.c execution, -Os
FAIL: gcc.c-torture/noncompile/920824-1.c
FAIL: gcc.c-torture/noncompile/920923-1.c
FAIL: gcc.c-torture/noncompile/920923-1.c
FAIL: gcc.c-torture/noncompile/920923-1.c
FAIL: gcc.c-torture/noncompile/920923-1.c
FAIL: gcc.c-torture/noncompile/920923-1.c
FAIL: gcc.c-torture/noncompile/920923-1.c
FAIL: gcc.c-torture/noncompile/920923-1.c
FAIL: gcc.c-torture/noncompile/920923-1.c
FAIL: gcc.c-torture/noncompile/950825-1.c
FAIL: gcc.dg/cast-qual-1.c discarding `const' warning (test for bogus
messages, line 11)
FAIL: gcc.dg/cast-qual-1.c discarding `const' warning (test for warnings,
line 17)
FAIL: gcc.dg/compare1.c comparison between signed and unsigned (test for
bogus messages, line 25)
FAIL: gcc.dg/special/alias-1.c (test for excess errors)
FAIL: wkali-2b.o
=== gcc Summary ===
# of expected passes 7218
# of unexpected failures 21
# of unexpected successes 4
# of expected failures 21
# of unresolved testcases 6
# of unsupported tests 26
/exd4/billingd/obj/egcs-19990907/gcc/xgcc version 2.96 19990907
(experimental)
=== g77 tests ===
Running target unix
FAIL: g77.f-torture/compile/19990905-1.f, -O0
FAIL: g77.f-torture/compile/19990905-1.f, -O1
FAIL: g77.f-torture/compile/19990905-1.f, -O2
FAIL: g77.f-torture/compile/19990905-1.f, -O2 -fomit-frame-pointer
-finline-functions
FAIL: g77.f-torture/compile/19990905-1.f, -Os
FAIL: g77.f-torture/execute/19990826-2.f compilation, -O0
FAIL: g77.f-torture/execute/19990826-2.f compilation, -O1
FAIL: g77.f-torture/execute/19990826-2.f compilation, -O2
FAIL: g77.f-torture/execute/19990826-2.f compilation, -O2
-fomit-frame-pointer -finline-functions
FAIL: g77.f-torture/execute/19990826-2.f compilation, -Os
=== g77 Summary ===
# of expected passes 644
# of unexpected failures 10
# of untested testcases 5
=== g++ tests ===
Running target unix
FAIL: g++.dg/special/conpr-1.C execution test
FAIL: g++.dg/special/conpr-2.C execution test
FAIL: g++.dg/special/conpr-3.C execution test
FAIL: g++.dg/special/conpr-3.C execution test
FAIL: g++.ext/comint1.C (test for excess errors)
FAIL: g++.ext/initp1.C Execution test
FAIL: g++.oliva/template7.C (test for excess errors)
FAIL: g++.other/ambig2.C A is an ambiguous base (test for errors, line 17)
FAIL: g++.other/copy1.C Execution test
FAIL: g++.other/defarg1.C (test for excess errors)
FAIL: g++.other/lookup16.C (test for excess errors)
XPASS: g++.pt/instantiate6.C (test for excess errors)
=== g++ Summary ===
# of expected passes 5408
# of unexpected failures 11
# of unexpected successes 1
# of expected failures 97
# of untested testcases 13
/exd4/billingd/obj/egcs-19990907/gcc/testsuite/../xgcc version 2.96 19990907
(experimental)
=== libstdc++ tests ===
Running target unix
=== libstdc++ Summary ===
# of expected passes 30
=== libio tests ===
Running target unix
=== libio Summary ===
# of expected passes 40
Compiler version: haifa-enabled 2.96 19990907 (experimental)
Platform: mips-sgi-irix6.5
configure flags:
--with-gcc-version-trigger=/exd4/billingd/src/egcs-19990907/gcc/version.c
--host=mips-sgi-irix6.5 --enable-shared --enable-haifa --enable-pthreads
--prefix=/exd4/billingd/tmp/egcs-19990907 --norecursion