This is the mail archive of the
gcc-testresults@gcc.gnu.org
mailing list for the GCC project.
Results for 2.96 19990907 testsuite on mips-sgi-irix6.5
- To: gcc-testresults@gcc.gnu.org (IPM Return requested) (Receipt notification requested)
- Subject: Results for 2.96 19990907 testsuite on mips-sgi-irix6.5
- From: Tim C Prince <Prince_Tim_C@solarturbines.com>
- Date: 08 Sep 1999 11:57:00 Z
- Alternate-Recipient: Allowed
- Conversion: Allowed
- Disclose-Recipients: Prohibited
- Expiry-Date: 08 Oct 1999 00:00:00 Z
- FTBP-Modification-Date: 08 Sep 1999 03:24:00 Z
- FTBP-Object-Size: 4329
- Original-Encoded-Information-Types: (2)(6)(1)(12)(0), (2)(16)(840)(1)(113694)(2)(2)(1)(1)
- X400-Content-Type: P2-1988 ( 22 )
- X400-MTS-Identifier: [/c=US/admd= /prmd=Cat/; 37D6B1BA.6E8C.197B.000]
- X400-Originator: Prince_Tim_C@solarturbines.com
- X400-Recipients: non-disclosure;
Native configuration is mips-sgi-irix6.5
=== objc tests ===
Running target unix
=== objc Summary ===
# of expected passes 38
/wrk1/aerotherm/dawes/src/gnu/egcs-19990824/i6/gcc/xgcc version 2.96 19990907 (experimental)
=== gcc tests ===
Running target unix
FAIL: gcc.c-torture/execute/complex-5.c compilation, -O0
FAIL: gcc.c-torture/execute/complex-5.c compilation, -O1
FAIL: gcc.c-torture/execute/complex-5.c compilation, -O2
FAIL: gcc.c-torture/execute/complex-5.c compilation, -O3 -fomit-frame-pointer
FAIL: gcc.c-torture/execute/complex-5.c compilation, -O3 -g
FAIL: gcc.c-torture/execute/complex-5.c compilation, -Os
XPASS: gcc.c-torture/execute/memcheck/blkarg.c execution, -O0
XPASS: gcc.c-torture/execute/memcheck/blkarg.c execution, -O1
XPASS: gcc.c-torture/execute/memcheck/blkarg.c execution, -O2
XPASS: gcc.c-torture/execute/memcheck/blkarg.c execution, -Os
FAIL: gcc.c-torture/noncompile/920824-1.c
FAIL: gcc.c-torture/noncompile/920923-1.c
FAIL: gcc.c-torture/noncompile/920923-1.c
FAIL: gcc.c-torture/noncompile/920923-1.c
FAIL: gcc.c-torture/noncompile/920923-1.c
FAIL: gcc.c-torture/noncompile/920923-1.c
FAIL: gcc.c-torture/noncompile/920923-1.c
FAIL: gcc.c-torture/noncompile/920923-1.c
FAIL: gcc.c-torture/noncompile/920923-1.c
FAIL: gcc.c-torture/noncompile/950825-1.c
FAIL: gcc.dg/cast-qual-1.c discarding \`const' warning (test for bogus messages, line 11)
FAIL: gcc.dg/cast-qual-1.c discarding \`const' warning (test for warnings, line 17)
FAIL: gcc.dg/compare1.c comparison between signed and unsigned (test for bogus messages, line 25)
FAIL: gcc.dg/special/alias-1.c (test for excess errors)
FAIL: wkali-2b.o
=== gcc Summary ===
# of expected passes 7218
# of unexpected failures 21
# of unexpected successes 4
# of expected failures 21
# of unresolved testcases 6
# of unsupported tests 26
/wrk1/aerotherm/dawes/src/gnu/egcs-19990824/i6/gcc/xgcc version 2.96 19990907 (experimental)
=== g77 tests ===
Running target unix
FAIL: g77.f-torture/compile/19990905-1.f, -O0
FAIL: g77.f-torture/compile/19990905-1.f, -O1
FAIL: g77.f-torture/compile/19990905-1.f, -O2
FAIL: g77.f-torture/compile/19990905-1.f, -O2 -fomit-frame-pointer -finline-functions
FAIL: g77.f-torture/compile/19990905-1.f, -Os
FAIL: g77.f-torture/execute/19990826-2.f compilation, -O0
FAIL: g77.f-torture/execute/19990826-2.f compilation, -O1
FAIL: g77.f-torture/execute/19990826-2.f compilation, -O2
FAIL: g77.f-torture/execute/19990826-2.f compilation, -O2 -fomit-frame-pointer -finline-functions
FAIL: g77.f-torture/execute/19990826-2.f compilation, -Os
=== g77 Summary ===
# of expected passes 644
# of unexpected failures 10
# of untested testcases 5
=== g++ tests ===
Running target unix
FAIL: g++.dg/special/conpr-1.C execution test
FAIL: g++.dg/special/conpr-2.C execution test
FAIL: g++.dg/special/conpr-3.C execution test
FAIL: g++.dg/special/conpr-3.C execution test
FAIL: g++.ext/comint1.C (test for excess errors)
FAIL: g++.ext/initp1.C Execution test
FAIL: g++.oliva/template7.C (test for excess errors)
FAIL: g++.other/ambig2.C A is an ambiguous base (test for errors, line 17)
FAIL: g++.other/copy1.C Execution test
FAIL: g++.other/defarg1.C (test for excess errors)
FAIL: g++.other/lookup16.C (test for excess errors)
XPASS: g++.pt/instantiate6.C (test for excess errors)
=== g++ Summary ===
# of expected passes 5408
# of unexpected failures 11
# of unexpected successes 1
# of expected failures 97
# of untested testcases 13
/wrk1/aerotherm/dawes/src/gnu/egcs-19990824/i6/gcc/testsuite/../xgcc version 2.96 19990907 (experimental)
=== libstdc++ tests ===
Running target unix
=== libstdc++ Summary ===
# of expected passes 30
=== libio tests ===
Running target unix
=== libio Summary ===
# of expected passes 40
Compiler version: 2.96 19990907 (experimental)
Platform: mips-sgi-irix6.5
configure flags: --with-gcc-version-trigger=/wrk1/aerotherm/dawes/src/gnu/egcs-19990824/gcc/version.c --host=mips-sgi-irix6.5 --prefix=/wrk1/aerotherm/dawes/src/gnu/803 --norecursion
EOF
Mail -s "Results for 2.96 19990907 (experimental) testsuite on mips-sgi-irix6.5" gcc-testresults@gcc.gnu.org &&