This is the mail archive of the
gcc-testresults@gcc.gnu.org
mailing list for the GCC project.
Results for 2.96 19990903 (experimental) testsuite on i686-pc-linux-gnu
- To: gcc-testresults@gcc.gnu.org
- Subject: Results for 2.96 19990903 (experimental) testsuite on i686-pc-linux-gnu
- From: ethersoft@ne.mediaone.net
- Date: Sat, 4 Sep 1999 19:22:00 -0400 (EDT)
Native configuration is i686-pc-linux-gnu
=== libio tests ===
Running target unix
=== libio Summary ===
# of expected passes 40
=== libstdc++ tests ===
Running target unix
=== libstdc++ Summary ===
# of expected passes 30
=== binutils tests ===
Running target unix
=== binutils Summary ===
# of expected passes 26
=== ld tests ===
Running target unix
FAIL: selective6
FAIL: S-records with constructors
=== ld Summary ===
# of expected passes 47
# of unexpected failures 2
=== gas tests ===
Running target unix
=== gas Summary ===
# of expected passes 73
=== gcc tests ===
Running target unix
FAIL: gcc.c-torture/compile/990801-2.c, -O1
FAIL: gcc.c-torture/compile/990801-2.c, -O2
FAIL: gcc.c-torture/compile/990801-2.c, -O3 -fomit-frame-pointer
FAIL: gcc.c-torture/compile/990801-2.c, -O3 -fomit-frame-pointer -funroll-loops
FAIL: gcc.c-torture/compile/990801-2.c, -O3 -fomit-frame-pointer -funroll-all-loops -finline-functions
FAIL: gcc.c-torture/compile/990801-2.c, -Os
FAIL: gcc.c-torture/execute/980709-1.c compilation, -O1
FAIL: gcc.c-torture/execute/980709-1.c compilation, -O2
FAIL: gcc.c-torture/execute/980709-1.c compilation, -O3 -fomit-frame-pointer
FAIL: gcc.c-torture/execute/980709-1.c compilation, -O3 -g
FAIL: gcc.c-torture/execute/980709-1.c compilation, -Os
FAIL: gcc.c-torture/execute/990829-1.c execution, -O2
FAIL: gcc.c-torture/execute/990829-1.c execution, -Os
FAIL: gcc.c-torture/execute/widechar-1.c execution, -O0
FAIL: gcc.c-torture/execute/widechar-1.c execution, -O1
FAIL: gcc.c-torture/execute/widechar-1.c execution, -O2
FAIL: gcc.c-torture/execute/widechar-1.c execution, -O3 -fomit-frame-pointer
FAIL: gcc.c-torture/execute/widechar-1.c execution, -O3 -g
FAIL: gcc.c-torture/execute/widechar-1.c execution, -Os
FAIL: gcc.c-torture/noncompile/920923-1.c
FAIL: gcc.c-torture/noncompile/920923-1.c
FAIL: gcc.c-torture/noncompile/920923-1.c
FAIL: gcc.c-torture/noncompile/920923-1.c
FAIL: gcc.c-torture/noncompile/920923-1.c
FAIL: gcc.c-torture/noncompile/920923-1.c
FAIL: gcc.c-torture/noncompile/920923-1.c
FAIL: gcc.c-torture/noncompile/920923-1.c
FAIL: gcc.dg/cast-qual-1.c discarding `const' warning (test for bogus messages, line 11)
FAIL: gcc.dg/cast-qual-1.c discarding `const' warning (test for warnings, line 17)
FAIL: gcc.dg/compare1.c (test for excess errors)
=== gcc Summary ===
# of expected passes 8510
# of unexpected failures 30
# of expected failures 39
# of unresolved testcases 5
# of unsupported tests 13
/usr/local/build/linux-2.2/egcs-19990903/gcc/xgcc version 2.96 19990903 (experimental)
=== g++ tests ===
Running target unix
FAIL: g++.oliva/template7.C (test for excess errors)
FAIL: g++.other/ambig2.C A is an ambiguous base (test for errors, line 17)
FAIL: g++.other/lookup16.C (test for excess errors)
=== g++ Summary ===
# of expected passes 5425
# of unexpected failures 3
# of expected failures 95
# of untested testcases 7
/usr/local/build/linux-2.2/egcs-19990903/gcc/testsuite/../xgcc version 2.96 19990903 (experimental)
=== g77 tests ===
Running target unix
FAIL: g77.f-torture/compile/19990826-1.f, -O0
FAIL: g77.f-torture/compile/19990826-1.f, -O1
FAIL: g77.f-torture/compile/19990826-1.f, -O2
FAIL: g77.f-torture/compile/19990826-1.f, -O2 -fomit-frame-pointer -finline-functions
FAIL: g77.f-torture/compile/19990826-1.f, -Os
=== g77 Summary ===
# of expected passes 634
# of unexpected failures 5
=== objc tests ===
Running target unix
=== objc Summary ===
# of expected passes 38
/usr/local/build/linux-2.2/egcs-19990903/gcc/xgcc version 2.96 19990903 (experimental)
Compiler version: 2.96 19990903 (experimental)
Platform: i686-pc-linux-gnu
configure flags: --with-gcc-version-trigger=/usr/local/src/egcs-19990903/gcc/version.c --host=i686-pc-linux-gnu --prefix=/usr/local/egcs-19990903 --without-local-prefix --disable-nls --norecursion