This is the mail archive of the
gcc-testresults@gcc.gnu.org
mailing list for the GCC project.
Results for 2.96 19990831 (experimental) testsuite on i586-pc-linux-gnulibc1
- To: gcc-testresults@gcc.gnu.org
- Subject: Results for 2.96 19990831 (experimental) testsuite on i586-pc-linux-gnulibc1
- From: David Ronis <ronis@ronispc.chem.mcgill.ca>
- Date: Tue, 31 Aug 1999 16:42:55 -0400
Native configuration is i586-pc-linux-gnulibc1
=== libio tests ===
Running target unix
=== libio Summary ===
# of expected passes 40
=== libstdc++ tests ===
Running target unix
=== libstdc++ Summary ===
# of expected passes 30
=== gcc tests ===
Running target unix
FAIL: gcc.c-torture/compile/990801-2.c, -O1
FAIL: gcc.c-torture/compile/990801-2.c, -O2
FAIL: gcc.c-torture/compile/990801-2.c, -O3 -fomit-frame-pointer
FAIL: gcc.c-torture/compile/990801-2.c, -O3 -fomit-frame-pointer -funroll-loops
FAIL: gcc.c-torture/compile/990801-2.c, -O3 -fomit-frame-pointer -funroll-all-loops -finline-functions
FAIL: gcc.c-torture/compile/990801-2.c, -Os
FAIL: gcc.c-torture/execute/990827-1.c compilation, -O0
FAIL: gcc.c-torture/execute/990827-1.c compilation, -O1
FAIL: gcc.c-torture/execute/990827-1.c compilation, -O2
FAIL: gcc.c-torture/execute/990827-1.c compilation, -O3 -fomit-frame-pointer
FAIL: gcc.c-torture/execute/990827-1.c compilation, -O3 -g
FAIL: gcc.c-torture/execute/990827-1.c compilation, -Os
FAIL: gcc.c-torture/execute/990829-1.c execution, -O2
FAIL: gcc.c-torture/execute/990829-1.c execution, -Os
FAIL: gcc.c-torture/noncompile/920923-1.c
FAIL: gcc.c-torture/noncompile/920923-1.c
FAIL: gcc.c-torture/noncompile/920923-1.c
FAIL: gcc.c-torture/noncompile/920923-1.c
FAIL: gcc.c-torture/noncompile/920923-1.c
FAIL: gcc.c-torture/noncompile/920923-1.c
FAIL: gcc.c-torture/noncompile/920923-1.c
FAIL: gcc.c-torture/noncompile/920923-1.c
FAIL: gcc.c-torture/noncompile/971104-1.c
FAIL: gcc.c-torture/noncompile/971104-1.c
FAIL: gcc.c-torture/noncompile/971104-1.c
FAIL: gcc.dg/cast-qual-1.c discarding `const' warning (test for bogus messages, line 11)
FAIL: gcc.dg/cast-qual-1.c discarding `const' warning (test for warnings, line 17)
FAIL: gcc.dg/compare1.c (test for excess errors)
FAIL: gcc.dg/special/weak-1.c execution test
=== gcc Summary ===
# of expected passes 8508
# of unexpected failures 29
# of expected failures 39
# of unresolved testcases 6
# of unsupported tests 14
/home/ronis/Project/objdir/gcc/xgcc version 2.96 19990831 (experimental)
=== g++ tests ===
Running target unix
FAIL: g++.dg/special/conpr-1.C execution test
FAIL: g++.dg/special/conpr-2.C execution test
FAIL: g++.dg/special/conpr-3.C execution test
FAIL: g++.dg/special/conpr-3.C execution test
FAIL: g++.eh/spec2.C Execution test
FAIL: g++.eh/spec3.C Execution test
FAIL: g++.ext/comint1.C (test for excess errors)
FAIL: g++.ext/initp1.C Execution test
FAIL: g++.law/profile1.C (test for excess errors)
FAIL: g++.law/weak.C (test for excess errors)
FAIL: g++.mike/eh33.C Execution test
FAIL: g++.mike/eh50.C Execution test
FAIL: g++.mike/eh51.C Execution test
FAIL: g++.oliva/template7.C (test for excess errors)
=== g++ Summary ===
# of expected passes 5386
# of unexpected failures 14
# of expected failures 98
# of untested testcases 7
/home/ronis/Project/objdir/gcc/testsuite/../xgcc version 2.96 19990831 (experimental)
=== g77 tests ===
Running target unix
FAIL: g77.f-torture/compile/19990826-1.f, -O0
FAIL: g77.f-torture/compile/19990826-1.f, -O1
FAIL: g77.f-torture/compile/19990826-1.f, -O2
FAIL: g77.f-torture/compile/19990826-1.f, -O2 -fomit-frame-pointer -finline-functions
FAIL: g77.f-torture/compile/19990826-1.f, -Os
=== g77 Summary ===
# of expected passes 634
# of unexpected failures 5
=== objc tests ===
Running target unix
=== objc Summary ===
# of expected passes 38
/home/ronis/Project/objdir/gcc/xgcc version 2.96 19990831 (experimental)
Compiler version: 2.96 19990831 (experimental)
Platform: i586-pc-linux-gnulibc1
configure flags: --with-gcc-version-trigger=/home/ronis/Project/egcs/gcc/version.c --host=i586-pc-linux-gnulibc1 --with-gnu-as --prefix=/usr --enable-shared --with-gnu-ld --norecursion
BOOT_CFLAGS=-O3 -march=pentium -funroll-loops -fomit-frame-pointer -fstrict-aliasing