This is the mail archive of the
gcc-testresults@gcc.gnu.org
mailing list for the GCC project.
Results for 2.96 19990822 (experimental) testsuite on i686-pc-linux-gnu
- To: gcc-testresults@gcc.gnu.org
- Subject: Results for 2.96 19990822 (experimental) testsuite on i686-pc-linux-gnu
- From: Theodore Papadopoulo <Theodore.Papadopoulo@sophia.inria.fr>
- Date: Mon, 30 Aug 1999 11:52:16 +0200
Native configuration is i686-pc-linux-gnu
=== libio tests ===
Running target unix
=== libio Summary ===
# of expected passes 40
=== libstdc++ tests ===
Running target unix
=== libstdc++ Summary ===
# of expected passes 30
=== gcc tests ===
Running target unix
FAIL: gcc.c-torture/compile/990801-2.c, -O1
FAIL: gcc.c-torture/compile/990801-2.c, -O2
FAIL: gcc.c-torture/compile/990801-2.c, -O3 -fomit-frame-pointer
FAIL: gcc.c-torture/compile/990801-2.c, -O3 -fomit-frame-pointer -funroll-loops
FAIL: gcc.c-torture/compile/990801-2.c, -O3 -fomit-frame-pointer -funroll-all-loops -finline-functions
FAIL: gcc.c-torture/compile/990801-2.c, -Os
FAIL: gcc.c-torture/execute/980709-1.c compilation, -O1
FAIL: gcc.c-torture/execute/980709-1.c compilation, -O2
FAIL: gcc.c-torture/execute/980709-1.c compilation, -O3 -fomit-frame-pointer
FAIL: gcc.c-torture/execute/980709-1.c compilation, -O3 -g
FAIL: gcc.c-torture/execute/980709-1.c compilation, -Os
FAIL: gcc.c-torture/execute/ieee/980619-1.c execution, -O1
FAIL: gcc.c-torture/execute/ieee/980619-1.c execution, -O2
FAIL: gcc.c-torture/execute/ieee/980619-1.c execution, -O3 -fomit-frame-pointer
FAIL: gcc.c-torture/execute/ieee/980619-1.c execution, -O3 -fomit-frame-pointer -funroll-loops
FAIL: gcc.c-torture/execute/ieee/980619-1.c execution, -O3 -fomit-frame-pointer -funroll-all-loops -finline-functions
FAIL: gcc.c-torture/execute/ieee/980619-1.c execution, -O3 -g
FAIL: gcc.c-torture/execute/ieee/980619-1.c execution, -Os
FAIL: gcc.dg/cast-qual-1.c discarding `const' warning (test for bogus messages, line 11)
FAIL: gcc.dg/cast-qual-1.c discarding `const' warning (test for warnings, line 17)
FAIL: gcc.dg/compare1.c (test for excess errors)
=== gcc Summary ===
# of expected passes 8289
# of unexpected failures 21
# of expected failures 32
# of unresolved testcases 5
# of unsupported tests 14
/auto/atlantis/u/atlantis/1/egcs/egcs-linux/gcc/xgcc version 2.96 19990822 (experimental)
=== g++ tests ===
Running target unix
FAIL: g++.oliva/template7.C (test for excess errors)
FAIL: g++.robertl/eh990323-2.C Execution test
FAIL: g++.robertl/eh990323-3.C Execution test
FAIL: g++.robertl/eh990323-4.C Execution test
=== g++ Summary ===
# of expected passes 5348
# of unexpected failures 4
# of expected failures 89
# of untested testcases 7
/auto/atlantis/u/atlantis/1/egcs/egcs-linux/gcc/testsuite/../xgcc version 2.96 19990822 (experimental)
=== g77 tests ===
Running target unix
=== g77 Summary ===
# of expected passes 607
=== objc tests ===
Running target unix
=== objc Summary ===
# of expected passes 38
/auto/atlantis/u/atlantis/1/egcs/egcs-linux/gcc/xgcc version 2.96 19990822 (experimental)
Compiler version: 2.96 19990822 (experimental)
Platform: i686-pc-linux-gnu
configure flags: --with-gcc-version-trigger=/u/atlantis/1/egcs/egcs/gcc/version.c --host=i686-pc-linux-gnu --srcdir=../egcs --prefix=/u/corse/2/robotvis/gnu/egcs --with-fast-fixincludes --with-as=/u/corse/2/robotvis/gnu/binutils/bin/as --with-ld=/u/corse/2/robotvis/gnu/binutils/bin/ld --norecursion
Counting all warnings,
there are 180 warnings in stage3 of this bootstrap.
Number of warnings per file:
12 ../../../egcs/gcc/java/lex.c
10 ../../egcs/gcc/toplev.c
10 ../../egcs/gcc/integrate.c
9 ../../egcs/gcc/cse.c
9 ../../egcs/gcc/combine.c
8 ../../egcs/gcc/reload1.c
8 ../../egcs/gcc/final.c
7 ../../egcs/gcc/reload.c
7 ../../egcs/gcc/loop.c
6 cxxmain.c
6 ../../egcs/gcc/varasm.c
6 ../../egcs/gcc/unroll.c
6 ../../egcs/gcc/reg-stack.c
6 ../../egcs/gcc/objc/objc-act.c
5 ../../egcs/gcc/regclass.c
4 cexp.y
4 ../../egcs/gcc/tlink.c
4 ../../egcs/gcc/flow.c
3 insn-emit.c
3 ../../egcs/gcc/sched.c
3 ../../egcs/gcc/regmove.c
3 ../../egcs/gcc/genopinit.c
3 ../../egcs/gcc/cccp.c
2 insn-recog.c
2 insn-output.c
2 ../../egcs/gcc/local-alloc.c
2 ../../egcs/gcc/fold-const.c
2 ../../egcs/gcc/expr.c
2 ../../egcs/gcc/except.c
2 ../../egcs/gcc/dbxout.c
2 ../../egcs/gcc/collect2.c
2 ../../egcs/gcc/c-lex.c
2 ../../../egcs/gcc/java/verify.c
2 ../../../egcs/gcc/java/expr.c
1 ../../egcs/gcc/stupid.c
1 ../../egcs/gcc/stmt.c
1 ../../egcs/gcc/recog.c
1 ../../egcs/gcc/optabs.c
1 ../../egcs/gcc/hash.c
1 ../../egcs/gcc/gcov-io.h
1 ../../egcs/gcc/f/g77spec.c
1 ../../egcs/gcc/emit-rtl.c
1 ../../egcs/gcc/crtstuff.c
1 ../../egcs/gcc/cppspec.c
1 ../../egcs/gcc/config/i386/i386.c
1 ../../egcs/gcc/alias.c
1 ../../../egcs/gcc/java/class.c
1 ../../../egcs/gcc/f/com.c
1 ../../../egcs/gcc/cp/tree.c
1 ../../../egcs/gcc/cp/pt.c
Number of warning types:
57 `???' might be used uninitialized in this function
39 unused parameter `???'
31 comparison between signed and unsigned
14 implicit declaration of function `???'
12 variable `???' might be clobbered by `longjmp' or `vfork'
9 unused variable `???'
9 initialization from incompatible pointer type
2 zero-length format string
2 control reaches end of non-void function
2 assignment discards qualifiers from pointer target type
1 initialization discards qualifiers from pointer target type
1 assignment from incompatible pointer type
1 `???' defined but not used