This is the mail archive of the
gcc-testresults@gcc.gnu.org
mailing list for the GCC project.
Results for 2.96 19990828 (experimental) testsuite on i586-redhat6-linux-gnu
- To: gcc-testresults@gcc.gnu.org
- Subject: Results for 2.96 19990828 (experimental) testsuite on i586-redhat6-linux-gnu
- From: Manfred Hollstein <mhollstein@cygnus.com>
- Date: Sat, 28 Aug 1999 21:34:01 +0200 (MEST)
- Reply-To: Manfred Hollstein <manfred.h@gmx.net>
Compiler version: 2.96 19990828 (experimental)
Platform: i586-redhat6-linux-gnu
Sources: - egcs mainline from CVS last updated at
1999/08/28 19:17:33 +0200
- libg++-2.8.1.3
Patches: [1] `PATCH: POTFILES.in: Track files recently added/deleted.'
from <mhollstein@cygnus.com>
Environment: - autoconf-19990822 via anonymous CVS from sourceware.cygnus.com
- automake-19990822 via anonymous CVS from sourceware.cygnus.com
- binutils-19990822 via anonymous CVS from sourceware.cygnus.com
- dejagnu-19990614
- RedHat Linux 6.0
+ recommended updates as of today
- Kernel 2.2.12 (compiled by
"gcc version egcs-2.91.66 19990314/Linux (egcs-1.1.2 release)")
- glibc-2.1.1-6
- glibc-devel-2.1.1-6
Remarks: None.
configure flags: --with-gcc-version-trigger=/home/gnu/work/GNU/egcs-19990828/gcc/version.c --host=i586-redhat6-linux-gnu --srcdir=../egcs-19990828 --prefix=/opt/gnu --with-gnu-as --with-gnu-ld --enable-shared --enable-version-specific-runtime-libs --enable-java-gc=boehm --enable-fast-character --enable-threads=posix --with-local-prefix=/opt/gnu --enable-nls --verbose --norecursion
BOOT_CC: gcc version 2.95.1 19990816 (release)
BOOT_CFLAGS: -O2 -g
CFLAGS: -O2 -g
CXXFLAGS: -O2 -g
Native configuration is i586-redhat6-linux-gnu
=== libio tests ===
Running target unix
=== libio Summary ===
# of expected passes 40
=== libstdc++ tests ===
Running target unix
=== libstdc++ Summary ===
# of expected passes 30
=== libg++ tests ===
Running target unix
=== libg++ Summary ===
# of expected passes 72
=== gcc tests ===
Running target unix
FAIL: gcc.c-torture/compile/990801-2.c, -O1
FAIL: gcc.c-torture/compile/990801-2.c, -O2
FAIL: gcc.c-torture/compile/990801-2.c, -O3 -fomit-frame-pointer
FAIL: gcc.c-torture/compile/990801-2.c, -O3 -fomit-frame-pointer -funroll-loops
FAIL: gcc.c-torture/compile/990801-2.c, -O3 -fomit-frame-pointer -funroll-all-loops -finline-functions
FAIL: gcc.c-torture/compile/990801-2.c, -Os
FAIL: gcc.c-torture/execute/990827-1.c compilation, -O0
FAIL: gcc.c-torture/execute/990827-1.c compilation, -O1
FAIL: gcc.c-torture/execute/990827-1.c compilation, -O2
FAIL: gcc.c-torture/execute/990827-1.c compilation, -O3 -fomit-frame-pointer
FAIL: gcc.c-torture/execute/990827-1.c compilation, -O3 -g
FAIL: gcc.c-torture/execute/990827-1.c compilation, -Os
FAIL: gcc.c-torture/noncompile/920923-1.c
FAIL: gcc.c-torture/noncompile/920923-1.c
FAIL: gcc.c-torture/noncompile/920923-1.c
FAIL: gcc.c-torture/noncompile/920923-1.c
FAIL: gcc.c-torture/noncompile/920923-1.c
FAIL: gcc.c-torture/noncompile/920923-1.c
FAIL: gcc.c-torture/noncompile/920923-1.c
FAIL: gcc.c-torture/noncompile/920923-1.c
FAIL: gcc.c-torture/noncompile/971104-1.c
FAIL: gcc.c-torture/noncompile/971104-1.c
FAIL: gcc.c-torture/noncompile/971104-1.c
FAIL: gcc.dg/cast-qual-1.c discarding \`const' warning (test for bogus messages, line 11)
FAIL: gcc.dg/cast-qual-1.c discarding \`const' warning (test for warnings, line 17)
FAIL: gcc.dg/compare1.c (test for excess errors)
=== gcc Summary ===
# of expected passes 8495
# of unexpected failures 26
# of expected failures 39
# of unresolved testcases 6
# of unsupported tests 13
/home/gnu/work/GNU/egcs-19990828-i586-redhat6-linux-gnu/gcc/xgcc version 2.96 19990828 (experimental)
=== g++ tests ===
Running target unix
FAIL: g++.oliva/template7.C (test for excess errors)
=== g++ Summary ===
# of expected passes 5389
# of unexpected failures 1
# of expected failures 98
# of untested testcases 7
/home/gnu/work/GNU/egcs-19990828-i586-redhat6-linux-gnu/gcc/testsuite/../xgcc version 2.96 19990828 (experimental)
=== g77 tests ===
Running target unix
FAIL: g77.f-torture/compile/19990826-1.f, -O0
FAIL: g77.f-torture/compile/19990826-1.f, -O1
FAIL: g77.f-torture/compile/19990826-1.f, -O2
FAIL: g77.f-torture/compile/19990826-1.f, -O2 -fomit-frame-pointer -finline-functions
FAIL: g77.f-torture/compile/19990826-1.f, -Os
=== g77 Summary ===
# of expected passes 634
# of unexpected failures 5
=== objc tests ===
Running target unix
FAIL: objc/execute/bf-1.m compilation, -O
FAIL: objc/execute/bf-10.m compilation, -O
FAIL: objc/execute/bf-11.m compilation, -O
FAIL: objc/execute/bf-12.m compilation, -O
FAIL: objc/execute/bf-13.m compilation, -O
FAIL: objc/execute/bf-14.m compilation, -O
FAIL: objc/execute/bf-15.m compilation, -O
FAIL: objc/execute/bf-16.m compilation, -O
FAIL: objc/execute/bf-17.m compilation, -O
FAIL: objc/execute/bf-18.m compilation, -O
FAIL: objc/execute/bf-19.m compilation, -O
FAIL: objc/execute/bf-2.m compilation, -O
FAIL: objc/execute/bf-3.m compilation, -O
FAIL: objc/execute/bf-4.m compilation, -O
FAIL: objc/execute/bf-5.m compilation, -O
FAIL: objc/execute/bf-6.m compilation, -O
FAIL: objc/execute/bf-7.m compilation, -O
FAIL: objc/execute/bf-8.m compilation, -O
FAIL: objc/execute/bf-9.m compilation, -O
=== objc Summary ===
# of unexpected failures 19
# of untested testcases 19
/home/gnu/work/GNU/egcs-19990828-i586-redhat6-linux-gnu/gcc/xgcc version 2.96 19990828 (experimental)
Counting all warnings,
there are 124 warnings in stage3 of this bootstrap.
Number of warnings per file:
12 ../../../egcs-19990828/gcc/java/lex.c
6 ../../egcs-19990828/gcc/reload.c
6 ../../egcs-19990828/gcc/reg-stack.c
6 ../../egcs-19990828/gcc/objc/objc-act.c
5 ../../egcs-19990828/gcc/regclass.c
5 ../../egcs-19990828/gcc/flow.c
4 cexp.y
4 cc1plus
4 ../../egcs-19990828/gcc/varasm.c
4 ../../egcs-19990828/gcc/unroll.c
4 ../../egcs-19990828/gcc/tlink.c
4 ../../../../egcs-19990828/libg++/src/AllocRing.cc
3 insn-emit.c
3 ../../egcs-19990828/gcc/loop.c
3 ../../egcs-19990828/gcc/genopinit.c
3 ../../egcs-19990828/gcc/cccp.c
2 insn-recog.c
2 insn-output.c
2 ../../egcs-19990828/gcc/reload1.c
2 ../../egcs-19990828/gcc/regmove.c
2 ../../egcs-19990828/gcc/recog.c
2 ../../egcs-19990828/gcc/local-alloc.c
2 ../../egcs-19990828/gcc/fold-const.c
2 ../../egcs-19990828/gcc/final.c
2 ../../egcs-19990828/gcc/expr.c
2 ../../egcs-19990828/gcc/except.c
2 ../../egcs-19990828/gcc/dbxout.c
2 ../../egcs-19990828/gcc/collect2.c
2 ../../egcs-19990828/gcc/c-lex.c
2 ../../../egcs-19990828/gcc/java/verify.c
2 ../../../egcs-19990828/gcc/java/expr.c
1 ../../egcs-19990828/gcc/toplev.c
1 ../../egcs-19990828/gcc/stupid.c
1 ../../egcs-19990828/gcc/stmt.c
1 ../../egcs-19990828/gcc/optabs.c
1 ../../egcs-19990828/gcc/hash.c
1 ../../egcs-19990828/gcc/haifa-sched.c
1 ../../egcs-19990828/gcc/genemit.c
1 ../../egcs-19990828/gcc/gcov-io.h
1 ../../egcs-19990828/gcc/f/g77spec.c
1 ../../egcs-19990828/gcc/emit-rtl.c
1 ../../egcs-19990828/gcc/dwarf2out.c
1 ../../egcs-19990828/gcc/crtstuff.c
1 ../../egcs-19990828/gcc/cppspec.c
1 ../../egcs-19990828/gcc/config/i386/i386.c
1 ../../egcs-19990828/gcc/alias.c
1 ../../../egcs-19990828/gcc/java/class.c
1 ../../../egcs-19990828/gcc/f/com.c
1 ../../../egcs-19990828/gcc/cp/init.c
Number of warning types:
32 unused parameter `???'
31 `???' might be used uninitialized in this function
15 implicit declaration of function `???'
13 comparison between signed and unsigned
12 variable `???' might be clobbered by `longjmp' or `vfork'
7 unused variable `???'
4 `???' is not a pointer-to-object type
2 control reaches end of non-void function
2 Please see the documentation for details.
2 -fthis-is-variable is deprecated.
1 initialization discards qualifiers from pointer target type
1 assignment discards qualifiers from pointer target type
1 `???' defined but not used
1 `???' declared `static' but never defined