This is the mail archive of the
gcc-testresults@gcc.gnu.org
mailing list for the GCC project.
Results for 2.96 19990824 (experimental) testsuite on i386-unknown-openbsd2.5
- To: gcc-testresults@gcc.gnu.org
- Subject: Results for 2.96 19990824 (experimental) testsuite on i386-unknown-openbsd2.5
- From: Marc Espie <espie@schutzenberger.liafa.jussieu.fr>
- Date: Wed, 25 Aug 1999 19:21:53 +0200 (CEST)
Native configuration is i386-unknown-openbsd2.5
=== libio tests ===
Running target unix
=== libio Summary ===
# of expected passes 40
=== libstdc++ tests ===
Running target unix
=== libstdc++ Summary ===
# of expected passes 30
=== gcc tests ===
Running target unix
FAIL: gcc.c-torture/compile/990801-2.c, -O1
FAIL: gcc.c-torture/compile/990801-2.c, -O2
FAIL: gcc.c-torture/compile/990801-2.c, -O3 -fomit-frame-pointer
FAIL: gcc.c-torture/compile/990801-2.c, -O3 -fomit-frame-pointer -funroll-loops
FAIL: gcc.c-torture/compile/990801-2.c, -O3 -fomit-frame-pointer -funroll-all-loops -finline-functions
FAIL: gcc.c-torture/compile/990801-2.c, -Os
FAIL: gcc.c-torture/execute/ieee/rbug.c execution, -O0
FAIL: gcc.c-torture/execute/ieee/rbug.c execution, -O1
FAIL: gcc.c-torture/execute/ieee/rbug.c execution, -O2
FAIL: gcc.c-torture/execute/ieee/rbug.c execution, -Os
FAIL: gcc.dg/980414-1.c (test for excess errors)
FAIL: gcc.dg/cast-qual-1.c discarding `const' warning (test for bogus messages, line 11)
FAIL: gcc.dg/cast-qual-1.c discarding `const' warning (test for warnings, line 17)
FAIL: gcc.dg/compare1.c (test for excess errors)
=== gcc Summary ===
# of expected passes 8235
# of unexpected failures 14
# of expected failures 39
# of unsupported tests 12
/usr/ports/lang/egcs/snapshot/work/build-i386/gcc/xgcc version 2.96 19990824 (experimental)
=== g++ tests ===
Running target unix
FAIL: g++.ext/attrib5.C (test for excess errors)
FAIL: g++.ext/comint1.C (test for excess errors)
FAIL: g++.law/profile1.C (test for excess errors)
FAIL: g++.oliva/template7.C (test for excess errors)
FAIL: g++.other/anon3.C (test for excess errors)
FAIL: g++.other/null1.C converting NULL to non-pointer type (test for warnings, line 25)
FAIL: g++.other/null1.C converting NULL to non-pointer type (test for warnings, line 26)
FAIL: g++.other/null1.C NULL used in arithmetic (test for warnings, line 29)
FAIL: g++.other/null1.C NULL used in arithmetic (test for warnings, line 30)
FAIL: g++.other/null1.C converting NULL to non-pointer type (test for warnings, line 33)
FAIL: g++.other/null1.C converting NULL to non-pointer type (test for warnings, line 34)
FAIL: g++.other/null1.C converting NULL to non-pointer type (test for warnings, line 35)
FAIL: g++.other/null1.C converting NULL to non-pointer-type (test for warnings, line 36)
FAIL: g++.other/null1.C converting NULL to non-pointer type (test for warnings, line 37)
FAIL: g++.other/null1.C converting NULL to non-pointer type (test for warnings, line 38)
FAIL: g++.other/null1.C converting NULL to int (test for warnings, line 39)
FAIL: g++.other/null1.C converting NULL to int (test for warnings, line 40)
FAIL: g++.other/null1.C NULL bound to integer template parameter (test for warnings, line 41)
FAIL: g++.other/null1.C converting NULL to int (test for warnings, line 42)
FAIL: g++.pt/instantiate4.C (test for excess errors)
FAIL: g++.pt/repo1.C (test for excess errors)
=== g++ Summary ===
# of expected passes 5326
# of unexpected failures 21
# of expected failures 92
# of untested testcases 10
/usr/ports/lang/egcs/snapshot/work/build-i386/gcc/testsuite/../xgcc version 2.96 19990824 (experimental)
=== g77 tests ===
Running target unix
=== g77 Summary ===
# of expected passes 607
=== objc tests ===
Running target unix
=== objc Summary ===
# of expected passes 38
/usr/ports/lang/egcs/snapshot/work/build-i386/gcc/xgcc version 2.96 19990824 (experimental)
Compiler version: 2.96 19990824 (experimental)
Platform: i386-unknown-openbsd2.5
configure flags: --with-gcc-version-trigger=/usr/ports/lang/egcs/snapshot/work/egcs-19990824/gcc/version.c --host=i386-unknown-openbsd2.5 --prefix=/usr/local --verbose --program-transform-name=s,^,e, --disable-subdir-texinfo --disable-nls --enable-cpp --with-gnu-as --with-gnu-ld --enable-shared --prefix=/usr/local --sysconfdir=/etc --norecursion