This is the mail archive of the gcc-testresults@gcc.gnu.org mailing list for the GCC project.
Index Nav: | [Date Index] [Subject Index] [Author Index] [Thread Index] | |
---|---|---|
Message Nav: | [Date Prev] [Date Next] | [Thread Prev] [Thread Next] |
Build on mipsel-linux (Cobalt Raq2) after applying a patch to gcc/config/mips/linux.h (see gcc-patches). Running Linux 2.0.34, glibc 2.0.7. Andreas Native configuration is mipsel-unknown-linux-gnu === libio tests === Running target unix FAIL: hounddog.cc output -b0 FAIL: hounddog.cc output -b2 FAIL: putbackdog.cc output -b0 FAIL: putbackdog.cc output -b2 FAIL: tFile.cc compilation FAIL: tFile.cc compilation -b0 FAIL: tFile.cc compilation -b3 FAIL: tiomisc.cc compilation === libio Summary === # of expected passes 24 # of unexpected failures 8 # of expected failures 8 === libstdc++ tests === Running target unix FAIL: tstring.cc compilation FAIL: tstring.cc -O compilation === libstdc++ Summary === # of expected passes 24 # of unexpected failures 2 # of expected failures 4 === gcc tests === Running target unix FAIL: gcc.c-torture/execute/strct-stdarg-1.c execution, -O0 FAIL: gcc.c-torture/execute/strct-stdarg-1.c execution, -O1 FAIL: gcc.c-torture/execute/strct-stdarg-1.c execution, -O2 FAIL: gcc.c-torture/execute/strct-stdarg-1.c execution, -O3 -fomit-frame-pointer FAIL: gcc.c-torture/execute/strct-stdarg-1.c execution, -O3 -fomit-frame-pointer -funroll-loops FAIL: gcc.c-torture/execute/strct-stdarg-1.c execution, -O3 -fomit-frame-pointer -funroll-all-loops -finline-functions FAIL: gcc.c-torture/execute/strct-stdarg-1.c execution, -O3 -g FAIL: gcc.c-torture/execute/strct-stdarg-1.c execution, -Os XPASS: gcc.c-torture/execute/memcheck/blkarg.c execution, -O0 XPASS: gcc.c-torture/execute/memcheck/blkarg.c execution, -O1 XPASS: gcc.c-torture/execute/memcheck/blkarg.c execution, -O2 XPASS: gcc.c-torture/execute/memcheck/blkarg.c execution, -Os FAIL: gcc.dg/990119-1.c execution test FAIL: gcc.dg/cast-qual-1.c discarding `const' warning (test for bogus messages, line 11) FAIL: gcc.dg/cast-qual-1.c discarding `const' warning (test for warnings, line 17) FAIL: gcc.dg/compare1.c (test for excess errors) FAIL: gcc.dg/special/weak-1.c execution test === gcc Summary === # of expected passes 8022 # of unexpected failures 13 # of unexpected successes 4 # of expected failures 21 # of unsupported tests 25 /home/sites/home/users/admin/builds/build-gcc-2-95/gcc/xgcc version 2.95.1 19990816 (release) === g++ tests === Running target unix FAIL: g++.dg/special/conpr-2.C execution test FAIL: g++.dg/special/conpr-3.C execution test FAIL: g++.dg/special/conpr-3.C execution test FAIL: g++.brendan/eh1.C Execution test FAIL: g++.eh/cleanup1.C Execution test FAIL: g++.eh/flow1.C Execution test FAIL: g++.eh/new1.C Execution test FAIL: g++.eh/new2.C Execution test FAIL: g++.eh/pdel1.C Execution test FAIL: g++.eh/pdel2.C Execution test FAIL: g++.eh/ptr1.C Execution test FAIL: g++.eh/rethrow1.C Execution test FAIL: g++.eh/rethrow2.C Execution test FAIL: g++.eh/rethrow3.C Execution test FAIL: g++.eh/rethrow4.C Execution test FAIL: g++.eh/rethrow5.C Execution test FAIL: g++.eh/spec1.C Execution test FAIL: g++.eh/spec2.C Execution test FAIL: g++.eh/spec3.C Execution test FAIL: g++.eh/tmpl1.C Execution test FAIL: g++.eh/unwind1.C Execution test FAIL: g++.gb/sig01.C (test for excess errors) FAIL: g++.gb/sig02.C (test for excess errors) FAIL: g++.gb/sig03.C (test for excess errors) FAIL: g++.gb/sig04.C (test for excess errors) FAIL: g++.gb/sig05.C (test for excess errors) FAIL: g++.gb/sig06.C (test for excess errors) FAIL: g++.gb/sig07.C (test for excess errors) FAIL: g++.gb/sig08.C (test for excess errors) FAIL: g++.gb/sig09.C (test for excess errors) FAIL: g++.gb/sig10.C (test for excess errors) FAIL: g++.gb/sig11.C (test for excess errors) FAIL: g++.gb/sig12.C (test for excess errors) FAIL: g++.gb/sig13.C (test for excess errors) FAIL: g++.gb/sig14.C (test for excess errors) FAIL: g++.gb/sig15.C (test for excess errors) FAIL: g++.gb/sig16.C (test for excess errors) FAIL: g++.gb/sig17.C (test for excess errors) FAIL: g++.gb/sig18.C (test for excess errors) FAIL: g++.gb/sig19.C (test for excess errors) FAIL: g++.gb/sig20.C (test for excess errors) FAIL: g++.gb/sig21.C (test for excess errors) FAIL: g++.gb/sig22.C (test for excess errors) FAIL: g++.gb/sig23.C (test for excess errors) FAIL: g++.gb/sig24.C (test for excess errors) FAIL: g++.gb/sig25.C (test for excess errors) FAIL: g++.gb/sig26.C (test for excess errors) FAIL: g++.gb/sig27.C (test for excess errors) FAIL: g++.gb/sig28.C (test for excess errors) FAIL: g++.gb/sig29.C (test for excess errors) FAIL: g++.gb/sig30.C (test for excess errors) FAIL: g++.gb/sig31.C (test for excess errors) FAIL: g++.martin/new1.C Execution test FAIL: g++.mike/dyncast1.C Execution test FAIL: g++.mike/dyncast2.C Execution test FAIL: g++.mike/dyncast7.C (test for excess errors) FAIL: g++.mike/eh10.C Execution test FAIL: g++.mike/eh12.C Execution test FAIL: g++.mike/eh14.C Execution test FAIL: g++.mike/eh16.C Execution test FAIL: g++.mike/eh17.C Execution test FAIL: g++.mike/eh18.C Execution test FAIL: g++.mike/eh2.C Execution test FAIL: g++.mike/eh21.C Execution test FAIL: g++.mike/eh24.C Execution test FAIL: g++.mike/eh25.C Execution test FAIL: g++.mike/eh26.C Execution test FAIL: g++.mike/eh27.C Execution test FAIL: g++.mike/eh28.C Execution test FAIL: g++.mike/eh29.C Execution test FAIL: g++.mike/eh3.C Execution test FAIL: g++.mike/eh31.C Execution test FAIL: g++.mike/eh33.C Execution test FAIL: g++.mike/eh34.C Execution test FAIL: g++.mike/eh35.C Execution test FAIL: g++.mike/eh36.C Execution test FAIL: g++.mike/eh37.C Execution test FAIL: g++.mike/eh38.C Execution test FAIL: g++.mike/eh39.C Execution test FAIL: g++.mike/eh40.C Execution test FAIL: g++.mike/eh41.C Execution test FAIL: g++.mike/eh42.C Execution test FAIL: g++.mike/eh44.C Execution test FAIL: g++.mike/eh47.C Execution test FAIL: g++.mike/eh48.C Execution test FAIL: g++.mike/eh49.C Execution test FAIL: g++.mike/eh5.C Execution test FAIL: g++.mike/eh50.C Execution test FAIL: g++.mike/eh51.C Execution test FAIL: g++.mike/eh6.C Execution test FAIL: g++.mike/eh8.C Execution test XPASS: g++.mike/p6610a.C Execution test FAIL: g++.mike/p7912.C Execution test FAIL: g++.mike/p9706.C Execution test FAIL: g++.other/array1.C Execution test FAIL: g++.other/init7.C Execution test FAIL: g++.other/singleton.C Execution test FAIL: g++.robertl/eb131.C candidate (test for errors, line 13) FAIL: g++.robertl/eb31.C Execution test FAIL: g++.robertl/eb41.C (test for excess errors) FAIL: g++.robertl/eb44.C (test for excess errors) FAIL: g++.robertl/eb50.C Execution test FAIL: g++.robertl/eb66.C Execution test FAIL: g++.robertl/eb88.C Execution test === g++ Summary === # of expected passes 5042 # of unexpected failures 103 # of unexpected successes 1 # of expected failures 84 # of untested testcases 11 /home/sites/home/users/admin/builds/build-gcc-2-95/gcc/testsuite/../xgcc version 2.95.1 19990816 (release) === g77 tests === Running target unix === g77 Summary === # of expected passes 602 === objc tests === Running target unix === objc Summary === # of expected passes 38 /home/sites/home/users/admin/builds/build-gcc-2-95/gcc/xgcc version 2.95.1 19990816 (release) Compiler version: 2.95.1 19990816 (release) Platform: mipsel-unknown-linux-gnu configure flags: --with-gcc-version-trigger=/home/sites/home/users/admin/builds/gcc-2_95-branch/gcc/version.c --host=mipsel-unknown-linux-gnu --disable-nls --prefix=/opt --norecursion
Index Nav: | [Date Index] [Subject Index] [Author Index] [Thread Index] | |
---|---|---|
Message Nav: | [Date Prev] [Date Next] | [Thread Prev] [Thread Next] |