This is the mail archive of the
gcc-testresults@gcc.gnu.org
mailing list for the GCC project.
Results for 2.95.1 19990809 (prerelease) testsuite on sparc-sun-sunos4.1.3
- To: gcc-testresults@gcc.gnu.org
- Subject: Results for 2.95.1 19990809 (prerelease) testsuite on sparc-sun-sunos4.1.3
- From: Alexandre Oliva <oliva@dcc.unicamp.br>
- Date: Mon, 16 Aug 1999 13:31:30 -0300 (EST)
Native configuration is sparc-sun-sunos4.1.3
=== g++ tests ===
Running target unix
FAIL: g++.ext/attrib5.C (test for excess errors)
FAIL: g++.ext/default.C (test for excess errors)
FAIL: g++.law/profile1.C Execution test
FAIL: g++.mike/p9706.C Execution test
XPASS: g++.pt/instantiate6.C (test for excess errors)
FAIL: g++.pt/static3.C (test for excess errors)
FAIL: g++.pt/static6.C (test for excess errors)
FAIL: g++.robertl/eb131.C candidate (test for errors, line 13)
=== g++ Summary ===
# of expected passes 5143
# of unexpected failures 7
# of unexpected successes 1
# of expected failures 80
# of untested testcases 10
/tmp_mnt/n/temp1/tmp/gcctest/log/atibaia/.tmp/egcs/gcc/testsuite/../xgcc version 2.95.1 19990809 (prerelease)
=== g77 tests ===
Running target unix
=== g77 Summary ===
# of expected passes 602
=== gcc tests ===
Running target unix
FAIL: gcc.c-torture/execute/loop-2f.c execution, -O0
FAIL: gcc.c-torture/execute/loop-2f.c execution, -O1
FAIL: gcc.c-torture/execute/loop-2f.c execution, -O2
FAIL: gcc.c-torture/execute/loop-2f.c execution, -O3 -fomit-frame-pointer
FAIL: gcc.c-torture/execute/loop-2f.c execution, -O3 -fomit-frame-pointer -funroll-loops
FAIL: gcc.c-torture/execute/loop-2f.c execution, -O3 -fomit-frame-pointer -funroll-all-loops -finline-functions
FAIL: gcc.c-torture/execute/loop-2f.c execution, -O3 -g
FAIL: gcc.c-torture/execute/loop-2f.c execution, -Os
FAIL: gcc.c-torture/execute/loop-2g.c execution, -O0
FAIL: gcc.c-torture/execute/loop-2g.c execution, -O1
FAIL: gcc.c-torture/execute/loop-2g.c execution, -O2
FAIL: gcc.c-torture/execute/loop-2g.c execution, -O3 -fomit-frame-pointer
FAIL: gcc.c-torture/execute/loop-2g.c execution, -O3 -fomit-frame-pointer -funroll-loops
FAIL: gcc.c-torture/execute/loop-2g.c execution, -O3 -fomit-frame-pointer -funroll-all-loops -finline-functions
FAIL: gcc.c-torture/execute/loop-2g.c execution, -O3 -g
FAIL: gcc.c-torture/execute/loop-2g.c execution, -Os
FAIL: gcc.c-torture/execute/memcpy-bi.c compilation, -O3 -fomit-frame-pointer
FAIL: gcc.c-torture/execute/memcpy-bi.c compilation, -O3 -fomit-frame-pointer -funroll-loops
FAIL: gcc.c-torture/execute/memcpy-bi.c compilation, -O3 -fomit-frame-pointer -funroll-all-loops -finline-functions
FAIL: gcc.c-torture/execute/memcpy-bi.c compilation, -O3 -g
FAIL: gcc.dg/990119-1.c execution test
FAIL: gcc.dg/cast-qual-1.c discarding `const' warning (test for bogus messages, line 11)
FAIL: gcc.dg/cast-qual-1.c discarding `const' warning (test for warnings, line 17)
FAIL: gcc.dg/compare1.c (test for excess errors)
FAIL: gcc.dg/special/weak-1.c (test for excess errors)
FAIL: gcc.dg/special/weak-2.c (test for excess errors)
FAIL: gcc.dg/special/alias-1.c (test for excess errors)
FAIL: gcc.dg/special/wkali-1.c (test for excess errors)
FAIL: wkali-2a.o
=== gcc Summary ===
# of expected passes 8014
# of unexpected failures 29
# of expected failures 31
# of unresolved testcases 4
# of unsupported tests 25
/tmp_mnt/n/temp1/tmp/gcctest/log/atibaia/.tmp/egcs/gcc/xgcc version 2.95.1 19990809 (prerelease)
=== libg++ tests ===
Running target unix
=== libg++ Summary ===
# of expected passes 72
=== libio tests ===
Running target unix
=== libio Summary ===
# of expected passes 40
=== libstdc++ tests ===
Running target unix
=== libstdc++ Summary ===
# of expected passes 30
=== objc tests ===
Running target unix
=== objc Summary ===
# of expected passes 38
/tmp_mnt/n/temp1/tmp/gcctest/log/atibaia/.tmp/egcs/gcc/xgcc version 2.95.1 19990809 (prerelease)
Compiler version: 2.95.1 19990809 (prerelease)
Platform: sparc-sun-sunos4.1.3
BOOT_CFLAGS: -g -O9 -W -Wall