This is the mail archive of the
gcc-testresults@gcc.gnu.org
mailing list for the GCC project.
Results for 2.95.1 19990809 (prerelease) testsuite on alpha-
- To: <gcc-testresults@gcc.gnu.org>
- Subject: Results for 2.95.1 19990809 (prerelease) testsuite on alpha-
- From: rodneybrown@pmsc.com
- Date: Wed, 11 Aug 99 00:53:32 -0500
Results for 2.95.1 19990809 (prerelease) testsuite on alpha-dec-osf4.0e
Native configuration is alpha-dec-osf4.0e
=== libio tests ===
Running target unix
=== libio Summary ===
# of expected passes 40
=== libstdc++ tests ===
Running target unix
=== libstdc++ Summary ===
# of expected passes 30
=== gcc tests ===
Running target unix
FAIL: gcc.c-torture/compile/981223-1.c, -O0
FAIL: gcc.c-torture/compile/981223-1.c, -O1
FAIL: gcc.c-torture/compile/981223-1.c, -O2
FAIL: gcc.c-torture/compile/981223-1.c, -O3 -fomit-frame-pointer
FAIL: gcc.c-torture/compile/981223-1.c, -O3 -g
FAIL: gcc.c-torture/compile/981223-1.c, -Os
FAIL: gcc.c-torture/execute/complex-5.c compilation, -O0
FAIL: gcc.c-torture/execute/complex-5.c compilation, -O1
FAIL: gcc.c-torture/execute/complex-5.c compilation, -O2
FAIL: gcc.c-torture/execute/complex-5.c compilation, -O3 -fomit-frame-pointer
FAIL: gcc.c-torture/execute/complex-5.c compilation, -O3 -g
FAIL: gcc.c-torture/execute/complex-5.c compilation, -Os
FAIL: gcc.c-torture/execute/ieee/mzero2.c execution, -O0
FAIL: gcc.c-torture/execute/ieee/mzero2.c execution, -O1
FAIL: gcc.c-torture/execute/ieee/mzero2.c execution, -O2
FAIL: gcc.c-torture/execute/ieee/mzero2.c execution, -O3 -fomit-frame-pointer
FAIL: gcc.c-torture/execute/ieee/mzero2.c execution, -O3 -g
FAIL: gcc.c-torture/execute/ieee/mzero2.c execution, -Os
XPASS: gcc.c-torture/execute/memcheck/blkarg.c execution, -O0
XPASS: gcc.c-torture/execute/memcheck/blkarg.c execution, -O1
XPASS: gcc.c-torture/execute/memcheck/blkarg.c execution, -O2
XPASS: gcc.c-torture/execute/memcheck/blkarg.c execution, -Os
FAIL: gcc.dg/990119-1.c execution test
FAIL: gcc.dg/cast-qual-1.c discarding \`const' warning (test for bogus messages,
line 11)
FAIL: gcc.dg/cast-qual-1.c discarding \`const' warning (test for warnings, line
17)
FAIL: gcc.dg/compare1.c (test for excess errors)
=== gcc Summary ===
# of expected passes 8088
# of unexpected failures 22
# of unexpected successes 4
# of expected failures 27
# of unresolved testcases 6
# of unsupported tests 24
/user/rand/rdb/src/egcs-19990808.obj/gcc/xgcc version 2.95.1 19990809
(prerelease)
=== g++ tests ===
Running target unix
FAIL: g++.ext/attrib5.C (test for excess errors)
FAIL: g++.ext/default.C (test for excess errors)
FAIL: g++.jason/thunk2.C (test for excess errors)
FAIL: g++.mike/unroll1.C caused compiler crash
FAIL: g++.other/null1.C (test for excess errors)
XPASS: g++.pt/instantiate6.C (test for excess errors)
FAIL: g++.pt/static3.C (test for excess errors)
FAIL: g++.pt/static6.C (test for excess errors)
FAIL: g++.robertl/eb131.C candidate (test for errors, line 13)
=== g++ Summary ===
# of expected passes 5164
# of unexpected failures 8
# of unexpected successes 1
# of expected failures 82
# of untested testcases 11
/user/rand/rdb/src/egcs-19990808.obj/gcc/testsuite/../xgcc version 2.95.1
19990809 (prerelease)
=== g77 tests ===
Running target unix
=== g77 Summary ===
# of expected passes 602
=== objc tests ===
Running target unix
FAIL: objc/execute/bf-10.m execution, -O
FAIL: objc/execute/bf-16.m execution, -O
FAIL: objc/execute/bf-17.m execution, -O
=== objc Summary ===
# of expected passes 35
# of unexpected failures 3
/user/rand/rdb/src/egcs-19990808.obj/gcc/xgcc version 2.95.1 19990809
(prerelease)
Compiler version: 2.95.1 19990809 (prerelease)
Platform: alpha-dec-osf4.0e
configure flags:
--with-gcc-version-trigger=/user/rand/rdb/src/egcs-19990808/gcc/version.c
--host=alpha-dec-osf4.0e --norecursion
Counting all warnings,
there are 316 warnings in stage3 of this bootstrap.
Number of warnings per file:
312 ../../egcs-19990808/gcc/real.c
2 cxxmain.c
1 ../../egcs-19990808/gcc/mips-tdump.c
1 ../../../egcs-19990808/gcc/f/com.c
Number of warning types:
312 passing arg ??? of \`???' from incompatible pointer type
2 assignment discards qualifiers from pointer target type
1 unused parameter \`???'
1 static declaration for \`???' follows non-static