This is the mail archive of the
gcc-testresults@gcc.gnu.org
mailing list for the EGCS project.
Results for 2.95 19990728 (release) testsuite on alpha-dec-osf4.0f
- To: gcc-testresults@gcc.gnu.org
- Subject: Results for 2.95 19990728 (release) testsuite on alpha-dec-osf4.0f
- From: Loren James Rittle <rittle@latour.rsch.comm.mot.com>
- Date: Mon, 2 Aug 1999 18:53:07 -0500 (CDT)
- Reply-to: rittle@rsch.comm.mot.com
Native configuration is alpha-dec-osf4.0f
=== libio tests ===
Running target unix
=== libio Summary for unix ===
# of expected passes 40
Running target unix/-fpic
=== libio Summary for unix/-fpic ===
# of expected passes 40
Running target unix/-fPIC
=== libio Summary for unix/-fPIC ===
# of expected passes 40
=== libio Summary ===
# of expected passes 120
=== libstdc++ tests ===
Running target unix
=== libstdc++ Summary for unix ===
# of expected passes 30
Running target unix/-fpic
=== libstdc++ Summary for unix/-fpic ===
# of expected passes 30
Running target unix/-fPIC
=== libstdc++ Summary for unix/-fPIC ===
# of expected passes 30
=== libstdc++ Summary ===
# of expected passes 90
=== gcc tests ===
Running target unix
FAIL: gcc.c-torture/compile/981223-1.c, -O0
FAIL: gcc.c-torture/compile/981223-1.c, -O1
FAIL: gcc.c-torture/compile/981223-1.c, -O2
FAIL: gcc.c-torture/compile/981223-1.c, -O3 -fomit-frame-pointer
FAIL: gcc.c-torture/compile/981223-1.c, -O3 -g
FAIL: gcc.c-torture/compile/981223-1.c, -Os
FAIL: gcc.c-torture/execute/complex-5.c compilation, -O0
FAIL: gcc.c-torture/execute/complex-5.c compilation, -O1
FAIL: gcc.c-torture/execute/complex-5.c compilation, -O2
FAIL: gcc.c-torture/execute/complex-5.c compilation, -O3 -fomit-frame-pointer
FAIL: gcc.c-torture/execute/complex-5.c compilation, -O3 -g
FAIL: gcc.c-torture/execute/complex-5.c compilation, -Os
FAIL: gcc.c-torture/execute/ieee/mzero2.c execution, -O0
FAIL: gcc.c-torture/execute/ieee/mzero2.c execution, -O1
FAIL: gcc.c-torture/execute/ieee/mzero2.c execution, -O2
FAIL: gcc.c-torture/execute/ieee/mzero2.c execution, -O3 -fomit-frame-pointer
FAIL: gcc.c-torture/execute/ieee/mzero2.c execution, -O3 -g
FAIL: gcc.c-torture/execute/ieee/mzero2.c execution, -Os
XPASS: gcc.c-torture/execute/memcheck/blkarg.c execution, -O0
XPASS: gcc.c-torture/execute/memcheck/blkarg.c execution, -O1
XPASS: gcc.c-torture/execute/memcheck/blkarg.c execution, -O2
XPASS: gcc.c-torture/execute/memcheck/blkarg.c execution, -Os
FAIL: gcc.dg/990119-1.c execution test
FAIL: gcc.dg/cast-qual-1.c discarding `const' warning (test for bogus messages, line 11)
FAIL: gcc.dg/cast-qual-1.c discarding `const' warning (test for warnings, line 17)
FAIL: gcc.dg/compare1.c (test for excess errors)
=== gcc Summary for unix ===
# of expected passes 8088
# of unexpected failures 22
# of unexpected successes 4
# of expected failures 27
# of unresolved testcases 6
# of unsupported tests 24
Running target unix/-fpic
FAIL: gcc.c-torture/compile/981223-1.c, -O0
FAIL: gcc.c-torture/compile/981223-1.c, -O1
FAIL: gcc.c-torture/compile/981223-1.c, -O2
FAIL: gcc.c-torture/compile/981223-1.c, -O3 -fomit-frame-pointer
FAIL: gcc.c-torture/compile/981223-1.c, -O3 -g
FAIL: gcc.c-torture/compile/981223-1.c, -Os
FAIL: gcc.c-torture/execute/complex-5.c compilation, -O0
FAIL: gcc.c-torture/execute/complex-5.c compilation, -O1
FAIL: gcc.c-torture/execute/complex-5.c compilation, -O2
FAIL: gcc.c-torture/execute/complex-5.c compilation, -O3 -fomit-frame-pointer
FAIL: gcc.c-torture/execute/complex-5.c compilation, -O3 -g
FAIL: gcc.c-torture/execute/complex-5.c compilation, -Os
FAIL: gcc.c-torture/execute/ieee/mzero2.c execution, -O0
FAIL: gcc.c-torture/execute/ieee/mzero2.c execution, -O1
FAIL: gcc.c-torture/execute/ieee/mzero2.c execution, -O2
FAIL: gcc.c-torture/execute/ieee/mzero2.c execution, -O3 -fomit-frame-pointer
FAIL: gcc.c-torture/execute/ieee/mzero2.c execution, -O3 -g
FAIL: gcc.c-torture/execute/ieee/mzero2.c execution, -Os
XPASS: gcc.c-torture/execute/memcheck/blkarg.c execution, -O0
XPASS: gcc.c-torture/execute/memcheck/blkarg.c execution, -O1
XPASS: gcc.c-torture/execute/memcheck/blkarg.c execution, -O2
XPASS: gcc.c-torture/execute/memcheck/blkarg.c execution, -Os
FAIL: gcc.dg/990119-1.c execution test
FAIL: gcc.dg/cast-qual-1.c discarding `const' warning (test for bogus messages, line 11)
FAIL: gcc.dg/cast-qual-1.c discarding `const' warning (test for warnings, line 17)
FAIL: gcc.dg/compare1.c (test for excess errors)
=== gcc Summary for unix/-fpic ===
# of expected passes 8088
# of unexpected failures 22
# of unexpected successes 4
# of expected failures 27
# of unresolved testcases 6
# of unsupported tests 24
Running target unix/-fPIC
FAIL: gcc.c-torture/compile/981223-1.c, -O0
FAIL: gcc.c-torture/compile/981223-1.c, -O1
FAIL: gcc.c-torture/compile/981223-1.c, -O2
FAIL: gcc.c-torture/compile/981223-1.c, -O3 -fomit-frame-pointer
FAIL: gcc.c-torture/compile/981223-1.c, -O3 -g
FAIL: gcc.c-torture/compile/981223-1.c, -Os
FAIL: gcc.c-torture/execute/complex-5.c compilation, -O0
FAIL: gcc.c-torture/execute/complex-5.c compilation, -O1
FAIL: gcc.c-torture/execute/complex-5.c compilation, -O2
FAIL: gcc.c-torture/execute/complex-5.c compilation, -O3 -fomit-frame-pointer
FAIL: gcc.c-torture/execute/complex-5.c compilation, -O3 -g
FAIL: gcc.c-torture/execute/complex-5.c compilation, -Os
FAIL: gcc.c-torture/execute/ieee/mzero2.c execution, -O0
FAIL: gcc.c-torture/execute/ieee/mzero2.c execution, -O1
FAIL: gcc.c-torture/execute/ieee/mzero2.c execution, -O2
FAIL: gcc.c-torture/execute/ieee/mzero2.c execution, -O3 -fomit-frame-pointer
FAIL: gcc.c-torture/execute/ieee/mzero2.c execution, -O3 -g
FAIL: gcc.c-torture/execute/ieee/mzero2.c execution, -Os
XPASS: gcc.c-torture/execute/memcheck/blkarg.c execution, -O0
XPASS: gcc.c-torture/execute/memcheck/blkarg.c execution, -O1
XPASS: gcc.c-torture/execute/memcheck/blkarg.c execution, -O2
XPASS: gcc.c-torture/execute/memcheck/blkarg.c execution, -Os
FAIL: gcc.dg/990119-1.c execution test
FAIL: gcc.dg/cast-qual-1.c discarding `const' warning (test for bogus messages, line 11)
FAIL: gcc.dg/cast-qual-1.c discarding `const' warning (test for warnings, line 17)
FAIL: gcc.dg/compare1.c (test for excess errors)
=== gcc Summary for unix/-fPIC ===
# of expected passes 8088
# of unexpected failures 22
# of unexpected successes 4
# of expected failures 27
# of unresolved testcases 6
# of unsupported tests 24
=== gcc Summary ===
# of expected passes 24264
# of unexpected failures 66
# of unexpected successes 12
# of expected failures 81
# of unresolved testcases 18
# of unsupported tests 72
/tmp_mnt/usr/users/rittle/outside-cvs-src/2.95-alphaev6-dec-osf4.0f/gcc/xgcc version 2.95 19990728 (release)
=== g++ tests ===
Running target unix
FAIL: g++.brendan/nest21.C (test for excess errors)
FAIL: g++.ext/attrib5.C (test for excess errors)
FAIL: g++.gb/sig19.C (test for excess errors)
FAIL: g++.gb/sig21.C (test for excess errors)
FAIL: g++.gb/sig30.C (test for excess errors)
FAIL: g++.jason/synth5.C (test for excess errors)
FAIL: g++.jason/thunk1.C (test for excess errors)
FAIL: g++.jason/thunk2.C (test for excess errors)
FAIL: g++.jason/thunk3.C (test for excess errors)
FAIL: g++.law/operators8.C (test for excess errors)
FAIL: g++.mike/dyncast5.C (test for excess errors)
FAIL: g++.mike/net21.C (test for excess errors)
FAIL: g++.mike/p1248.C (test for excess errors)
FAIL: g++.mike/p3041.C (test for excess errors)
FAIL: g++.mike/p3139.C (test for excess errors)
FAIL: g++.mike/p4511.C (test for excess errors)
FAIL: g++.mike/p5571.C (test for excess errors)
FAIL: g++.mike/p6610a.C (test for excess errors)
FAIL: g++.mike/p6610b.C (test for excess errors)
FAIL: g++.mike/rtti3.C (test for excess errors)
FAIL: g++.mike/virt4.C (test for excess errors)
FAIL: g++.mike/virt5.C (test for excess errors)
FAIL: g++.other/delete3.C (test for excess errors)
FAIL: g++.other/null1.C (test for excess errors)
XPASS: g++.pt/instantiate6.C (test for excess errors)
FAIL: g++.pt/mi1.C (test for excess errors)
FAIL: g++.pt/spec3.C (test for excess errors)
FAIL: g++.pt/static3.C (test for excess errors)
FAIL: g++.pt/static6.C (test for excess errors)
=== g++ Summary for unix ===
# of expected passes 5121
# of unexpected failures 28
# of unexpected successes 1
# of expected failures 105
# of untested testcases 11
Running target unix/-fpic
FAIL: g++.brendan/nest21.C (test for excess errors)
FAIL: g++.ext/attrib5.C (test for excess errors)
FAIL: g++.gb/sig19.C (test for excess errors)
FAIL: g++.gb/sig21.C (test for excess errors)
FAIL: g++.gb/sig30.C (test for excess errors)
FAIL: g++.jason/synth5.C (test for excess errors)
FAIL: g++.jason/thunk1.C (test for excess errors)
FAIL: g++.jason/thunk2.C (test for excess errors)
FAIL: g++.jason/thunk3.C (test for excess errors)
FAIL: g++.law/operators8.C (test for excess errors)
FAIL: g++.law/vtable2.C (test for excess errors)
FAIL: g++.mike/dyncast5.C (test for excess errors)
FAIL: g++.mike/net21.C (test for excess errors)
FAIL: g++.mike/p1248.C (test for excess errors)
FAIL: g++.mike/p3041.C (test for excess errors)
FAIL: g++.mike/p3139.C (test for excess errors)
FAIL: g++.mike/p4511.C (test for excess errors)
FAIL: g++.mike/p5571.C (test for excess errors)
FAIL: g++.mike/p6610a.C (test for excess errors)
FAIL: g++.mike/p6610b.C (test for excess errors)
FAIL: g++.mike/rtti3.C (test for excess errors)
FAIL: g++.mike/thunk1.C (test for excess errors)
FAIL: g++.mike/virt4.C (test for excess errors)
FAIL: g++.mike/virt5.C (test for excess errors)
FAIL: g++.other/delete3.C (test for excess errors)
FAIL: g++.other/null1.C (test for excess errors)
XPASS: g++.pt/instantiate6.C (test for excess errors)
FAIL: g++.pt/mi1.C (test for excess errors)
FAIL: g++.pt/spec3.C (test for excess errors)
FAIL: g++.pt/static3.C (test for excess errors)
FAIL: g++.pt/static6.C (test for excess errors)
=== g++ Summary for unix/-fpic ===
# of expected passes 5119
# of unexpected failures 30
# of unexpected successes 1
# of expected failures 105
# of untested testcases 11
Running target unix/-fPIC
FAIL: g++.brendan/nest21.C (test for excess errors)
FAIL: g++.ext/attrib5.C (test for excess errors)
FAIL: g++.gb/sig19.C (test for excess errors)
FAIL: g++.gb/sig21.C (test for excess errors)
FAIL: g++.gb/sig30.C (test for excess errors)
FAIL: g++.jason/synth5.C (test for excess errors)
FAIL: g++.jason/thunk1.C (test for excess errors)
FAIL: g++.jason/thunk2.C (test for excess errors)
FAIL: g++.jason/thunk3.C (test for excess errors)
FAIL: g++.law/operators8.C (test for excess errors)
FAIL: g++.law/vtable2.C (test for excess errors)
FAIL: g++.mike/dyncast5.C (test for excess errors)
FAIL: g++.mike/net21.C (test for excess errors)
FAIL: g++.mike/p1248.C (test for excess errors)
FAIL: g++.mike/p3041.C (test for excess errors)
FAIL: g++.mike/p3139.C (test for excess errors)
FAIL: g++.mike/p4511.C (test for excess errors)
FAIL: g++.mike/p5571.C (test for excess errors)
FAIL: g++.mike/p6610a.C (test for excess errors)
FAIL: g++.mike/p6610b.C (test for excess errors)
FAIL: g++.mike/rtti3.C (test for excess errors)
FAIL: g++.mike/thunk1.C (test for excess errors)
FAIL: g++.mike/virt4.C (test for excess errors)
FAIL: g++.mike/virt5.C (test for excess errors)
FAIL: g++.other/delete3.C (test for excess errors)
FAIL: g++.other/null1.C (test for excess errors)
XPASS: g++.pt/instantiate6.C (test for excess errors)
FAIL: g++.pt/mi1.C (test for excess errors)
FAIL: g++.pt/spec3.C (test for excess errors)
FAIL: g++.pt/static3.C (test for excess errors)
FAIL: g++.pt/static6.C (test for excess errors)
=== g++ Summary for unix/-fPIC ===
# of expected passes 5119
# of unexpected failures 30
# of unexpected successes 1
# of expected failures 105
# of untested testcases 11
=== g++ Summary ===
# of expected passes 15359
# of unexpected failures 88
# of unexpected successes 3
# of expected failures 315
# of untested testcases 33
/tmp_mnt/usr/users/rittle/outside-cvs-src/2.95-alphaev6-dec-osf4.0f/gcc/testsuite/../xgcc version 2.95 19990728 (release)
=== g77 tests ===
Running target unix
=== g77 Summary for unix ===
# of expected passes 602
Running target unix/-fpic
=== g77 Summary for unix/-fpic ===
# of expected passes 602
Running target unix/-fPIC
=== g77 Summary for unix/-fPIC ===
# of expected passes 602
=== g77 Summary ===
# of expected passes 1806
=== objc tests ===
Running target unix
FAIL: objc/execute/bf-10.m execution, -O
FAIL: objc/execute/bf-16.m execution, -O
FAIL: objc/execute/bf-17.m execution, -O
=== objc Summary for unix ===
# of expected passes 35
# of unexpected failures 3
Running target unix/-fpic
FAIL: objc/execute/bf-10.m execution, -O
FAIL: objc/execute/bf-16.m execution, -O
FAIL: objc/execute/bf-17.m execution, -O
=== objc Summary for unix/-fpic ===
# of expected passes 35
# of unexpected failures 3
Running target unix/-fPIC
FAIL: objc/execute/bf-10.m execution, -O
FAIL: objc/execute/bf-16.m execution, -O
FAIL: objc/execute/bf-17.m execution, -O
=== objc Summary for unix/-fPIC ===
# of expected passes 35
# of unexpected failures 3
=== objc Summary ===
# of expected passes 105
# of unexpected failures 9
/tmp_mnt/usr/users/rittle/outside-cvs-src/2.95-alphaev6-dec-osf4.0f/gcc/xgcc version 2.95 19990728 (release)
Compiler version: 2.95 19990728 (release)
Platform: alpha-dec-osf4.0f
configure flags: --with-gcc-version-trigger=/tmp_mnt/usr/users/rittle/outside-cvs-src/egcs/gcc/version.c --host=alpha-dec-osf4.0f --enable-shared --enable-threads --with-gxx-include-dir='${prefix}/share/gcc/2.95/include/g++' --norecursion