This is the mail archive of the
gcc-testresults@gcc.gnu.org
mailing list for the EGCS project.
Results for 2.96 19990731 (experimental) testsuite on hppa1.1-hp-hpux9.01 with pa.md patch
- To: dave@hiauly1.hia.nrc.ca, gcc-testresults@gcc.gnu.org
- Subject: Results for 2.96 19990731 (experimental) testsuite on hppa1.1-hp-hpux9.01 with pa.md patch
- From: John David Anglin <dave@hiauly1.hia.nrc.ca>
- Date: Sun, 1 Aug 1999 11:11:59 -0400 (EDT)
Native configuration is hppa1.1-hp-hpux9.01
=== libio tests ===
Running target unix
=== libio Summary ===
# of expected passes 40
=== libstdc++ tests ===
Running target unix
=== libstdc++ Summary ===
# of expected passes 30
=== libg++ tests ===
Running target unix
=== libg++ Summary ===
# of expected passes 72
=== gcc tests ===
Running target unix
FAIL: gcc.c-torture/execute/980716-1.c execution, -O0
FAIL: gcc.c-torture/execute/strct-stdarg-1.c execution, -O0
FAIL: gcc.c-torture/execute/strct-stdarg-1.c execution, -O1
FAIL: gcc.c-torture/execute/strct-stdarg-1.c execution, -O2
FAIL: gcc.c-torture/execute/strct-stdarg-1.c execution, -O3 -fomit-frame-pointer
FAIL: gcc.c-torture/execute/strct-stdarg-1.c execution, -O3 -fomit-frame-pointer -funroll-loops
FAIL: gcc.c-torture/execute/strct-stdarg-1.c execution, -O3 -fomit-frame-pointer -funroll-all-loops -finline-functions
FAIL: gcc.c-torture/execute/strct-stdarg-1.c execution, -O3 -g
FAIL: gcc.c-torture/execute/strct-stdarg-1.c execution, -Os
FAIL: gcc.c-torture/execute/ieee/fp-cmp-1.c execution, -O0
FAIL: gcc.c-torture/execute/ieee/fp-cmp-2.c execution, -O0
FAIL: gcc.c-torture/execute/ieee/fp-cmp-3.c execution, -O0
FAIL: gcc.c-torture/execute/ieee/mzero2.c execution, -O1
FAIL: gcc.c-torture/execute/ieee/mzero2.c execution, -O2
FAIL: gcc.c-torture/execute/ieee/mzero2.c execution, -O3 -fomit-frame-pointer
FAIL: gcc.c-torture/execute/ieee/mzero2.c execution, -O3 -g
FAIL: gcc.c-torture/execute/ieee/mzero2.c execution, -Os
FAIL: gcc.dg/990119-1.c execution test
FAIL: gcc.dg/cast-qual-1.c discarding `const' warning (test for bogus messages, line 11)
FAIL: gcc.dg/cast-qual-1.c discarding `const' warning (test for warnings, line 17)
FAIL: gcc.dg/compare1.c (test for excess errors)
FAIL: gcc.dg/special/alias-1.c (test for excess errors)
FAIL: gcc.dg/special/wkali-1.c (test for excess errors)
=== gcc Summary ===
# of expected passes 8273
# of unexpected failures 23
# of expected failures 31
# of unresolved testcases 3
# of unsupported tests 26
/xxx/gnu/gcc-2.96/objdir/gcc/xgcc version 2.96 19990731 (experimental)
=== g++ tests ===
Running target unix
FAIL: g++.ext/attrib5.C (test for excess errors)
FAIL: g++.ext/comint1.C (test for excess errors)
XPASS: g++.mike/eh33.C (test for excess errors)
XPASS: g++.mike/eh33.C Execution test
XPASS: g++.mike/eh50.C (test for excess errors)
XPASS: g++.mike/eh50.C Execution test
XPASS: g++.oliva/new1.C Execution test
FAIL: g++.oliva/template3.C caused compiler crash
FAIL: g++.other/cond3.C (test for excess errors)
FAIL: g++.other/delete3.C (test for excess errors)
XPASS: g++.other/local3.C (test for excess errors)
XPASS: g++.other/local3.C Execution test
XPASS: g++.pt/instantiate6.C (test for excess errors)
FAIL: g++.pt/static6.C (test for excess errors)
FAIL: g++.robertl/eh990323-2.C Execution test
FAIL: g++.robertl/eh990323-3.C Execution test
FAIL: g++.robertl/eh990323-4.C Execution test
=== g++ Summary ===
# of expected passes 5311
# of unexpected failures 9
# of unexpected successes 8
# of expected failures 98
# of untested testcases 13
/xxx/gnu/gcc-2.96/objdir/gcc/testsuite/../xgcc version 2.96 19990731 (experimental)
=== g77 tests ===
Running target unix
=== g77 Summary ===
# of expected passes 607
=== objc tests ===
Running target unix
=== objc Summary ===
# of expected passes 38
/xxx/gnu/gcc-2.96/objdir/gcc/xgcc version 2.96 19990731 (experimental)
Compiler version: 2.96 19990731 (experimental)
Platform: hppa1.1-hp-hpux9.01
configure flags: --with-gcc-version-trigger=/xxx/gnu/gcc-2.96/gcc/version.c --host=hppa1.1-hp-hpux9.01 --with-gnu-as --enable-shared --norecursion
Counting all warnings,
there are 412 warnings in stage3 of this bootstrap.
Number of warnings per file:
39 ../../gcc/combine.c
35 ../../gcc/cse.c
29 ../../gcc/expmed.c
23 ../../gcc/optabs.c
20 ../../gcc/expr.c
20 ../../gcc/config/pa/pa.c
19 ../../gcc/reload1.c
19 ../../gcc/calls.c
15 ../../gcc/c-common.c
14 ../../gcc/integrate.c
13 ../../gcc/recog.c
12 ../../../gcc/java/lex.c
11 ../../gcc/function.c
11 ../../../gcc/f/com.c
10 ../../gcc/varasm.c
10 ../../gcc/unroll.c
9 ../../gcc/reload.c
8 ../../gcc/loop.c
7 ../../gcc/emit-rtl.c
6 cxxmain.c
6 ../../gcc/objc/objc-act.c
6 ../../../gcc/java/typeck.c
5 ../../gcc/final.c
4 cexp.y
4 ../../gcc/tlink.c
4 ../../gcc/stmt.c
4 ../../gcc/regmove.c
4 ../../gcc/builtins.c
3 insn-recog.c
3 ../../gcc/genopinit.c
3 ../../gcc/explow.c
3 ../../gcc/collect2.c
3 ../../gcc/cccp.c
2 ../../gcc/toplev.c
2 ../../gcc/regclass.c
2 ../../gcc/local-alloc.c
2 ../../gcc/fold-const.c
2 ../../gcc/fix-header.c
2 ../../gcc/dbxout.c
2 ../../gcc/alias.c
2 ../../../gcc/java/verify.c
2 ../../../gcc/java/expr.c
1 insn-attrtab.c
1 ../../gcc/tree.c
1 ../../gcc/stupid.c
1 ../../gcc/scan-decls.c
1 ../../gcc/rtl.c
1 ../../gcc/hash.c
1 ../../gcc/f/g77spec.c
1 ../../gcc/cppspec.c
1 ../../gcc/cpplib.c
1 ../../gcc/c-lex.c
1 ../../../gcc/java/class.c
1 ../../../gcc/cp/lex.c
Number of warning types:
265 comparison between signed and unsigned
56 `???' might be used uninitialized in this function
39 unused parameter `???'
13 variable `???' might be clobbered by `longjmp' or `vfork'
11 implicit declaration of function `???'
7 unused variable `???'
5 value computed is not used
3 left-hand operand of comma expression has no effect
2 label `???' defined but not used
2 initialization from incompatible pointer type
2 control reaches end of non-void function
2 assignment discards qualifiers from pointer target type
2 `???' declared `static' but never defined
1 type mismatch with previous implicit declaration
1 previous implicit declaration of `???'
1 `???' was previously implicitly declared to return `int'
CFLAGS=-O3
CXXFLAGS=-O3