This is the mail archive of the
gcc-testresults@gcc.gnu.org
mailing list for the EGCS project.
Results for gcc testsuite on i686-pc-linux-gnu
- To: gcc-testresults@gcc.gnu.org
- Subject: Results for gcc testsuite on i686-pc-linux-gnu
- From: ethersoft@ne.mediaone.net
- Date: Fri, 30 Jul 1999 23:41:37 -0400 (EDT)
Native configuration is i686-pc-linux-gnu
=== libio tests ===
Running target unix
=== libio Summary ===
# of expected passes 40
=== libstdc++ tests ===
Running target unix
=== libstdc++ Summary ===
# of expected passes 30
=== binutils tests ===
Running target unix
=== binutils Summary ===
# of expected passes 26
=== ld tests ===
Running target unix
FAIL: selective6
=== ld Summary ===
# of expected passes 48
# of unexpected failures 1
=== gas tests ===
Running target unix
=== gas Summary ===
# of expected passes 73
=== gcc tests ===
Running target unix
=== gcc Summary ===
=== g++ tests ===
Running target unix
=== g++ Summary ===
=== g77 tests ===
Running target unix
=== g77 Summary ===
=== objc tests ===
Running target unix
=== objc Summary ===
Compiler version: gcc
Platform: i686-pc-linux-gnu
configure flags: --with-gcc-version-trigger=/usr/local/src/gcc-2.95/gcc/version.c --host=i686-pc-linux-gnu --prefix=/usr/local/gcc-2.95 --without-local-prefix --disable-nls --norecursion