This is the mail archive of the
egcs-testresults@egcs.cygnus.com
mailing list for the EGCS project.
Results for (patched) 2.95 19990714 (prerelease) testsuite on hppa1.1-hp-hpux10.01
- To: egcs-testresults@egcs.cygnus.com
- Subject: Results for (patched) 2.95 19990714 (prerelease) testsuite on hppa1.1-hp-hpux10.01
- From: Branko Cibej <branko.cibej@hermes.si>
- Date: Fri, 16 Jul 1999 09:25:11 +0200
- Reply-To: Branko Cibej <branko.cibej@hermes.si>
Native configuration is hppa1.1-hp-hpux10.01
=== libio tests ===
Running target unix
=== libio Summary ===
# of expected passes 40
=== libstdc++ tests ===
Running target unix
=== libstdc++ Summary ===
# of expected passes 30
=== gcc tests ===
Running target unix
FAIL: gcc.c-torture/execute/980716-1.c execution, -O0
FAIL: gcc.c-torture/execute/strct-stdarg-1.c execution, -O0
FAIL: gcc.c-torture/execute/strct-stdarg-1.c execution, -O1
FAIL: gcc.c-torture/execute/strct-stdarg-1.c execution, -O2
FAIL: gcc.c-torture/execute/strct-stdarg-1.c execution, -O3 -fomit-frame-pointer
FAIL: gcc.c-torture/execute/strct-stdarg-1.c execution, -O3 -fomit-frame-pointer -funroll-loops
FAIL: gcc.c-torture/execute/strct-stdarg-1.c execution, -O3 -fomit-frame-pointer -funroll-all-loops -finline-functions
FAIL: gcc.c-torture/execute/strct-stdarg-1.c execution, -O3 -g
FAIL: gcc.c-torture/execute/strct-stdarg-1.c execution, -Os
FAIL: gcc.c-torture/execute/ieee/fp-cmp-1.c execution, -O0
FAIL: gcc.c-torture/execute/ieee/mzero2.c execution, -O1
FAIL: gcc.c-torture/execute/ieee/mzero2.c execution, -O2
FAIL: gcc.c-torture/execute/ieee/mzero2.c execution, -O3 -fomit-frame-pointer
FAIL: gcc.c-torture/execute/ieee/mzero2.c execution, -O3 -g
FAIL: gcc.c-torture/execute/ieee/mzero2.c execution, -Os
FAIL: gcc.dg/990119-1.c execution test
FAIL: gcc.dg/cast-qual-1.c discarding `const' warning (test for bogus messages, line 11)
FAIL: gcc.dg/cast-qual-1.c discarding `const' warning (test for warnings, line 17)
FAIL: gcc.dg/compare1.c (test for excess errors)
FAIL: gcc.dg/special/alias-1.c (test for excess errors)
FAIL: gcc.dg/special/wkali-1.c (test for excess errors)
=== gcc Summary ===
# of expected passes 8097
# of unexpected failures 21
# of expected failures 31
# of unresolved testcases 3
# of unsupported tests 24
/home3/brane/egcs/build/egcs/gcc/xgcc version 2.95 19990714 (prerelease)
=== g++ tests ===
Running target unix
FAIL: g++.ext/attrib5.C (test for excess errors)
XPASS: g++.mike/eh33.C (test for excess errors)
XPASS: g++.mike/eh33.C Execution test
XPASS: g++.mike/eh50.C (test for excess errors)
XPASS: g++.mike/eh50.C Execution test
XPASS: g++.pt/instantiate6.C (test for excess errors)
FAIL: g++.pt/static6.C (test for excess errors)
=== g++ Summary ===
# of expected passes 5166
# of unexpected failures 2
# of unexpected successes 5
# of expected failures 82
# of untested testcases 11
/home3/brane/egcs/build/egcs/gcc/testsuite/../xgcc version 2.95 19990714 (prerelease)
=== g77 tests ===
Running target unix
=== g77 Summary ===
# of expected passes 602
=== objc tests ===
Running target unix
=== objc Summary ===
# of expected passes 38
/home3/brane/egcs/build/egcs/gcc/xgcc version 2.95 19990714 (prerelease)
Compiler version: 2.95 19990714 (prerelease)
Platform: hppa1.1-hp-hpux10.01
configure flags: --with-gcc-version-trigger=/home3/brane/egcs/src/egcs/gcc/version.c --host=hppa1.1-hp-hpux10.01 --prefix=/home3/brane/egcs/inst --with-gnu-as --norecursion
=== Notes ===
The following patch was applied to gcc/fix-header.c to avoid
spurious warnings on rs6000-ibm-aix4.1.4.0:
Index: fix-header.c
===================================================================
RCS file: /egcs/carton/cvsfiles/egcs/gcc/fix-header.c,v
retrieving revision 1.27
diff -c -3 -p -r1.27 fix-header.c
*** fix-header.c 1999/04/21 11:58:10 1.27
--- fix-header.c 1999/07/15 07:10:21
*************** main (argc, argv)
*** 1127,1133 ****
special_file_handling = stdio_h;
include_entry = std_include_table;
while (include_entry->name != NULL
! && (include_entry->name == CONTINUED
|| strcmp (inc_filename, include_entry->name) != 0))
include_entry++;
--- 1127,1133 ----
special_file_handling = stdio_h;
include_entry = std_include_table;
while (include_entry->name != NULL
! && (strcmp (include_entry->name, CONTINUED) == 0
|| strcmp (inc_filename, include_entry->name) != 0))
include_entry++;
*************** main (argc, argv)
*** 1140,1146 ****
if (entry->flags)
add_symbols (entry->flags, entry->names);
entry++;
! if (entry->name != CONTINUED)
break;
}
}
--- 1140,1147 ----
if (entry->flags)
add_symbols (entry->flags, entry->names);
entry++;
! if (entry->name != NULL
! && strcmp (entry->name, CONTINUED) != 0)
break;
}
}