This is the mail archive of the
egcs-testresults@egcs.cygnus.com
mailing list for the EGCS project.
Results for haifa-enabled 2.95 19990714 (prerelease) testsuite on i486-debian-linux-gnu
- To: egcs-testresults@egcs.cygnus.com, gcc@packages.debian.org
- Subject: Results for haifa-enabled 2.95 19990714 (prerelease) testsuite on i486-debian-linux-gnu
- From: Matthias Klose <doko@smile.cs.tu-berlin.de>
- Date: Wed, 14 Jul 1999 20:11:55 +0200
Native configuration is i486-debian-linux-gnu
=== libio tests ===
Running target unix
=== libio Summary ===
# of expected passes 40
=== libstdc++ tests ===
Running target unix
=== libstdc++ Summary ===
# of expected passes 30
=== libg++ tests ===
Running target unix
=== libg++ Summary ===
# of expected passes 72
=== gcc tests ===
Running target unix
FAIL: gcc.c-torture/execute/loop-2b.c execution, -O2
FAIL: gcc.c-torture/execute/loop-2b.c execution, -O3 -fomit-frame-pointer
FAIL: gcc.c-torture/execute/loop-2b.c execution, -O3 -fomit-frame-pointer -funroll-loops
FAIL: gcc.c-torture/execute/loop-2b.c execution, -O3 -fomit-frame-pointer -funroll-all-loops -finline-functions
FAIL: gcc.c-torture/execute/loop-2b.c execution, -O3 -g
FAIL: gcc.dg/990119-1.c execution test
FAIL: gcc.dg/cast-qual-1.c discarding `const' warning (test for bogus messages, line 11)
FAIL: gcc.dg/cast-qual-1.c discarding `const' warning (test for warnings, line 17)
FAIL: gcc.dg/compare1.c (test for excess errors)
FAIL: gcc.dg/special/weak-1.c execution test
=== gcc Summary ===
# of expected passes 8134
# of unexpected failures 10
# of expected failures 38
# of unsupported tests 13
/export/swt-dev/users/doko/egcs/gcc-snapshot-19990714/builddir/gcc/xgcc version 2.95 19990714 (prerelease)
=== g++ tests ===
Running target unix
FAIL: g++.dg/special/conpr-1.C execution test
FAIL: g++.dg/special/conpr-2.C execution test
FAIL: g++.dg/special/conpr-3.C execution test
FAIL: g++.dg/special/conpr-3.C execution test
=== g++ Summary ===
# of expected passes 5176
# of unexpected failures 4
# of expected failures 81
# of untested testcases 7
/export/swt-dev/users/doko/egcs/gcc-snapshot-19990714/builddir/gcc/testsuite/../xgcc version 2.95 19990714 (prerelease)
=== g77 tests ===
Running target unix
=== g77 Summary ===
# of expected passes 602
=== objc tests ===
Running target unix
=== objc Summary ===
# of expected passes 38
/export/swt-dev/users/doko/egcs/gcc-snapshot-19990714/builddir/gcc/xgcc version 2.95 19990714 (prerelease)
Compiler version: haifa-enabled 2.95 19990714 (prerelease)
Platform: i486-debian-linux-gnu
configure flags: --with-gcc-version-trigger=/home/swt/doko/export/egcs/gcc-snapshot-19990714/gcc/version.c --host=i486-debian-linux-gnu -v --prefix=/usr/lib/gcc-ss --infodir=/usr/lib/gcc-ss/share/info --mandir=/usr/lib/gcc-ss/share/man --enable-shared --with-fast-fixincludes --enable-java-gc=boehm --enable-haifa --enable-threads --norecursion
BOOT_CFLAGS=-g -O2
Built from Debian source package gcc-snapshot-2.95-0pre6
Integrated packages in this version:
../gpc-19990607.tar.gz unpacked.
../libg++-2.8.1.3.tar.gz unpacked.
Patches applied in this version:
reporting:
<compiler> --help gives hint to /usr/doc/debian/bug-reporting.txt
libobjc:
Find header file for Boehm garbage collector.
objc-testsuite:
Run objc tests with -lpthread.
builtin-apply-1.2:
On Sparc, message forwarding in the GNUstep framework
(gstep-base) relies on this patch. I didn't experience any side
effects of this "workaround" on a sparc Solaris platform. However
this workaround affects the all compilers of the egcs package.
bootstrap:
Make bootstrap: restartable at any point
From: Donn Terry <donn@interix.com>