This is the mail archive of the
egcs-testresults@egcs.cygnus.com
mailing list for the EGCS project.
Results for 2.95 19990712 (prerelease) testsuite on alpha-dec-osf4.0e
- To: egcs-testresults@egcs.cygnus.com
- Subject: Results for 2.95 19990712 (prerelease) testsuite on alpha-dec-osf4.0e
- From: Rodney Brown <rdb@localhost>
- Date: Wed, 14 Jul 1999 08:50:23 +1000 (EST)
- Reply-To: RDBrown@mira.net, RodneyBrown@pmsc.com
Native configuration is alpha-dec-osf4.0e
=== libio tests ===
Running target unix
=== libio Summary ===
# of expected passes 40
=== libstdc++ tests ===
Running target unix
=== libstdc++ Summary ===
# of expected passes 30
=== gcc tests ===
Running target unix
FAIL: gcc.c-torture/execute/complex-5.c execution, -O0
FAIL: gcc.c-torture/execute/complex-5.c execution, -O1
FAIL: gcc.c-torture/execute/complex-5.c execution, -O2
FAIL: gcc.c-torture/execute/complex-5.c execution, -O3 -fomit-frame-pointer
FAIL: gcc.c-torture/execute/complex-5.c execution, -O3 -g
FAIL: gcc.c-torture/execute/complex-5.c execution, -Os
FAIL: gcc.c-torture/execute/ieee/mzero2.c execution, -O0
FAIL: gcc.c-torture/execute/ieee/mzero2.c execution, -O1
FAIL: gcc.c-torture/execute/ieee/mzero2.c execution, -O2
FAIL: gcc.c-torture/execute/ieee/mzero2.c execution, -O3 -fomit-frame-pointer
FAIL: gcc.c-torture/execute/ieee/mzero2.c execution, -O3 -g
FAIL: gcc.c-torture/execute/ieee/mzero2.c execution, -Os
XPASS: gcc.c-torture/execute/memcheck/blkarg.c execution, -O0
XPASS: gcc.c-torture/execute/memcheck/blkarg.c execution, -O1
XPASS: gcc.c-torture/execute/memcheck/blkarg.c execution, -O2
XPASS: gcc.c-torture/execute/memcheck/blkarg.c execution, -Os
FAIL: gcc.dg/990119-1.c execution test
FAIL: gcc.dg/cast-qual-1.c discarding `const' warning (test for bogus messages, line 11)
FAIL: gcc.dg/cast-qual-1.c discarding `const' warning (test for warnings, line 17)
FAIL: gcc.dg/compare1.c (test for excess errors)
=== gcc Summary ===
# of expected passes 8100
# of unexpected failures 16
# of unexpected successes 4
# of expected failures 27
# of unsupported tests 24
/user/rand/rdb/src/egcs-19990712.obj/gcc/xgcc version 2.95 19990712 (prerelease)
=== g++ tests ===
Running target unix
FAIL: g++.ext/attrib5.C (test for excess errors)
FAIL: g++.jason/thunk2.C (test for excess errors)
FAIL: g++.other/null1.C (test for excess errors)
XPASS: g++.pt/instantiate6.C (test for excess errors)
FAIL: g++.pt/static3.C (test for excess errors)
FAIL: g++.pt/static6.C (test for excess errors)
=== g++ Summary ===
# of expected passes 5168
# of unexpected failures 5
# of unexpected successes 1
# of expected failures 81
# of untested testcases 11
/user/rand/rdb/src/egcs-19990712.obj/gcc/testsuite/../xgcc version 2.95 19990712 (prerelease)
=== g77 tests ===
Running target unix
=== g77 Summary ===
# of expected passes 602
=== objc tests ===
Running target unix
FAIL: objc/execute/bf-10.m execution, -O
FAIL: objc/execute/bf-16.m execution, -O
FAIL: objc/execute/bf-17.m execution, -O
=== objc Summary ===
# of expected passes 35
# of unexpected failures 3
/user/rand/rdb/src/egcs-19990712.obj/gcc/xgcc version 2.95 19990712 (prerelease)
Compiler version: 2.95 19990712 (prerelease)
Platform: alpha-dec-osf4.0e
configure flags: --with-gcc-version-trigger=/user/rand/rdb/src/egcs-19990712/gcc/version.c --host=alpha-dec-osf4.0e --norecursion
Counting all warnings,
there are 4 warnings in stage3 of this bootstrap.
Number of warnings per file:
2 cxxmain.c
1 ../../egcs-19990712/gcc/mips-tdump.c
1 ../../../egcs-19990712/gcc/f/com.c
Number of warning types:
2 assignment discards qualifiers from pointer target type
1 unused parameter `???'
1 static declaration for `???' follows non-static