This is the mail archive of the
egcs-testresults@egcs.cygnus.com
mailing list for the EGCS project.
Results for 2.95 19990712 on i586-pc-cygwin32
- To: egcs-testresults@egcs.cygnus.com (IPM Return requested) (Receipt notification requested)
- Subject: Results for 2.95 19990712 on i586-pc-cygwin32
- From: Tim C Prince <Prince_Tim_C@solarturbines.com>
- Date: 13 Jul 1999 11:25:00 Z
- Alternate-Recipient: Allowed
- Conversion: Allowed
- Disclose-Recipients: Prohibited
- Expiry-Date: 12 Aug 1999 00:00:00 Z
- Original-Encoded-Information-Types: IA5-Text, (2)(6)(1)(12)(0), (2)(16)(840)(1)(113694)(2)(2)(1)(1)
- X400-Content-Type: P2-1988 ( 22 )
- X400-MTS-Identifier: [/c=US/admd= /prmd=Cat/; 378B84CC.6E8C.7ACE.000]
- X400-Originator: Prince_Tim_C@solarturbines.com
- X400-Recipients: non-disclosure;
Native configuration is i586-pc-cygwin32
=== g++ tests ===
Running target unix
=== g++ Summary ===
# of expected passes 205
# of expected failures 2
# of untested testcases 1
/cygnus/CYGWIN~1/H-I586~1/bin/c++ version 2.95 19990712 (prerelease)
=== g77 tests ===
Running target unix
=== g77 Summary ===
# of expected passes 602
=== gcc tests ===
Running target unix
=== gcc Summary ===
# of expected passes 1927
# of expected failures 7
d:/gnu/egcs-19990418/cw/gcc/xgcc version 2.95 19990712 (prerelease)
=== objc tests ===
Running target unix
FAIL: objc/execute/bf-18.m compilation, -O
=== objc Summary ===
# of expected passes 36
# of unexpected failures 1
# of untested testcases 1
d:/gnu/egcs-19990418/cw/gcc/xgcc version 2.95 19990712 (prerelease)
=== libstdc++ tests ===
Running target unix
=== libstdc++ Summary ===
# of expected passes 30
Compiler version: 2.95 19990712 (prerelease)
Platform: i586-pc-cygwin32
configure flags: --with-gcc-version-trigger=/gnu/egcs-19990418/gcc/version.c --prefix=//d/cygnus/cygwin-b20/H-i586-cygwin32 --host=i586-pc-cygwin32 --target=i586-pc-cygwin32 --norecursion
EOF
Mail -s "Results for 2.95 19990712 (prerelease) testsuite on i586-pc-cygwin32" egcs-testresults@egcs.cygnus.com &&