This is the mail archive of the
egcs-testresults@egcs.cygnus.com
mailing list for the EGCS project.
Results for gcc-2.96 19990707 (experimental) testsuite on i586-pc-linux-gnulibc1
- To: egcs-testresults@egcs.cygnus.com
- Subject: Results for gcc-2.96 19990707 (experimental) testsuite on i586-pc-linux-gnulibc1
- From: David Ronis <ronis@ronispc.chem.mcgill.ca>
- Date: Wed, 7 Jul 1999 21:25:12 -0400
Native configuration is i586-pc-linux-gnulibc1
=== libio tests ===
Running target unix
=== libio Summary ===
# of expected passes 40
=== libstdc++ tests ===
Running target unix
=== libstdc++ Summary ===
# of expected passes 30
=== gcc tests ===
Running target unix
FAIL: gcc.c-torture/execute/ieee/980619-1.c execution, -O1
FAIL: gcc.c-torture/execute/ieee/980619-1.c execution, -O2
FAIL: gcc.c-torture/execute/ieee/980619-1.c execution, -O3 -fomit-frame-pointer
FAIL: gcc.c-torture/execute/ieee/980619-1.c execution, -O3 -fomit-frame-pointer -funroll-loops
FAIL: gcc.c-torture/execute/ieee/980619-1.c execution, -O3 -fomit-frame-pointer -funroll-all-loops -finline-functions
FAIL: gcc.c-torture/execute/ieee/980619-1.c execution, -O3 -g
FAIL: gcc.c-torture/execute/ieee/980619-1.c execution, -Os
FAIL: gcc.dg/990119-1.c execution test
FAIL: gcc.dg/cast-qual-1.c discarding `const' warning (test for bogus messages, line 11)
FAIL: gcc.dg/cast-qual-1.c discarding `const' warning (test for warnings, line 17)
FAIL: gcc.dg/compare1.c (test for excess errors)
FAIL: gcc.dg/special/weak-1.c execution test
=== gcc Summary ===
# of expected passes 8286
# of unexpected failures 12
# of expected failures 31
# of unsupported tests 14
/home/ronis/project/objdir/gcc/xgcc version gcc-2.96 19990707 (experimental)
=== g++ tests ===
Running target unix
FAIL: g++.dg/special/conpr-1.C execution test
FAIL: g++.dg/special/conpr-2.C execution test
FAIL: g++.dg/special/conpr-3.C execution test
FAIL: g++.dg/special/conpr-3.C execution test
FAIL: g++.ext/comint1.C (test for excess errors)
FAIL: g++.ext/initp1.C Execution test
FAIL: g++.law/profile1.C (test for excess errors)
FAIL: g++.law/weak.C (test for excess errors)
XPASS: g++.oliva/new1.C Execution test
FAIL: g++.oliva/template3.C caused compiler crash
FAIL: g++.robertl/eh990323-2.C Execution test
FAIL: g++.robertl/eh990323-3.C Execution test
FAIL: g++.robertl/eh990323-4.C Execution test
=== g++ Summary ===
# of expected passes 5272
# of unexpected failures 12
# of unexpected successes 1
# of expected failures 89
# of untested testcases 7
/home/ronis/project/objdir/gcc/testsuite/../xgcc version gcc-2.96 19990707 (experimental)
=== g77 tests ===
Running target unix
=== g77 Summary ===
# of expected passes 607
=== objc tests ===
Running target unix
=== objc Summary ===
# of expected passes 38
/home/ronis/project/objdir/gcc/xgcc version gcc-2.96 19990707 (experimental)
Compiler version: gcc-2.96 19990707 (experimental)
Platform: i586-pc-linux-gnulibc1
configure flags: --with-gcc-version-trigger=/home/ronis/project/egcs/gcc/version.c --host=i586-pc-linux-gnulibc1 --with-gnu-as --prefix=/usr --enable-shared --with-gnu-ld --norecursion
BOOT_CFLAGS=-O3 -march=pentium -funroll-loops -fomit-frame-pointer -fstrict-aliasing