This is the mail archive of the
egcs-testresults@egcs.cygnus.com
mailing list for the EGCS project.
Results for gcc-2.96 19990703 (experimental) testsuite on i586-redhat-linux-gnu
- To: egcs-testresults@egcs.cygnus.com
- Subject: Results for gcc-2.96 19990703 (experimental) testsuite on i586-redhat-linux-gnu
- From: Manfred Hollstein <mhollstein@cygnus.com>
- Date: Sat, 3 Jul 1999 15:39:13 +0200 (MEST)
- Reply-To: Manfred Hollstein <mhollstein@cygnus.com>, Manfred Hollstein <manfred.h@gmx.net>
Compiler version: gcc-2.96 19990703 (experimental)
Platform: i586-redhat-linux-gnu
Sources: - egcs from CVS last updated at 1999/07/03 10:23:27 +0200
- libg++-2.8.1.3
Patches: [1] `POTFILES.in: Track files recently added/deleted.'
from <mhollstein@cygnus.com>
[2] `Some more K&R vs ANSI-C'
from <mhollstein@cygnus.com>
[3] `PATCH for a rather bad cpplib related bug'
from <mhollstein@cygnus.com>
Environment: - autoconf-19990627 via anonymous CVS
- automake-1.4
- gas/binutils snapshot as of 1999/04/26
- dejagnu-19981026
+ look_for_dir_with_trigger patch
- gperf-2.7
+ gperf-2.7-19981006.pat
- RedHat Linux 5.2
+ recommended updates as of today
- Kernel 2.2.10 (compiled by
"gcc version egcs-2.91.66 19990314 (egcs-1.1.2 release)")
- glibc-2.0.7-29
- glibc-devel-2.0.7-29
Remarks: None.
configure flags: --with-gcc-version-trigger=/home/gnu/work/GNU/egcs-19990703/gcc/version.c --host=i586-redhat-linux-gnu --srcdir=../egcs-19990703 --prefix=/tools/gnu --with-gnu-as --with-gnu-ld --enable-shared --enable-version-specific-runtime-libs --enable-c-cpplib --with-local-prefix=/tools/gnu --enable-nls --verbose --norecursion
BOOT_CC: gcc version gcc-2.95 19990702 (prerelease)
BOOT_CFLAGS: -O9 -funroll-all-loops -mcpu=pentium -fomit-frame-pointer
CFLAGS: -O9 -mcpu=pentium -fomit-frame-pointer
CXXFLAGS: -O9 -mcpu=pentium -g
Native configuration is i586-redhat-linux-gnu
=== libio tests ===
Running target unix
=== libio Summary ===
# of expected passes 40
=== libstdc++ tests ===
Running target unix
=== libstdc++ Summary ===
# of expected passes 30
=== libg++ tests ===
Running target unix
=== libg++ Summary ===
# of expected passes 72
=== gcc tests ===
Running target unix
FAIL: gcc.c-torture/execute/980709-1.c compilation, -O1
FAIL: gcc.c-torture/execute/980709-1.c compilation, -O2
FAIL: gcc.c-torture/execute/980709-1.c compilation, -O3 -fomit-frame-pointer
FAIL: gcc.c-torture/execute/980709-1.c compilation, -O3 -g
FAIL: gcc.c-torture/execute/980709-1.c compilation, -Os
FAIL: gcc.dg/cast-qual-1.c discarding \`const' warning (test for bogus messages, line 11)
FAIL: gcc.dg/cast-qual-1.c discarding \`const' warning (test for warnings, line 17)
FAIL: gcc.dg/compare1.c (test for excess errors)
=== gcc Summary ===
# of expected passes 8278
# of unexpected failures 8
# of expected failures 38
# of unresolved testcases 5
# of unsupported tests 13
/opt/home/gnu/work/GNU/egcs-19990703-i586-redhat-linux-gnu/gcc/xgcc version gcc-2.96 19990703 (experimental)
=== g++ tests ===
Running target unix
XPASS: g++.oliva/new1.C Execution test
FAIL: g++.robertl/eh990323-2.C Execution test
FAIL: g++.robertl/eh990323-3.C Execution test
FAIL: g++.robertl/eh990323-4.C Execution test
=== g++ Summary ===
# of expected passes 5276
# of unexpected failures 3
# of unexpected successes 1
# of expected failures 85
# of untested testcases 7
/opt/home/gnu/work/GNU/egcs-19990703-i586-redhat-linux-gnu/gcc/testsuite/../xgcc version gcc-2.96 19990703 (experimental)
=== g77 tests ===
Running target unix
=== g77 Summary ===
# of expected passes 607
=== objc tests ===
Running target unix
=== objc Summary ===
# of expected passes 38
/opt/home/gnu/work/GNU/egcs-19990703-i586-redhat-linux-gnu/gcc/xgcc version gcc-2.96 19990703 (experimental)
Counting all warnings,
there are 188 warnings in stage3 of this bootstrap.
Number of warnings per file:
12 ../../../egcs-19990703/gcc/java/lex.c
10 ../../egcs-19990703/gcc/toplev.c
10 ../../egcs-19990703/gcc/integrate.c
9 ../../egcs-19990703/gcc/reload1.c
9 ../../egcs-19990703/gcc/cse.c
8 ../../egcs-19990703/gcc/final.c
7 ./parse.y
7 ../../egcs-19990703/gcc/reload.c
7 ../../egcs-19990703/gcc/combine.c
6 cxxmain.c
6 ../../egcs-19990703/gcc/varasm.c
6 ../../egcs-19990703/gcc/unroll.c
6 ../../egcs-19990703/gcc/reg-stack.c
6 ../../egcs-19990703/gcc/objc/objc-act.c
6 ../../egcs-19990703/gcc/loop.c
4 cc1plus
4 ../../egcs-19990703/gcc/tlink.c
4 ../../egcs-19990703/gcc/regclass.c
4 ../../../../egcs-19990703/libg++/src/Fix16.cc
4 ../../../../egcs-19990703/libg++/src/AllocRing.cc
3 insn-emit.c
3 ../../egcs-19990703/gcc/sched.c
3 ../../egcs-19990703/gcc/regmove.c
3 ../../egcs-19990703/gcc/genopinit.c
3 ../../../egcs-19990703/gcc/java/verify.c
2 insn-recog.c
2 insn-output.c
2 ../../egcs-19990703/gcc/protoize.c
2 ../../egcs-19990703/gcc/local-alloc.c
2 ../../egcs-19990703/gcc/fold-const.c
2 ../../egcs-19990703/gcc/expr.c
2 ../../egcs-19990703/gcc/dbxout.c
2 ../../egcs-19990703/gcc/collect2.c
2 ../../../egcs-19990703/libiberty/testsuite/../cplus-dem.c
2 ../../../egcs-19990703/gcc/java/expr.c
1 splay-tree.c
1 ../../egcs-19990703/gcc/tree.c
1 ../../egcs-19990703/gcc/stupid.c
1 ../../egcs-19990703/gcc/stmt.c
1 ../../egcs-19990703/gcc/rtl.c
1 ../../egcs-19990703/gcc/recog.c
1 ../../egcs-19990703/gcc/print-rtl.c
1 ../../egcs-19990703/gcc/hash.c
1 ../../egcs-19990703/gcc/genattrtab.c
1 ../../egcs-19990703/gcc/f/g77spec.c
1 ../../egcs-19990703/gcc/crtstuff.c
1 ../../egcs-19990703/gcc/cppspec.c
1 ../../egcs-19990703/gcc/config/i386/i386.c
1 ../../../egcs-19990703/gcc/java/jcf-write.c
1 ../../../egcs-19990703/gcc/java/jcf-dump.c
1 ../../../egcs-19990703/gcc/java/class.c
1 ../../../egcs-19990703/gcc/f/com.c
1 ../../../egcs-19990703/gcc/cp/class.c
Number of warning types:
63 `???' might be used uninitialized in this function
37 unused parameter `???'
23 comparison between signed and unsigned
14 variable `???' might be clobbered by `longjmp' or `vfork'
14 implicit declaration of function `???'
9 initialization from incompatible pointer type
4 unused variable `???'
4 integer overflow in expression
4 control reaches end of non-void function
4 assignment discards qualifiers from pointer target type
4 `???' is not a pointer-to-object type
2 zero-length format string
2 Please see the documentation for details.
2 -fthis-is-variable is deprecated.
1 passing arg ??? of `???' from incompatible pointer type
1 `???' defined but not used